-- Table structure for table `th_employer_reg_enquiry`
--

CREATE TABLE IF NOT EXISTS `th_employer_reg_enquiry` (
  `id` int(11) NOT NULL AUTO_INCREMENT,
  `enquiry_cname` varchar(100) NOT NULL,
  `enquiry_name` varchar(50) NOT NULL,
  `enquiry_email` varchar(50) NOT NULL,
  `enquiry_contact` varchar(30) NOT NULL,
  `enqiry_details` text NOT NULL,
  `enquiry_ip` varchar(30) NOT NULL,
  `enquiry_date` timestamp NOT NULL DEFAULT CURRENT_TIMESTAMP,
  PRIMARY KEY (`id`)
) ENGINE=InnoDB  DEFAULT CHARSET=latin1 AUTO_INCREMENT=2 ;

--
-- Dumping data for table `th_employer_reg_enquiry`
--

INSERT INTO `th_employer_reg_enquiry` (`id`, `enquiry_cname`, `enquiry_name`, `enquiry_email`, `enquiry_contact`, `enqiry_details`, `enquiry_ip`, `enquiry_date`) VALUES
(1, 'United States Steel Corp.', 'sdfsdf', 'sdfsdf', 'sdfsdf', 'sdfsdf', '127.0.0.1', '2014-08-11 06:24:01');

-- --------------------------------------------------------

--
-- Table structure for table `th_employer_subscription`
--

CREATE TABLE IF NOT EXISTS `th_employer_subscription` (
  `sub_id` int(11) NOT NULL AUTO_INCREMENT,
  `emp_id` int(11) NOT NULL,
  `plan_id` int(11) NOT NULL,
  `title` varchar(100) DEFAULT NULL,
  `allowed_clients` int(11) NOT NULL,
  `storage_space` int(11) NOT NULL COMMENT 'in MB',
  `price` float NOT NULL COMMENT 'in $',
  `start_date` date DEFAULT NULL,
  `end_date` date DEFAULT NULL,
  `purchase_date` timestamp NOT NULL DEFAULT CURRENT_TIMESTAMP,
  `payment_status` varchar(20) DEFAULT 'unpaid',
  `sub_duration` varchar(100) DEFAULT NULL,
  `plan_status` tinyint(4) NOT NULL DEFAULT '0' COMMENT '0=Inactive Plan, 1=Active Plan',
  `action` varchar(20) DEFAULT NULL COMMENT 'S=Starter, R=Renew, U=upgrade, D=Downgrade',
  PRIMARY KEY (`sub_id`)
) ENGINE=InnoDB  DEFAULT CHARSET=latin1 AUTO_INCREMENT=36 ;

--
-- Dumping data for table `th_employer_subscription`
--

INSERT INTO `th_employer_subscription` (`sub_id`, `emp_id`, `plan_id`, `title`, `allowed_clients`, `storage_space`, `price`, `start_date`, `end_date`, `purchase_date`, `payment_status`, `sub_duration`, `plan_status`, `action`) VALUES
(10, 41, 3, 'Standard', 10, 400, 50, '2013-11-09', '2013-12-09', '2013-11-09 05:07:22', 'paid', '1', 0, 'U'),
(12, 41, 9, 'Test', 15, 20, 10, '2013-11-12', '2013-12-12', '2013-11-12 13:26:59', 'paid', '1', 0, 'U'),
(14, 60, 1, 'Beginner', 2, 100, 20, '2013-11-14', '2013-12-14', '2013-11-14 12:45:01', 'paid', '1', 1, 'S'),
(15, 60, 2, 'Basic', 5, 250, 40, '2013-11-14', '2013-12-14', '2013-11-14 13:09:03', 'unpaid', '1', 0, 'U'),
(16, 41, 3, 'Standard', 10, 400, 50, '2013-11-15', '2014-12-15', '2013-11-15 11:20:01', 'paid', '1', 1, 'D'),
(17, 92, 1, 'Beginner', 2, 100, 20, '2013-12-06', '2014-01-06', '2013-12-06 10:40:07', 'paid', '1', 1, 'S'),
(18, 72, 1, 'Beginner', 2, 100, 20, '2013-12-10', '2014-01-10', '2013-12-10 05:56:35', 'paid', '1', 1, 'S'),
(19, 72, 1, 'Beginner', 2, 100, 20, '2013-12-10', '2014-01-10', '2013-12-10 05:57:46', 'unpaid', '1', 0, 'R'),
(20, 41, 3, 'Standard', 10, 400, 50, '2013-12-21', '2014-01-21', '2013-12-21 10:59:54', 'unpaid', '1', 0, 'R'),
(21, 94, 1, 'Beginner', 2, 100, 20, '2013-12-26', '2014-01-26', '2013-12-26 11:09:16', 'paid', '1', 1, 'S'),
(22, 0, 1, 'Beginner', 2, 100, 20, '2013-12-28', '2014-01-28', '2013-12-28 14:40:05', 'paid', '1', 1, 'S'),
(23, 93, 1, 'Beginner', 2, 100, 20, '2013-12-30', '2014-01-28', '2013-12-30 14:04:58', 'paid', '1', 1, 'S'),
(24, 1, 1, 'Beginner', 2, 100, 20, '2014-01-08', '2014-02-08', '2014-01-08 04:31:01', 'paid', '1', 1, 'S'),
(25, 32, 1, 'Beginner', 2, 100, 20, '2014-02-11', '2014-03-11', '2014-02-11 06:36:52', 'paid', '1', 1, 'S'),
(26, 71, 1, 'Beginner', 2, 100, 20, '2014-05-02', '2014-06-02', '2014-05-02 09:09:23', 'paid', '1', 1, 'S'),
(27, 96, 1, 'Beginner', 2, 100, 20, '2014-05-24', '2014-06-24', '2014-05-24 12:45:37', 'paid', '1', 1, 'S'),
(28, 97, 1, 'Beginner', 2, 100, 20, '2014-05-26', '2014-06-26', '2014-05-26 04:38:52', 'paid', '1', 1, 'S'),
(29, 98, 1, 'Beginner', 2, 100, 20, '2014-05-28', '2014-06-28', '2014-05-28 06:42:43', 'paid', '1', 1, 'S'),
(30, 32, 5, 'Enterprise', 50, 1000, 120, '2014-06-01', '2014-06-10', '2014-06-05 04:52:21', 'paid', '1', 1, 'U'),
(31, 32, 3, 'Standard', 30, 400, 50, '2014-06-07', '2014-07-07', '2014-06-07 04:45:25', 'unpaid', '1', 0, 'U'),
(32, 102, 5, 'Enterprise', 50, 1000, 120, '2014-07-04', '2014-08-04', '2014-07-04 04:34:54', 'paid', '1', 1, 'S'),
(33, 103, 5, 'Enterprise', 50, 1000, 120, '2014-08-11', '2014-09-11', '2014-08-11 13:15:40', 'paid', '1', 1, 'S'),
(34, 104, 5, 'Enterprise', 50, 1000, 120, '2014-08-11', '2014-09-11', '2014-08-11 13:15:40', 'paid', '1', 1, 'S'),
(35, 109, 5, 'Enterprise', 50, 1000, 120, '2014-08-14', '2014-09-14', '2014-08-14 06:14:01', 'paid', '1', 1, 'S');

-- --------------------------------------------------------

--
-- Table structure for table `th_employer_subs_data`
--

CREATE TABLE IF NOT EXISTS `th_employer_subs_data` (
  `id` int(11) NOT NULL AUTO_INCREMENT,
  `user_id_fkx` int(11) DEFAULT NULL,
  `total_connects` int(11) NOT NULL,
  `used_connects` int(11) NOT NULL,
  `total_memory` double NOT NULL,
  `used_memory` double NOT NULL,
  `paypal_id` varchar(100) NOT NULL,
  `paypal_status` tinyint(2) NOT NULL DEFAULT '0',
  PRIMARY KEY (`id`)
) ENGINE=InnoDB  DEFAULT CHARSET=latin1 AUTO_INCREMENT=5 ;

--
-- Dumping data for table `th_employer_subs_data`
--

INSERT INTO `th_employer_subs_data` (`id`, `user_id_fkx`, `total_connects`, `used_connects`, `total_memory`, `used_memory`, `paypal_id`, `paypal_status`) VALUES
(1, 32, 25, 23, 100000, 477, 'sheetalkumar105@gmail.com', 1),
(2, 103, 50, 0, 1024000, 0, '', 0),
(3, 104, 50, 0, 1024000, 0, '', 0),
(4, 109, 50, 0, 1024000, 0, '', 0);

-- --------------------------------------------------------

--
-- Table structure for table `th_employer_task`
--

CREATE TABLE IF NOT EXISTS `th_employer_task` (
  `task_id` int(11) NOT NULL AUTO_INCREMENT,
  `task_met_id` int(11) NOT NULL,
  `task_title` varchar(200) NOT NULL,
  `task_desc` text NOT NULL,
  `task_target` text NOT NULL,
  `task_unit` varchar(50) NOT NULL,
  `sch_type` varchar(4) NOT NULL DEFAULT 'F' COMMENT 'F-> Frequency, C-> Custom',
  `task_frequency` varchar(50) NOT NULL,
  `task_start_date` date NOT NULL,
  `task_complete_date` date NOT NULL,
  `task_complete_time` time NOT NULL,
  `task_rem_status` varchar(2) NOT NULL,
  `task_rem_time` time NOT NULL,
  `task_rem_before` varchar(3) NOT NULL,
  `task_share` text NOT NULL,
  `task_assigned` text NOT NULL,
  `task_status` varchar(10) NOT NULL,
  `task_astatus` varchar(10) NOT NULL,
  `task_pstatus` varchar(10) NOT NULL,
  `task_pdate` date NOT NULL,
  `task_created` timestamp NOT NULL DEFAULT CURRENT_TIMESTAMP,
  PRIMARY KEY (`task_id`)
) ENGINE=InnoDB  DEFAULT CHARSET=latin1 AUTO_INCREMENT=25 ;

--
-- Dumping data for table `th_employer_task`
--

INSERT INTO `th_employer_task` (`task_id`, `task_met_id`, `task_title`, `task_desc`, `task_target`, `task_unit`, `sch_type`, `task_frequency`, `task_start_date`, `task_complete_date`, `task_complete_time`, `task_rem_status`, `task_rem_time`, `task_rem_before`, `task_share`, `task_assigned`, `task_status`, `task_astatus`, `task_pstatus`, `task_pdate`, `task_created`) VALUES
(1, 3, 'Task 1', '225abebc09cc9b7b5c68cadf02a88e69', '23', 'Injection', 'F', 'weekly', '0000-00-00', '2014-06-27', '07:45:00', '1', '00:00:00', '1', '', '', 'Active', 'Yes', 'Yes', '2014-06-28', '2014-06-03 13:24:08'),
(2, 3, 'Distribute Cough Syrup', 'Lorem ipsum dolor sit amet, consectetur adipisicing elit, sed do eiusmod tempor incididunt ut labore et dolore magna aliqua. Ut enim ad minim veniam, quis nostrud exercitation ullamco laboris nisi ut aliquip ex ea commodo consequat. Duis aute irure dolor in reprehenderit in voluptate velit esse cillum dolore eu fugiat nulla pariatur. Excepteur sint occaecat cupidatat non proident, sunt in culpa qui officia deserunt mollit anim id est laborum.', '10', 'Syrup', 'F', 'bidaily', '0000-00-00', '2014-08-21', '10:00:00', '1', '00:30:00', '2', '', '', 'Active', 'Yes', 'No', '2014-06-28', '2014-06-07 10:38:37'),
(3, 3, 'Health Insurance of all employees', 'Lorem ipsum dolor sit amet, consectetur adipisicing elit, sed do eiusmod tempor incididunt ut labore et dolore magna aliqua. Ut enim ad minim veniam, quis nostrud exercitation ullamco laboris nisi ut aliquip ex ea commodo consequat. Duis aute irure dolor in reprehenderit in voluptate velit esse cillum dolore eu fugiat nulla pariatur. Excepteur sint occaecat cupidatat non proident, sunt in culpa qui officia deserunt mollit anim id est laborum.', '50', 'Employee', 'F', 'weekly', '0000-00-00', '2014-08-31', '16:30:00', '1', '00:00:00', '4', '', '', 'Active', 'Yes', 'Yes', '2014-06-28', '2014-06-07 10:47:27'),
(4, 7, 'Meeting with 3 Diabetes Expert', 'Lorem ipsum dolor sit amet, consectetur adipiscing elit. Curabitur bibendum ornare dolor, quis ullamcorper ligula sodales at. Nulla tellus elit, varius non commodo eget, mattis vel eros. In sed ornare nulla.', '3', 'Diabetes Expert', 'F', 'weekly', '0000-00-00', '2014-11-20', '12:30:00', '', '00:00:00', '1', '1,2', '', 'Active', 'Yes', 'No', '2014-06-30', '2014-06-26 06:57:27'),
(5, 8, 'Run 5 miles daily', 'Setup Jogging Events For Employees', '5', 'miles', 'F', 'daily', '1970-01-01', '2014-08-22', '16:00:00', '', '00:00:00', '1', '1,2', '1,2', 'Active', 'Yes', 'Yes', '2014-07-22', '2014-07-22 11:04:51'),
(6, 9, 'Test Coaching', 'test', '10', 'Syrup', 'F', 'daily', '2014-08-14', '2014-08-27', '10:40:00', '1', '14:00:00', '1', '', '1,2', 'Active', 'No', 'Yes', '2014-08-14', '2014-07-25 05:11:00'),
(9, 3, 'Task2', 'Task2', '10', 'Test', 'F', 'weekdays', '0000-00-00', '2014-07-16', '17:52:00', '', '00:00:00', '1', '', '', 'Active', 'No', 'No', '0000-00-00', '2014-07-26 12:22:56'),
(10, 9, 'Demo Task', 'Demo Task', '20', 'Unit', 'F', 'daily', '0000-00-00', '2014-07-30', '18:49:00', '', '00:00:00', '1', '', '', 'Active', 'No', 'No', '0000-00-00', '2014-07-26 13:20:03'),
(11, 10, 'Task1', 'Test Task1', '', '', 'F', '', '2014-08-15', '2014-08-20', '00:00:00', '', '00:00:00', '', '1,2', '2', 'Active', 'No', 'Yes', '2014-08-15', '2014-08-14 08:59:54'),
(12, 6, 'new Lerem Ipsum Doller Sit Amit.', 'Lerem Ipsum Doller Sit Amit.', '', '', 'F', '', '2014-08-18', '2014-08-28', '05:30:00', '', '00:00:00', '', '', '2', 'Active', 'No', 'Yes', '2014-08-18', '2014-08-18 07:19:04'),
(13, 11, 'Test Task1', 'Task1 Task1', '', '', 'F', '', '2014-08-18', '2014-08-22', '00:00:00', '', '00:00:00', '', '1,2', '1,2', 'Active', 'No', 'Yes', '2014-08-18', '2014-08-18 07:50:46'),
(14, 13, 'BP Test Device Distribution', 'The standard chunk of Lorem Ipsum used since the 1500s is reproduced below for those interested. Sections 1.10.32 and 1.10.33 from "de Finibus Bonorum et Malorum" by Cicero are also reproduced in their exact original form, accompanied by English versions from the 1914 translation by H. Rackham', '', '', 'F', '', '2014-08-19', '2014-08-22', '00:00:00', '', '00:00:00', '', '1,2', '2', 'Active', 'No', 'Yes', '2014-08-19', '2014-08-19 05:07:52'),
(15, 19, 'Fast in ever y Thuesday', '?? ???? ??? ?? ????? ?????? ?? ?????? ??????? ??????? ?? ????? ????? ??? ???? ?? ?? ?? ???? ?? ??????? ???? ??? ??. Lorem Ipsum ?? ?? ?? ?? ?????? ????? ????? ????? ?????? ???? ??, ???? ???????? ???? ?? ?? ?? ??? ''???? ????, ??? ?? ??? ??'' ??????? ?? ??? ???? ???? ?? ?? ????? ???????? ??????? ?? ??? ?? ????. ?? ??? ????? ?? ??? ?? ???? ???? ?? ??? ?????? ?? ??? ??? ?? ????? ????? ?? ???? ??? ?? ??? ??? ??? ??? ?????? ????????? ?? ????? Lorem Ipsum ?? ??????? ???? ????????? ?? ????? ??, ????? ???? "Lorem Ipsum", ???? ?? ?? ??? ???? ???. ??? ?? ?????? ???, Lorem Ipsum ??? ?? ??? ??????? ?? ???????? ????. ???????? (????, ?????? ?? ??? ??? ???????) - ??? ?? ???? ?????????, ??? ??? ???? ?? ??? ??? ?? ??.', '', '', 'F', '', '2014-08-19', '2014-08-22', '00:00:00', '', '00:00:00', '', '1,2', '1,2', 'Active', 'No', 'Yes', '2014-08-19', '2014-08-19 08:55:13'),
(18, 24, 'Meeting with 3 Diabetes Expert', 'Lorem ipsum dolor sit amet, consectetur adipiscing elit. Curabitur bibendum ornare dolor, quis ullamcorper ligula sodales at. Nulla tellus elit, varius non commodo eget, mattis vel eros. In sed ornare nulla.', '', '', 'F', '', '2014-08-22', '2014-11-29', '00:00:00', '', '00:00:00', '', '', '1', 'Active', 'No', 'Yes', '2014-08-22', '2014-08-22 12:18:19'),
(19, 25, 'Run 5 miles daily', 'Setup Jogging Events For Employees', '', '', 'F', '', '0000-00-00', '0000-00-00', '00:00:00', '', '00:00:00', '', '', '', 'Active', 'No', 'No', '0000-00-00', '2014-08-22 12:18:19'),
(20, 26, 'Meeting with 3 Diabetes Expert', 'Lorem ipsum dolor sit amet, consectetur adipiscing elit. Curabitur bibendum ornare dolor, quis ullamcorper ligula sodales at. Nulla tellus elit, varius non commodo eget, mattis vel eros. In sed ornare nulla.', '', '', 'F', '', '0000-00-00', '0000-00-00', '00:00:00', '', '00:00:00', '', '', '', 'Active', 'No', 'No', '0000-00-00', '2014-08-23 05:50:23'),
(21, 27, 'Run 5 miles daily', 'Setup Jogging Events For Employees', '', '', 'F', '', '0000-00-00', '0000-00-00', '00:00:00', '', '00:00:00', '', '', '', 'Active', 'No', 'No', '0000-00-00', '2014-08-23 05:50:23'),
(22, 30, 'Health Task1', 'Task1', '', '', 'C', '', '2015-04-06', '2015-04-25', '00:00:00', '', '00:00:00', '', '1,2', '1,2', 'Active', 'No', 'Yes', '2015-04-06', '2015-04-08 11:10:12'),
(23, 32, 'Daily Running', 'Running', '', '', 'C', '', '2015-04-11', '2015-05-30', '00:00:00', '', '00:00:00', '', '1,2', '1,2', 'Active', 'No', 'Yes', '2015-04-11', '2015-04-06 07:21:35'),
(24, 34, 'Reduce Weight Task1', 'Reduce Weight', '', '', 'C', '', '2015-04-10', '2015-04-30', '00:00:00', '', '00:00:00', '', '1,2', '1,2', 'Active', 'No', 'Yes', '2015-04-10', '2015-04-06 12:38:00');

-- --------------------------------------------------------

--
-- Table structure for table `th_employer_task_approve`
--

CREATE TABLE IF NOT EXISTS `th_employer_task_approve` (
  `ap_id` int(11) NOT NULL AUTO_INCREMENT,
  `ap_user_id` int(11) NOT NULL,
  `ap_user_type` varchar(10) NOT NULL COMMENT 'WLT or WPM',
  `ap_task_id` int(11) NOT NULL,
  `ap_status` varchar(4) NOT NULL DEFAULT 'Yes',
  `ap_created` timestamp NOT NULL DEFAULT CURRENT_TIMESTAMP,
  PRIMARY KEY (`ap_id`),
  KEY `ap_task_id` (`ap_task_id`)
) ENGINE=InnoDB  DEFAULT CHARSET=latin1 AUTO_INCREMENT=20 ;

--
-- Dumping data for table `th_employer_task_approve`
--

INSERT INTO `th_employer_task_approve` (`ap_id`, `ap_user_id`, `ap_user_type`, `ap_task_id`, `ap_status`, `ap_created`) VALUES
(1, 2, 'WLT', 3, 'No', '2014-06-07 13:18:50'),
(2, 2, 'WLT', 2, 'No', '2014-06-09 11:54:42'),
(3, 1, 'WLT', 2, 'No', '2014-06-24 12:57:04'),
(5, 1, 'WLT', 4, 'No', '2014-06-28 07:34:54'),
(15, 98, 'WPM', 4, 'No', '2014-06-28 13:34:15'),
(16, 98, 'WPM', 2, 'Yes', '2014-06-30 06:05:07'),
(17, 1, 'WLT', 11, 'No', '2014-08-16 11:24:34'),
(18, 2, 'WLT', 14, 'Yes', '2014-08-19 07:02:44'),
(19, 1, 'WLT', 15, 'Yes', '2014-08-19 08:58:46');

-- --------------------------------------------------------

--
-- Table structure for table `th_employer_task_data`
--

CREATE TABLE IF NOT EXISTS `th_employer_task_data` (
  `td_id` int(11) NOT NULL AUTO_INCREMENT,
  `td_task_id` int(11) NOT NULL,
  `td_met_id` int(11) NOT NULL,
  `td_freq_date` date NOT NULL,
  `td_completed` varchar(4) NOT NULL COMMENT 'Yes or No',
  `td_completed_val` double NOT NULL DEFAULT '0',
  `td_user_type` varchar(10) NOT NULL COMMENT 'WPM or WLT',
  `td_user_id` int(11) NOT NULL,
  `td_rdate` timestamp NOT NULL DEFAULT CURRENT_TIMESTAMP,
  PRIMARY KEY (`td_id`)
) ENGINE=InnoDB  DEFAULT CHARSET=latin1 AUTO_INCREMENT=35 ;

--
-- Dumping data for table `th_employer_task_data`
--

INSERT INTO `th_employer_task_data` (`td_id`, `td_task_id`, `td_met_id`, `td_freq_date`, `td_completed`, `td_completed_val`, `td_user_type`, `td_user_id`, `td_rdate`) VALUES
(1, 1, 3, '2014-06-06', 'Yes', 3, 'WLT', 1, '2014-06-06 10:25:23'),
(3, 1, 3, '2014-06-07', 'Yes', 2, 'WLT', 1, '2014-06-07 10:28:32'),
(12, 4, 7, '2014-06-30', 'Yes', 3, 'WPM', 98, '2014-06-30 12:02:22'),
(13, 3, 3, '2014-06-28', 'Yes', 5, 'WLT', 1, '2014-06-30 12:47:11'),
(14, 0, 0, '2014-06-28', 'Yes', 11, 'WLT', 1, '2014-06-30 13:33:49'),
(15, 4, 7, '2014-07-01', 'Yes', 10, 'WPM', 98, '2014-07-01 04:59:02'),
(16, 4, 7, '2014-07-07', 'No', 0, 'WPM', 98, '2014-07-15 06:25:42'),
(17, 5, 8, '2014-07-22', 'No', 0, 'WPM', 98, '2014-07-25 11:35:40'),
(18, 5, 8, '0000-00-00', '', 0, 'WPM', 98, '2014-08-12 11:48:08'),
(19, 5, 8, '0000-00-00', '', 0, 'WPM', 98, '2014-08-12 11:49:56'),
(20, 5, 8, '0000-00-00', '', 0, 'WPM', 98, '2014-08-12 11:50:07'),
(21, 5, 8, '2014-07-24', 'No', 0, 'WPM', 98, '2014-08-12 11:50:09'),
(22, 5, 8, '2014-08-11', 'Yes', 0, 'WPM', 98, '2014-08-12 11:56:58'),
(23, 5, 8, '2014-07-26', 'No', 0, 'WPM', 98, '2014-08-12 11:57:12'),
(24, 5, 8, '2014-08-06', 'Yes', 0, 'WPM', 98, '2014-08-12 12:00:02'),
(25, 5, 8, '2014-08-05', 'No', 0, 'WPM', 98, '2014-08-14 07:49:06'),
(26, 5, 8, '2014-07-25', 'No', 0, 'WLT', 1, '2014-08-14 07:51:21'),
(27, 5, 8, '2014-07-23', 'No', 0, 'WPM', 98, '2014-08-14 07:51:29'),
(28, 6, 9, '2014-08-14', 'Yes', 0, 'WPM', 98, '2014-08-14 13:43:07'),
(29, 14, 13, '2014-08-19', 'No', 0, 'WLT', 2, '2014-08-19 07:09:27'),
(30, 15, 19, '2014-08-19', 'Yes', 0, 'WLT', 2, '2014-08-19 10:12:01'),
(31, 18, 24, '2014-08-23', 'No', 0, 'WLT', 1, '2014-08-25 04:51:58'),
(32, 18, 24, '2014-08-24', 'Yes', 0, 'WPM', 98, '2014-08-25 04:52:37'),
(33, 22, 30, '2015-04-07', 'Yes', 0, 'WLT', 1, '2015-04-08 07:10:14'),
(34, 24, 34, '2015-04-11', 'Yes', 0, 'WLT', 1, '2015-04-12 05:16:35');

-- --------------------------------------------------------

--
-- Table structure for table `th_employer_task_sugg`
--

CREATE TABLE IF NOT EXISTS `th_employer_task_sugg` (
  `ts_id` int(11) NOT NULL AUTO_INCREMENT,
  `ts_user_id` varchar(50) NOT NULL,
  `ts_user_type` varchar(20) NOT NULL,
  `ts_task_id` int(11) NOT NULL,
  `ts_comment` text NOT NULL,
  `ts_type` varchar(10) NOT NULL DEFAULT 'Comment',
  `ts_hidden` tinyint(4) NOT NULL DEFAULT '0',
  `ts_new` tinyint(4) NOT NULL DEFAULT '1',
  `ts_created` timestamp NOT NULL DEFAULT CURRENT_TIMESTAMP,
  PRIMARY KEY (`ts_id`),
  KEY `bc_post_id` (`ts_task_id`)
) ENGINE=InnoDB  DEFAULT CHARSET=latin1 AUTO_INCREMENT=92 ;

--
-- Dumping data for table `th_employer_task_sugg`
--

INSERT INTO `th_employer_task_sugg` (`ts_id`, `ts_user_id`, `ts_user_type`, `ts_task_id`, `ts_comment`, `ts_type`, `ts_hidden`, `ts_new`, `ts_created`) VALUES
(3, '98', 'WPM', 1, 'uiuiui', 'Sugg', 0, 1, '2014-06-06 04:40:31'),
(4, '98', 'WPM', 3, 'hy', 'Reply', 0, 1, '2014-06-06 06:14:15'),
(7, '98', 'WPM', 6, 'sdfsdf', 'Reply', 0, 1, '2014-06-06 09:02:51'),
(8, '98', 'WPM', 1, 'dasfasf\r\n', 'Sugg', 0, 1, '2014-06-06 10:24:48'),
(9, '98', 'WPM', 1, 'dsaf', 'Sugg', 0, 1, '2014-06-06 10:24:52'),
(10, '1', 'WLT', 3, 'hii\r\n', 'Sugg', 0, 1, '2014-06-09 09:02:28'),
(11, '1', 'WLT', 3, 'ok\r\n', 'Sugg', 0, 1, '2014-06-09 10:54:48'),
(12, '2', 'WLT', 3, 'Should be followed for lower grade also', 'Sugg', 0, 1, '2014-06-09 11:27:24'),
(13, '1', 'WLT', 2, 'ok\r\n', 'Sugg', 0, 1, '2014-06-09 11:33:23'),
(14, '2', 'WLT', 2, 'ok for me', 'Sugg', 0, 1, '2014-06-09 11:48:13'),
(15, '1', 'WLT', 10, 'Yes Nelson', 'Reply', 0, 1, '2014-06-27 07:25:47'),
(16, '1', 'WLT', 12, 'Siman Kaise ho', 'Reply', 0, 1, '2014-06-27 07:25:59'),
(17, '2', 'WLT', 0, 'ok', 'Sugg', 0, 1, '2014-06-27 08:18:01'),
(18, '2', 'WLT', 0, 'yes', 'Sugg', 0, 1, '2014-06-27 08:28:08'),
(19, '2', 'WLT', 0, 'hggfh', 'Sugg', 0, 1, '2014-06-27 08:28:38'),
(20, '2', 'WLT', 0, 'dfg', 'Sugg', 0, 1, '2014-06-27 08:30:53'),
(21, '2', 'WLT', 0, 'test', 'Sugg', 0, 1, '2014-06-27 10:04:37'),
(23, '1', 'WLT', 22, 'ok', 'Reply', 0, 1, '2014-06-27 10:35:55'),
(24, '2', 'WLT', 2, 'kkk', 'Sugg', 0, 1, '2014-06-27 12:19:11'),
(25, '2', 'WLT', 2, 'tyy', 'Sugg', 0, 1, '2014-06-27 12:21:50'),
(26, '2', 'WLT', 2, 'fff', 'Sugg', 0, 1, '2014-06-27 12:24:26'),
(27, '2', 'WLT', 2, 'sss', 'Sugg', 0, 1, '2014-06-27 12:29:03'),
(28, '2', 'WLT', 2, 'test', 'Sugg', 0, 1, '2014-06-27 12:41:07'),
(29, '2', 'WLT', 2, 'uuu', 'Sugg', 0, 1, '2014-06-27 12:42:14'),
(30, '1', 'WLT', 26, 'hello ye kya hai', 'Reply', 0, 1, '2014-06-27 12:43:25'),
(31, '2', 'WLT', 22, 'sahi hai', 'Reply', 0, 1, '2014-06-27 12:52:27'),
(32, '1', 'WLT', 4, 'Nice Work', 'Sugg', 0, 1, '2014-06-27 13:35:07'),
(33, '1', 'WLT', 4, '7i', 'Sugg', 0, 1, '2014-06-27 13:36:38'),
(34, '1', 'WLT', 4, 'asdasd', 'Sugg', 0, 1, '2014-06-27 13:38:59'),
(35, '1', 'WLT', 4, 'sadas', 'Sugg', 0, 1, '2014-06-27 13:39:08'),
(36, '2', 'WLT', 1, 'This is nice job', 'Sugg', 0, 1, '2014-06-28 07:06:02'),
(37, '1', 'WLT', 1, 'okkkk', 'Sugg', 0, 1, '2014-06-28 07:36:37'),
(39, '98', 'WPM', 33, 'yes do', 'Reply', 0, 1, '2014-06-28 11:00:34'),
(40, '98', 'WPM', 1, 'Hello all', 'Sugg', 0, 1, '2014-06-28 11:06:42'),
(41, '98', 'WPM', 2, 'ygg', 'Sugg', 0, 1, '2014-06-28 11:07:45'),
(42, '98', 'WPM', 1, 'fsd', 'Sugg', 0, 1, '2014-06-28 11:11:11'),
(43, '98', 'WPM', 2, 'gfg', 'Sugg', 0, 1, '2014-06-28 11:15:02'),
(44, '98', 'WPM', 1, 'dvdfs', 'Sugg', 0, 1, '2014-06-28 11:15:22'),
(45, '98', 'WPM', 2, 'asd', 'Sugg', 0, 1, '2014-06-28 11:16:21'),
(46, '98', 'WPM', 4, 'sdf', 'Sugg', 0, 1, '2014-06-28 11:18:35'),
(47, '98', 'WPM', 4, 'gfh', 'Sugg', 0, 1, '2014-06-28 11:18:59'),
(48, '1', 'WLT', 2, 'sad', 'Sugg', 0, 1, '2014-06-28 11:23:58'),
(49, '98', 'WPM', 4, 'mj', 'Sugg', 0, 1, '2014-06-28 11:24:09'),
(50, '100', 'WPM', 4, 'Nice', 'Sugg', 0, 1, '2014-06-30 04:49:50'),
(51, '1', 'WLT', 41, 'done', 'Reply', 0, 1, '2014-06-30 04:54:21'),
(54, '98', 'WPM', 47, 'asd', 'Reply', 0, 1, '2014-06-30 05:47:36'),
(55, '98', 'WPM', 50, 'Thanks for suggestion', 'Reply', 0, 1, '2014-06-30 05:53:35'),
(56, '98', 'WPM', 26, 'Test', 'Reply', 0, 1, '2014-07-22 12:54:57'),
(57, '2', 'WLT', 6, 'Nice Task', 'Sugg', 0, 1, '2014-07-25 05:15:17'),
(58, '98', 'WPM', 6, 'thanks', 'Sugg', 0, 1, '2014-07-25 05:16:07'),
(59, '98', 'WPM', 57, 'thanks', 'Reply', 0, 1, '2014-07-25 05:17:00'),
(60, '2', 'WLT', 57, 'ok', 'Reply', 0, 1, '2014-07-25 05:33:08'),
(61, '1', 'WLT', 6, 'yeh', 'Sugg', 0, 1, '2014-07-25 05:36:28'),
(62, '98', 'WPM', 61, 'goood', 'Reply', 0, 1, '2014-07-25 05:36:48'),
(63, '98', 'WPM', 2, 'sdafasdf', 'Reply', 0, 1, '2014-08-13 13:12:16'),
(64, '98', 'WPM', 2, 'tesy', 'Reply', 0, 1, '2014-08-13 13:27:52'),
(65, '99', 'WPM', 2, 'oks', 'Reply', 0, 1, '2014-08-14 04:52:32'),
(66, '98', 'WPM', 61, 'ok', 'Reply', 0, 1, '2014-08-14 05:37:45'),
(67, '99', 'WPM', 6, 'yes it is better', 'Sugg', 0, 1, '2014-08-14 05:38:37'),
(68, '98', 'WPM', 67, 'saying true', 'Reply', 0, 1, '2014-08-14 05:39:02'),
(69, '99', 'WPM', 67, 'than u', 'Reply', 0, 1, '2014-08-14 05:39:19'),
(70, '99', 'WPM', 67, 'good', 'Reply', 0, 1, '2014-08-14 05:39:55'),
(71, '99', 'WPM', 67, 'liker it', 'Reply', 0, 1, '2014-08-14 05:41:30'),
(72, '99', 'WPM', 67, 'uyuy', 'Reply', 0, 1, '2014-08-14 05:42:03'),
(73, '99', 'WPM', 67, 'uiui', 'Reply', 0, 1, '2014-08-14 05:42:23'),
(74, '99', 'WPM', 67, 'off', 'Reply', 0, 1, '2014-08-14 05:55:25'),
(75, '99', 'WPM', 6, 'test', 'Sugg', 0, 1, '2014-08-14 05:55:40'),
(76, '1', 'WLT', 11, 'test', 'Sugg', 0, 1, '2014-08-18 07:33:48'),
(77, '98', 'WPM', 76, 'tt', 'Reply', 0, 1, '2014-08-18 07:35:24'),
(78, '1', 'WLT', 76, 'sdf', 'Reply', 0, 1, '2014-08-18 08:15:49'),
(79, '1', 'WLT', 11, 'sdfasf', 'Sugg', 0, 1, '2014-08-18 08:15:56'),
(80, '1', 'WLT', 13, 'Test Suggestion', 'Sugg', 0, 1, '2014-08-18 08:26:41'),
(81, '1', 'WLT', 80, 'Reply Test Suggestion', 'Reply', 0, 1, '2014-08-18 08:27:07'),
(82, '98', 'WPM', 14, 'Good Work', 'Sugg', 0, 1, '2014-08-19 05:42:55'),
(83, '1', 'WLT', 82, 'yes', 'Reply', 0, 1, '2014-08-19 05:43:13'),
(84, '98', 'WPM', 82, 'fine', 'Reply', 0, 1, '2014-08-19 05:43:48'),
(85, '2', 'WLT', 14, 'Good for health', 'Sugg', 0, 1, '2014-08-19 06:56:02'),
(86, '1', 'WLT', 14, 'thank', 'Sugg', 0, 1, '2014-08-19 06:56:17'),
(87, '1', 'WLT', 85, 'yes', 'Reply', 0, 1, '2014-08-19 07:02:15'),
(88, '2', 'WLT', 85, 'thanks', 'Reply', 0, 1, '2014-08-19 07:02:41'),
(89, '1', 'WLT', 15, 'Good Work', 'Sugg', 0, 1, '2014-08-19 09:00:46'),
(90, '98', 'WPM', 89, 'the', 'Reply', 0, 1, '2014-08-19 09:02:30'),
(91, '1', 'WLT', 15, 'hii', 'Sugg', 0, 1, '2014-08-19 09:03:24');

-- --------------------------------------------------------

--
-- Table structure for table `th_employer_verification_rqst`
--

CREATE TABLE IF NOT EXISTS `th_employer_verification_rqst` (
  `id` int(11) NOT NULL AUTO_INCREMENT,
  `rgs_id` int(10) unsigned NOT NULL,
  `comp_id` int(11) NOT NULL,
  `recorded` timestamp NOT NULL DEFAULT CURRENT_TIMESTAMP,
  PRIMARY KEY (`id`),
  KEY `rgs_id` (`rgs_id`)
) ENGINE=InnoDB  DEFAULT CHARSET=latin1 AUTO_INCREMENT=160 ;

--
-- Dumping data for table `th_employer_verification_rqst`
--

INSERT INTO `th_employer_verification_rqst` (`id`, `rgs_id`, `comp_id`, `recorded`) VALUES
(1, 81, 296, '2012-10-31 12:20:01'),
(2, 81, 296, '2012-10-31 13:25:05'),
(3, 81, 296, '2012-11-01 09:20:37'),
(4, 81, 296, '2012-11-01 12:17:15'),
(5, 1, 296, '2012-11-01 13:14:18'),
(6, 1, 296, '2012-11-01 13:16:06'),
(7, 1, 296, '2012-11-01 13:18:07'),
(8, 1, 296, '2012-11-01 13:19:45'),
(9, 1, 296, '2012-11-01 13:21:56'),
(10, 1, 296, '2012-11-01 13:22:12'),
(11, 1, 296, '2012-11-01 13:22:49'),
(12, 1, 296, '2012-11-01 13:25:38'),
(13, 1, 296, '2012-11-01 13:26:54'),
(14, 1, 296, '2012-11-01 13:27:17'),
(15, 1, 296, '2012-11-01 13:29:31'),
(16, 1, 296, '2012-11-01 13:29:44'),
(17, 53, 22, '2012-11-02 07:26:19'),
(18, 53, 223, '2012-11-02 07:26:33'),
(19, 53, 223, '2012-11-02 07:27:43'),
(20, 53, 223, '2012-11-02 07:38:22'),
(21, 53, 223, '2012-11-02 07:39:27'),
(22, 53, 223, '2012-11-02 07:49:50'),
(23, 53, 223, '2012-11-02 07:52:30'),
(24, 53, 223, '2012-11-02 07:56:22'),
(25, 53, 223, '2012-11-02 07:57:32'),
(26, 53, 223, '2012-11-02 08:03:04'),
(27, 53, 223, '2012-11-02 08:05:38'),
(28, 53, 223, '2012-11-02 08:11:14'),
(29, 53, 223, '2012-11-02 08:12:21'),
(30, 53, 223, '2012-11-02 08:13:36'),
(31, 81, 223, '2012-11-02 10:15:23'),
(32, 81, 223, '2012-11-03 06:13:51'),
(33, 81, 223, '2012-11-03 06:13:57'),
(34, 81, 223, '2012-11-03 06:14:15'),
(35, 81, 223, '2012-11-03 06:14:39'),
(36, 81, 223, '2012-11-03 06:15:15'),
(37, 81, 223, '2012-11-03 06:15:43'),
(38, 32, 296, '2012-11-06 13:06:09'),
(39, 81, 296, '2012-11-08 11:40:19'),
(40, 81, 296, '2012-11-15 09:14:50'),
(41, 81, 296, '2012-11-15 10:24:21'),
(42, 81, 296, '2012-11-15 13:15:13'),
(43, 81, 501, '2012-11-17 06:10:05'),
(44, 81, 296, '2012-11-20 09:28:05'),
(45, 81, 296, '2012-11-20 09:30:52'),
(46, 81, 296, '2012-11-20 09:33:29'),
(47, 81, 296, '2012-11-20 09:33:40'),
(48, 81, 296, '2012-11-20 09:34:14'),
(49, 81, 296, '2012-11-21 06:21:04'),
(50, 81, 296, '2012-11-21 06:21:52'),
(51, 81, 296, '2012-11-21 06:22:50'),
(52, 81, 296, '2012-11-21 06:23:53'),
(53, 81, 296, '2012-11-21 06:25:10'),
(54, 81, 296, '2012-11-21 06:25:46'),
(55, 81, 296, '2012-11-21 07:00:10'),
(56, 81, 296, '2012-11-21 07:01:32'),
(57, 81, 296, '2012-11-21 07:02:58'),
(60, 63, 296, '2012-12-08 05:49:16'),
(61, 63, 296, '2012-12-08 05:50:05'),
(62, 33, 296, '2012-12-10 12:33:19'),
(63, 65, 296, '2012-12-11 10:12:55'),
(64, 34, 504, '2012-12-17 10:13:57'),
(65, 34, 504, '2012-12-17 10:14:09'),
(66, 34, 504, '2012-12-17 10:14:51'),
(67, 34, 504, '2012-12-17 10:14:55'),
(68, 17, 296, '2012-12-20 10:49:58'),
(69, 17, 296, '2012-12-20 10:50:09'),
(70, 17, 296, '2012-12-20 10:52:53'),
(71, 17, 296, '2012-12-20 10:52:58'),
(72, 34, 45, '2012-12-21 09:57:44'),
(73, 34, 45, '2012-12-21 09:59:22'),
(74, 63, 245, '2013-04-30 11:30:00'),
(75, 41, 504, '2013-05-01 09:09:15'),
(76, 39, 45, '2013-05-01 11:46:07'),
(77, 20, 45, '2013-05-01 12:32:43'),
(78, 64, 504, '2013-05-02 05:52:11'),
(79, 39, 45, '2013-05-02 06:17:49'),
(80, 9, 504, '2013-05-02 13:11:45'),
(81, 63, 296, '2013-05-03 07:07:19'),
(82, 63, 296, '2013-05-03 07:07:49'),
(83, 63, 296, '2013-05-03 07:13:16'),
(84, 63, 296, '2013-05-03 07:16:35'),
(85, 63, 296, '2013-05-03 07:17:19'),
(86, 63, 296, '2013-05-03 07:19:54'),
(87, 54, 76, '2013-05-04 07:08:26'),
(88, 54, 504, '2013-05-04 07:16:14'),
(89, 19, 45, '2013-05-04 12:45:48'),
(90, 52, 23, '2013-05-06 08:47:37'),
(91, 76, 19, '2013-05-06 09:39:10'),
(92, 76, 356, '2013-05-07 06:18:00'),
(93, 76, 21, '2013-05-07 06:18:47'),
(94, 62, 23, '2013-05-08 09:09:57'),
(95, 62, 23, '2013-05-08 09:13:09'),
(96, 49, 23, '2013-05-10 07:40:13'),
(97, 49, 27, '2013-05-10 13:36:34'),
(98, 18, 59, '2013-05-14 08:53:28'),
(99, 65, 296, '2013-05-22 06:31:46'),
(100, 65, 296, '2013-05-22 06:32:35'),
(101, 65, 296, '2013-05-22 06:34:28'),
(102, 65, 296, '2013-05-22 06:35:37'),
(103, 65, 296, '2013-05-22 06:36:19'),
(104, 65, 296, '2013-05-22 06:38:08'),
(105, 65, 296, '2013-05-22 06:40:35'),
(106, 65, 296, '2013-05-22 06:40:41'),
(107, 65, 45, '2013-05-22 07:32:24'),
(108, 65, 45, '2013-05-22 10:37:57'),
(109, 65, 45, '2013-05-22 10:46:57'),
(110, 1, 296, '2013-05-23 07:28:54'),
(111, 1, 296, '2013-05-23 07:40:09'),
(112, 1, 296, '2013-05-23 07:41:29'),
(113, 1, 296, '2013-05-23 10:28:49'),
(115, 1, 296, '2013-05-24 09:32:52'),
(116, 1, 296, '2013-05-25 04:44:34'),
(117, 1, 296, '2013-05-25 04:44:51'),
(118, 1, 296, '2013-05-25 04:45:35'),
(119, 1, 296, '2013-05-25 05:03:18'),
(120, 1, 296, '2013-05-25 06:33:32'),
(121, 1, 296, '2013-05-25 06:58:02'),
(122, 1, 296, '2013-05-25 13:47:57'),
(123, 15, 504, '2013-05-29 05:23:45'),
(124, 1, 296, '2013-05-31 07:20:31'),
(125, 1, 296, '2013-05-31 07:21:20'),
(126, 1, 504, '2013-06-05 09:13:48'),
(127, 1, 504, '2013-06-28 13:29:25'),
(128, 81, 504, '2013-07-15 13:49:09'),
(129, 81, 504, '2013-10-08 08:02:58'),
(130, 1, 504, '2013-11-20 07:38:22'),
(131, 10, 504, '2013-12-06 05:09:54'),
(132, 1, 504, '2013-12-06 13:18:23'),
(133, 1, 504, '2013-12-06 13:24:16'),
(141, 1, 504, '2014-02-13 13:46:15'),
(142, 1, 504, '2014-02-13 13:49:31'),
(143, 1, 504, '2014-02-14 06:50:18'),
(144, 1, 504, '2014-02-15 05:24:13'),
(145, 1, 0, '2014-02-18 05:44:30'),
(146, 1, 0, '2014-02-18 05:45:42'),
(147, 1, 0, '2014-02-18 05:47:44'),
(148, 1, 0, '2014-02-22 10:52:53'),
(149, 1, 0, '2014-02-22 10:56:43'),
(150, 1, 0, '2014-02-22 10:58:13'),
(151, 1, 0, '2014-02-22 11:06:38'),
(152, 1, 296, '2014-02-22 11:10:42'),
(153, 1, 289, '2014-02-22 11:14:42'),
(154, 1, 3, '2014-03-29 07:48:36'),
(155, 1, 504, '2014-04-29 07:16:18'),
(156, 1, 504, '2014-04-29 08:06:50'),
(157, 1, 504, '2014-05-16 08:06:18'),
(158, 48, 296, '2014-05-29 11:14:00'),
(159, 1, 2, '2014-06-13 10:48:55');

-- --------------------------------------------------------

--
-- Table structure for table `th_employer_wlt`
--

CREATE TABLE IF NOT EXISTS `th_employer_wlt` (
  `wlt_id` int(11) NOT NULL AUTO_INCREMENT,
  `wlt_name` varchar(50) NOT NULL,
  `wlt_photo` varchar(50) NOT NULL,
  `wlt_gender` varchar(10) NOT NULL,
  `wlt_email` varchar(50) NOT NULL,
  `wlt_password` varchar(30) NOT NULL,
  `wlt_designation` varchar(50) NOT NULL,
  `wlt_mobile` varchar(20) NOT NULL,
  `wlt_street` varchar(50) NOT NULL,
  `wlt_city` varchar(30) NOT NULL,
  `wlt_state` varchar(30) NOT NULL,
  `wlt_zip` varchar(10) NOT NULL,
  `wlt_longi` varchar(50) NOT NULL,
  `wlt_lati` varchar(50) NOT NULL,
  `wlt_country` smallint(6) DEFAULT '1',
  `wpm_id_fkx` int(11) NOT NULL COMMENT 'user_id from tc_users table and user_role=9 or 10',
  `emp_id_fkx` int(11) NOT NULL COMMENT 'user_id from tc_users table and user_role=3',
  `wlt_status` varchar(10) NOT NULL DEFAULT 'Active',
  `wlt_cdate` timestamp NULL DEFAULT CURRENT_TIMESTAMP,
  `wlt_leader` smallint(6) DEFAULT '0' COMMENT 'Leader of Wellness Team 0->Member 1->Leader',
  PRIMARY KEY (`wlt_id`)
) ENGINE=InnoDB  DEFAULT CHARSET=latin1 AUTO_INCREMENT=3 ;

--
-- Dumping data for table `th_employer_wlt`
--

INSERT INTO `th_employer_wlt` (`wlt_id`, `wlt_name`, `wlt_photo`, `wlt_gender`, `wlt_email`, `wlt_password`, `wlt_designation`, `wlt_mobile`, `wlt_street`, `wlt_city`, `wlt_state`, `wlt_zip`, `wlt_longi`, `wlt_lati`, `wlt_country`, `wpm_id_fkx`, `emp_id_fkx`, `wlt_status`, `wlt_cdate`, `wlt_leader`) VALUES
(1, 'Nelson', '_1403672228.jpg', 'Male', 'nelson001@gmail.com', '123456', 'CFO', '7865432102', 'Narain', 'HOLTSVILLE', 'NY', '501', '-73.55047959374997', '41.08091183033637', 1, 98, 32, 'Active', '2014-05-27 08:37:31', 1),
(2, 'Simon Jolly', '', 'Male', 'simon@gmail.com', '123456', 'HR', '6512301245', '', '', '', '', '', '', 1, 98, 32, 'Active', '2014-05-27 12:20:30', 0);

-- --------------------------------------------------------

--
-- Table structure for table `th_employer_wp`
--

CREATE TABLE IF NOT EXISTS `th_employer_wp` (
  `wp_id` int(11) NOT NULL AUTO_INCREMENT,
  `wp_user_id` int(11) NOT NULL,
  `wp_user_type` varchar(10) NOT NULL,
  `wp_comp_id` int(11) NOT NULL,
  `wp_name` varchar(150) NOT NULL,
  `wp_desc` text NOT NULL,
  `wp_status` varchar(10) NOT NULL DEFAULT 'Active',
  `wp_created` timestamp NOT NULL DEFAULT CURRENT_TIMESTAMP,
  `wp_ended` date NOT NULL,
  PRIMARY KEY (`wp_id`),
  KEY `wp_comp_id` (`wp_comp_id`)
) ENGINE=InnoDB  DEFAULT CHARSET=latin1 AUTO_INCREMENT=8 ;

--
-- Dumping data for table `th_employer_wp`
--

INSERT INTO `th_employer_wp` (`wp_id`, `wp_user_id`, `wp_user_type`, `wp_comp_id`, `wp_name`, `wp_desc`, `wp_status`, `wp_created`, `wp_ended`) VALUES
(1, 1, 'WLT', 32, 'Test Plan 1', '<p> </p>\r\n\r\n<table>\r\n	<thead>\r\n		<tr>\r\n			<th style="vertical-align:top"> </th>\r\n			<th style="vertical-align:top">Field</th>\r\n			<th style="vertical-align:top">Type</th>\r\n			<th style="vertical-align:top">Collation</th>\r\n			<th style="vertical-align:top">Attributes</th>\r\n			<th style="vertical-align:top">Null</th>\r\n			<th style="vertical-align:top">Default</th>\r\n			<th style="vertical-align:top">Extra</th>\r\n			<th colspan="7" style="vertical-align:top">Action</th>\r\n		</tr>\r\n	</thead>\r\n	<tbody>\r\n		<tr>\r\n			<td style="vertical-align:top"> </td>\r\n			<th style="background-position:initial; background-repeat:initial; vertical-align:top">\r\n			<h1>wp_id</h1>\r\n			</th>\r\n			<td style="vertical-align:top">\r\n			<h1>int(11)</h1>\r\n			</td>\r\n			<td style="vertical-align:top">\r\n			<h1> </h1>\r\n			</td>\r\n			<td style="vertical-align:top">\r\n			<h1> </h1>\r\n			</td>\r\n			<td style="vertical-align:top">\r\n			<h1>No</h1>\r\n			</td>\r\n			<td style="vertical-align:top"> </td>\r\n			<td style="vertical-align:top">auto_increment</td>\r\n			<td style="vertical-align:top"><a href="http://192.168.137.58/phpmyadmin/sql.php?db=tulasi_db&table=tc_wellness_plan&token=d3065c6206a944a3d791b7c931e69170&goto=tbl_structure.php&back=tbl_structure.php&sql_query=SELECT+COUNT%28%2A%29+AS+%60Rows%60%2C+%60wp_id%60+FROM+%60tc_wellness_plan%60+GROUP+BY+%60wp_id%60+ORDER+BY+%60wp_id%60"><img alt="Browse distinct values" src="http://192.168.137.58/phpmyadmin/themes/original/img/b_browse.png" style="height:16px; margin:0px; width:16px" /></a></td>\r\n			<td style="vertical-align:top"><a href="http://192.168.137.58/phpmyadmin/tbl_alter.php?db=tulasi_db&table=tc_wellness_plan&token=d3065c6206a944a3d791b7c931e69170&goto=tbl_structure.php&back=tbl_structure.php&field=wp_id"><img alt="Change" src="http://192.168.137.58/phpmyadmin/themes/original/img/b_edit.png" style="height:16px; margin:0px; width:16px" /></a></td>\r\n			<td style="vertical-align:top"><a href="http://192.168.137.58/phpmyadmin/sql.php?db=tulasi_db&table=tc_wellness_plan&token=d3065c6206a944a3d791b7c931e69170&goto=tbl_structure.php&back=tbl_structure.php&sql_query=ALTER+TABLE+%60tc_wellness_plan%60+DROP+%60wp_id%60&cpurge=1&purgekey=wp_id&zero_rows=Field+wp_id+has+been+dropped"><img alt="Drop" src="http://192.168.137.58/phpmyadmin/themes/original/img/b_drop.png" style="height:16px; margin:0px; width:16px" /></a></td>\r\n			<td style="vertical-align:top"><a href="http://192.168.137.58/phpmyadmin/sql.php?db=tulasi_db&table=tc_wellness_plan&token=d3065c6206a944a3d791b7c931e69170&goto=tbl_structure.php&back=tbl_structure.php&sql_query=ALTER+TABLE+%60tc_wellness_plan%60+DROP+PRIMARY+KEY%2C+ADD+PRIMARY+KEY%28%60wp_id%60%29&zero_rows=A+primary+key+has+been+added+on+wp_id"><img alt="Primary" src="http://192.168.137.58/phpmyadmin/themes/original/img/b_primary.png" style="height:16px; margin:0px; width:16px" /></a></td>\r\n			<td style="vertical-align:top"><a href="http://192.168.137.58/phpmyadmin/sql.php?db=tulasi_db&table=tc_wellness_plan&token=d3065c6206a944a3d791b7c931e69170&goto=tbl_structure.php&back=tbl_structure.php&sql_query=ALTER+TABLE+%60tc_wellness_plan%60+ADD+UNIQUE%28%60wp_id%60%29&zero_rows=An+index+has+been+added+on+wp_id"><img alt="Unique" src="http://192.168.137.58/phpmyadmin/themes/original/img/b_unique.png" style="height:16px; margin:0px; width:16px" /></a></td>\r\n			<td style="vertical-align:top"><a href="http://192.168.137.58/phpmyadmin/sql.php?db=tulasi_db&table=tc_wellness_plan&token=d3065c6206a944a3d791b7c931e69170&goto=tbl_structure.php&back=tbl_structure.php&sql_query=ALTER+TABLE+%60tc_wellness_plan%60+ADD+INDEX%28%60wp_id%60%29&zero_rows=An+index+has+been+added+on+wp_id"><img alt="Index" src="http://192.168.137.58/phpmyadmin/themes/original/img/b_index.png" style="height:16px; margin:0px; width:16px" /></a></td>\r\n			<td style="vertical-align:top"><img alt="Fulltext" src="http://192.168.137.58/phpmyadmin/themes/original/img/bd_ftext.png" style="height:16px; margin:0px; width:16px" /></td>\r\n		</tr>\r\n		<tr>\r\n			<td style="vertical-align:top"> </td>\r\n			<th style="background-position:initial; background-repeat:initial; vertical-align:top">wp_name</th>\r\n			<td style="vertical-align:top">varchar(100)</td>\r\n			<td style="vertical-align:top">latin1_swedish_ci</td>\r\n			<td style="vertical-align:top"> </td>\r\n			<td style="vertical-align:top">Yes</td>\r\n			<td style="vertical-align:top"><em>NULL</em></td>\r\n			<td style="vertical-align:top"> </td>\r\n			<td style="vertical-align:top"><a href="http://192.168.137.58/phpmyadmin/sql.php?db=tulasi_db&table=tc_wellness_plan&token=d3065c6206a944a3d791b7c931e69170&goto=tbl_structure.php&back=tbl_structure.php&sql_query=SELECT+COUNT%28%2A%29+AS+%60Rows%60%2C+%60wp_name%60+FROM+%60tc_wellness_plan%60+GROUP+BY+%60wp_name%60+ORDER+BY+%60wp_name%60"><img alt="Browse distinct values" src="http://192.168.137.58/phpmyadmin/themes/original/img/b_browse.png" style="height:16px; margin:0px; width:16px" /></a></td>\r\n			<td style="vertical-align:top"><a href="http://192.168.137.58/phpmyadmin/tbl_alter.php?db=tulasi_db&table=tc_wellness_plan&token=d3065c6206a944a3d791b7c931e69170&goto=tbl_structure.php&back=tbl_structure.php&field=wp_name"><img alt="Change" src="http://192.168.137.58/phpmyadmin/themes/original/img/b_edit.png" style="height:16px; margin:0px; width:16px" /></a></td>\r\n			<td style="vertical-align:top"><a href="http://192.168.137.58/phpmyadmin/sql.php?db=tulasi_db&table=tc_wellness_plan&token=d3065c6206a944a3d791b7c931e69170&goto=tbl_structure.php&back=tbl_structure.php&sql_query=ALTER+TABLE+%60tc_wellness_plan%60+DROP+%60wp_name%60&cpurge=1&purgekey=wp_name&zero_rows=Field+wp_name+has+been+dropped"><img alt="Drop" src="http://192.168.137.58/phpmyadmin/themes/original/img/b_drop.png" style="height:16px; margin:0px; width:16px" /></a></td>\r\n			<td style="vertical-align:top"><a href="http://192.168.137.58/phpmyadmin/sql.php?db=tulasi_db&table=tc_wellness_plan&token=d3065c6206a944a3d791b7c931e69170&goto=tbl_structure.php&back=tbl_structure.php&sql_query=ALTER+TABLE+%60tc_wellness_plan%60+DROP+PRIMARY+KEY%2C+ADD+PRIMARY+KEY%28%60wp_name%60%29&zero_rows=A+primary+key+has+been+added+on+wp_name"><img alt="Primary" src="http://192.168.137.58/phpmyadmin/themes/original/img/b_primary.png" style="height:16px; margin:0px; width:16px" /></a></td>\r\n			<td style="vertical-align:top"><a href="http://192.168.137.58/phpmyadmin/sql.php?db=tulasi_db&table=tc_wellness_plan&token=d3065c6206a944a3d791b7c931e69170&goto=tbl_structure.php&back=tbl_structure.php&sql_query=ALTER+TABLE+%60tc_wellness_plan%60+ADD+UNIQUE%28%60wp_name%60%29&zero_rows=An+index+has+been+added+on+wp_name"><img alt="Unique" src="http://192.168.137.58/phpmyadmin/themes/original/img/b_unique.png" style="height:16px; margin:0px; width:16px" /></a></td>\r\n			<td style="vertical-align:top"><a href="http://192.168.137.58/phpmyadmin/sql.php?db=tulasi_db&table=tc_wellness_plan&token=d3065c6206a944a3d791b7c931e69170&goto=tbl_structure.php&back=tbl_structure.php&sql_query=ALTER+TABLE+%60tc_wellness_plan%60+ADD+INDEX%28%60wp_name%60%29&zero_rows=An+index+has+been+added+on+wp_name"><img alt="Index" src="http://192.168.137.58/phpmyadmin/themes/original/img/b_index.png" style="height:16px; margin:0px; width:16px" /></a></td>\r\n			<td style="vertical-align:top"><img alt="Fulltext" src="http://192.168.137.58/phpmyadmin/themes/original/img/bd_ftext.png" style="height:16px; margin:0px; width:16px" /></td>\r\n		</tr>\r\n		<tr>\r\n			<td style="vertical-align:top"> </td>\r\n			<th style="background-position:initial; background-repeat:initial; vertical-align:top">wp_description</th>\r\n			<td style="vertical-align:top">text</td>\r\n			<td style="vertical-align:top">latin1_swedish_ci</td>\r\n			<td style="vertical-align:top"> </td>\r\n			<td style="vertical-align:top">Yes</td>\r\n			<td style="vertical-align:top"><em>NULL</em></td>\r\n			<td style="vertical-align:top"> </td>\r\n			<td style="vertical-align:top"><a href="http://192.168.137.58/phpmyadmin/sql.php?db=tulasi_db&table=tc_wellness_plan&token=d3065c6206a944a3d791b7c931e69170&goto=tbl_structure.php&back=tbl_structure.php&sql_query=SELECT+COUNT%28%2A%29+AS+%60Rows%60%2C+%60wp_description%60+FROM+%60tc_wellness_plan%60+GROUP+BY+%60wp_description%60+ORDER+BY+%60wp_description%60"><img alt="Browse distinct values" src="http://192.168.137.58/phpmyadmin/themes/original/img/b_browse.png" style="height:16px; margin:0px; width:16px" /></a></td>\r\n			<td style="vertical-align:top"><a href="http://192.168.137.58/phpmyadmin/tbl_alter.php?db=tulasi_db&table=tc_wellness_plan&token=d3065c6206a944a3d791b7c931e69170&goto=tbl_structure.php&back=tbl_structure.php&field=wp_description"><img alt="Change" src="http://192.168.137.58/phpmyadmin/themes/original/img/b_edit.png" style="height:16px; margin:0px; width:16px" /></a></td>\r\n			<td style="vertical-align:top"><a href="http://192.168.137.58/phpmyadmin/sql.php?db=tulasi_db&table=tc_wellness_plan&token=d3065c6206a944a3d791b7c931e69170&goto=tbl_structure.php&back=tbl_structure.php&sql_query=ALTER+TABLE+%60tc_wellness_plan%60+DROP+%60wp_description%60&cpurge=1&purgekey=wp_description&zero_rows=Field+wp_description+has+been+dropped"><img alt="Drop" src="http://192.168.137.58/phpmyadmin/themes/original/img/b_drop.png" style="height:16px; margin:0px; width:16px" /></a></td>\r\n			<td style="vertical-align:top"><img alt="Primary" src="http://192.168.137.58/phpmyadmin/themes/original/img/bd_primary.png" style="height:16px; margin:0px; width:16px" /></td>\r\n			<td style="vertical-align:top"><img alt="Unique" src="http://192.168.137.58/phpmyadmin/themes/original/img/bd_unique.png" style="height:16px; margin:0px; width:16px" /></td>\r\n			<td style="vertical-align:top"><img alt="Index" src="http://192.168.137.58/phpmyadmin/themes/original/img/bd_index.png" style="height:16px; margin:0px; width:16px" /></td>\r\n			<td style="vertical-align:top"><img alt="Fulltext" src="http://192.168.137.58/phpmyadmin/themes/original/img/bd_ftext.png" style="height:16px; margin:0px; width:16px" /></td>\r\n		</tr>\r\n		<tr>\r\n			<td style="vertical-align:top"> </td>\r\n			<th style="background-position:initial; background-repeat:initial; vertical-align:top">user_id_fkx</th>\r\n			<td style="vertical-align:top">int(11)</td>\r\n			<td style="vertical-align:top"> </td>\r\n			<td style="vertical-align:top"> </td>\r\n			<td style="vertical-align:top">No</td>\r\n			<td style="vertical-align:top"> </td>\r\n			<td style="vertical-align:top"> </td>\r\n			<td style="vertical-align:top"><a href="http://192.168.137.58/phpmyadmin/sql.php?db=tulasi_db&table=tc_wellness_plan&token=d3065c6206a944a3d791b7c931e69170&goto=tbl_structure.php&back=tbl_structure.php&sql_query=SELECT+COUNT%28%2A%29+AS+%60Rows%60%2C+%60user_id_fkx%60+FROM+%60tc_wellness_plan%60+GROUP+BY+%60user_id_fkx%60+ORDER+BY+%60user_id_fkx%60"><img alt="Browse distinct values" src="http://192.168.137.58/phpmyadmin/themes/original/img/b_browse.png" style="height:16px; margin:0px; width:16px" /></a></td>\r\n			<td style="vertical-align:top"><a href="http://192.168.137.58/phpmyadmin/tbl_alter.php?db=tulasi_db&table=tc_wellness_plan&token=d3065c6206a944a3d791b7c931e69170&goto=tbl_structure.php&back=tbl_structure.php&field=user_id_fkx"><img alt="Change" src="http://192.168.137.58/phpmyadmin/themes/original/img/b_edit.png" style="height:16px; margin:0px; width:16px" /></a></td>\r\n			<td style="vertical-align:top"><a href="http://192.168.137.58/phpmyadmin/sql.php?db=tulasi_db&table=tc_wellness_plan&token=d3065c6206a944a3d791b7c931e69170&goto=tbl_structure.php&back=tbl_structure.php&sql_query=ALTER+TABLE+%60tc_wellness_plan%60+DROP+%60user_id_fkx%60&cpurge=1&purgekey=user_id_fkx&zero_rows=Field+user_id_fkx+has+been+dropped"><img alt="Drop" src="http://192.168.137.58/phpmyadmin/themes/original/img/b_drop.png" style="height:16px; margin:0px; width:16px" /></a></td>\r\n			<td style="vertical-align:top"><a href="http://192.168.137.58/phpmyadmin/sql.php?db=tulasi_db&table=tc_wellness_plan&token=d3065c6206a944a3d791b7c931e69170&goto=tbl_structure.php&back=tbl_structure.php&sql_query=ALTER+TABLE+%60tc_wellness_plan%60+DROP+PRIMARY+KEY%2C+ADD+PRIMARY+KEY%28%60user_id_fkx%60%29&zero_rows=A+primary+key+has+been+added+on+user_id_fkx"><img alt="Primary" src="http://192.168.137.58/phpmyadmin/themes/original/img/b_primary.png" style="height:16px; margin:0px; width:16px" /></a></td>\r\n			<td style="vertical-align:top"><a href="http://192.168.137.58/phpmyadmin/sql.php?db=tulasi_db&table=tc_wellness_plan&token=d3065c6206a944a3d791b7c931e69170&goto=tbl_structure.php&back=tbl_structure.php&sql_query=ALTER+TABLE+%60tc_wellness_plan%60+ADD+UNIQUE%28%60user_id_fkx%60%29&zero_rows=An+index+has+been+added+on+user_id_fkx"><img alt="Unique" src="http://192.168.137.58/phpmyadmin/themes/original/img/b_unique.png" style="height:16px; margin:0px; width:16px" /></a></td>\r\n			<td style="vertical-align:top"><a href="http://192.168.137.58/phpmyadmin/sql.php?db=tulasi_db&table=tc_wellness_plan&token=d3065c6206a944a3d791b7c931e69170&goto=tbl_structure.php&back=tbl_structure.php&sql_query=ALTER+TABLE+%60tc_wellness_plan%60+ADD+INDEX%28%60user_id_fkx%60%29&zero_rows=An+index+has+been+added+on+user_id_fkx"><img alt="Index" src="http://192.168.137.58/phpmyadmin/themes/original/img/b_index.png" style="height:16px; margin:0px; width:16px" /></a></td>\r\n			<td style="vertical-align:top"><img alt="Fulltext" src="http://192.168.137.58/phpmyadmin/themes/original/img/bd_ftext.png" style="height:16px; margin:0px; width:16px" /></td>\r\n		</tr>\r\n		<tr>\r\n			<td style="vertical-align:top"> </td>\r\n			<th style="background-position:initial; background-repeat:initial; vertical-align:top">rgs_id_<span style="color:#FF0000">fkx</span></th>\r\n			<td style="vertical-align:top"><span style="color:#FF0000">varchar(100)</span></td>\r\n			<td style="vertical-align:top"><span style="color:#FF0000">latin1_swedish_ci</span></td>\r\n			<td style="vertical-align:top"> </td>\r\n			<td style="vertical-align:top"><span style="color:#FF0000">Yes</span></td>\r\n			<td style="vertical-align:top"><span style="color:#FF0000"><em>NULL</em></span></td>\r\n			<td style="vertical-align:top"> </td>\r\n			<td style="vertical-align:top"><a href="http://192.168.137.58/phpmyadmin/sql.php?db=tulasi_db&table=tc_wellness_plan&token=d3065c6206a944a3d791b7c931e69170&goto=tbl_structure.php&back=tbl_structure.php&sql_query=SELECT+COUNT%28%2A%29+AS+%60Rows%60%2C+%60rgs_id_fkx%60+FROM+%60tc_wellness_plan%60+GROUP+BY+%60rgs_id_fkx%60+ORDER+BY+%60rgs_id_fkx%60"><span style="color:#FF0000"><img alt="Browse distinct values" src="http://192.168.137.58/phpmyadmin/themes/original/img/b_browse.png" style="height:16px; margin:0px; width:16px" /></span></a></td>\r\n			<td style="vertical-align:top"><a href="http://192.168.137.58/phpmyadmin/tbl_alter.php?db=tulasi_db&table=tc_wellness_plan&token=d3065c6206a944a3d791b7c931e69170&goto=tbl_structure.php&back=tbl_structure.php&field=rgs_id_fkx"><span style="color:#FF0000"><img alt="Change" src="http://192.168.137.58/phpmyadmin/themes/original/img/b_edit.png" style="height:16px; margin:0px; width:16px" /></span></a></td>\r\n			<td style="vertical-align:top"><a href="http://192.168.137.58/phpmyadmin/sql.php?db=tulasi_db&table=tc_wellness_plan&token=d3065c6206a944a3d791b7c931e69170&goto=tbl_structure.php&back=tbl_structure.php&sql_query=ALTER+TABLE+%60tc_wellness_plan%60+DROP+%60rgs_id_fkx%60&cpurge=1&purgekey=rgs_id_fkx&zero_rows=Field+rgs_id_fkx+has+been+dropped"><span style="color:#FF0000"><img alt="Drop" src="http://192.168.137.58/phpmyadmin/themes/original/img/b_drop.png" style="height:16px; margin:0px; width:16px" /></span></a></td>\r\n			<td style="vertical-align:top"><a href="http://192.168.137.58/phpmyadmin/sql.php?db=tulasi_db&table=tc_wellness_plan&token=d3065c6206a944a3d791b7c931e69170&goto=tbl_structure.php&back=tbl_structure.php&sql_query=ALTER+TABLE+%60tc_wellness_plan%60+DROP+PRIMARY+KEY%2C+ADD+PRIMARY+KEY%28%60rgs_id_fkx%60%29&zero_rows=A+primary+key+has+been+added+on+rgs_id_fkx"><span style="color:#FF0000"><img alt="Primary" src="http://192.168.137.58/phpmyadmin/themes/original/img/b_primary.png" style="height:16px; margin:0px; width:16px" /></span></a></td>\r\n			<td style="vertical-align:top"><a href="http://192.168.137.58/phpmyadmin/sql.php?db=tulasi_db&table=tc_wellness_plan&token=d3065c6206a944a3d791b7c931e69170&goto=tbl_structure.php&back=tbl_structure.php&sql_query=ALTER+TABLE+%60tc_wellness_plan%60+ADD+UNIQUE%28%60rgs_id_fkx%60%29&zero_rows=An+index+has+been+added+on+rgs_id_fkx"><span style="color:#FF0000"><img alt="Unique" src="http://192.168.137.58/phpmyadmin/themes/original/img/b_unique.png" style="height:16px; margin:0px; width:16px" /></span></a></td>\r\n			<td style="vertical-align:top"><a href="http://192.168.137.58/phpmyadmin/sql.php?db=tulasi_db&table=tc_wellness_plan&token=d3065c6206a944a3d791b7c931e69170&goto=tbl_structure.php&back=tbl_structure.php&sql_query=ALTER+TABLE+%60tc_wellness_plan%60+ADD+INDEX%28%60rgs_id_fkx%60%29&zero_rows=An+index+has+been+added+on+rgs_id_fkx"><span style="color:#FF0000"><img alt="Index" src="http://192.168.137.58/phpmyadmin/themes/original/img/b_index.png" style="height:16px; margin:0px; width:16px" /></span></a></td>\r\n			<td style="vertical-align:top"><span style="color:#FF0000"><img alt="Fulltext" src="http://192.168.137.58/phpmyadmin/themes/original/img/bd_ftext.png" style="height:16px; margin:0px; width:16px" /></span></td>\r\n		</tr>\r\n		<tr>\r\n			<td style="vertical-align:top"> </td>\r\n			<th style="background-position:initial; background-repeat:initial; vertical-align:top"><span style="color:#FF0000">wp_cdc</span></th>\r\n			<td style="vertical-align:top"><span style="color:#FF0000">varchar(5</span>)</td>\r\n			<td style="vertical-align:top">latin1_swedish_ci</td>\r\n			<td style="vertical-align:top"> </td>\r\n			<td style="vertical-align:top">Yes</td>\r\n			<td style="vertical-align:top"><em>NULL</em></td>\r\n			<td style="vertical-align:top"> </td>\r\n			<td style="vertical-align:top"><a href="http://192.168.137.58/phpmyadmin/sql.php?db=tulasi_db&table=tc_wellness_plan&token=d3065c6206a944a3d791b7c931e69170&goto=tbl_structure.php&back=tbl_structure.php&sql_query=SELECT+COUNT%28%2A%29+AS+%60Rows%60%2C+%60wp_cdc%60+FROM+%60tc_wellness_plan%60+GROUP+BY+%60wp_cdc%60+ORDER+BY+%60wp_cdc%60"><img alt="Browse distinct values" src="http://192.168.137.58/phpmyadmin/themes/original/img/b_browse.png" style="height:16px; margin:0px; width:16px" /></a></td>\r\n			<td style="vertical-align:top"><a href="http://192.168.137.58/phpmyadmin/tbl_alter.php?db=tulasi_db&table=tc_wellness_plan&token=d3065c6206a944a3d791b7c931e69170&goto=tbl_structure.php&back=tbl_structure.php&field=wp_cdc"><img alt="Change" src="http://192.168.137.58/phpmyadmin/themes/original/img/b_edit.png" style="height:16px; margin:0px; width:16px" /></a></td>\r\n			<td style="vertical-align:top"><a href="http://192.168.137.58/phpmyadmin/sql.php?db=tulasi_db&table=tc_wellness_plan&token=d3065c6206a944a3d791b7c931e69170&goto=tbl_structure.php&back=tbl_structure.php&sql_query=ALTER+TABLE+%60tc_wellness_plan%60+DROP+%60wp_cdc%60&cpurge=1&purgekey=wp_cdc&zero_rows=Field+wp_cdc+has+been+dropped"><img alt="Drop" src="http://192.168.137.58/phpmyadmin/themes/original/img/b_drop.png" style="height:16px; margin:0px; width:16px" /></a></td>\r\n			<td style="vertical-align:top"><a href="http://192.168.137.58/phpmyadmin/sql.php?db=tulasi_db&table=tc_wellness_plan&token=d3065c6206a944a3d791b7c931e69170&goto=tbl_structure.php&back=tbl_structure.php&sql_query=ALTER+TABLE+%60tc_wellness_plan%60+DROP+PRIMARY+KEY%2C+ADD+PRIMARY+KEY%28%60wp_cdc%60%29&zero_rows=A+primary+key+has+been+added+on+wp_cdc"><img alt="Primary" src="http://192.168.137.58/phpmyadmin/themes/original/img/b_primary.png" style="height:16px; margin:0px; width:16px" /></a></td>\r\n			<td style="vertical-align:top"><a href="http://192.168.137.58/phpmyadmin/sql.php?db=tulasi_db&table=tc_wellness_plan&token=d3065c6206a944a3d791b7c931e69170&goto=tbl_structure.php&back=tbl_structure.php&sql_query=ALTER+TABLE+%60tc_wellness_plan%60+ADD+UNIQUE%28%60wp_cdc%60%29&zero_rows=An+index+has+been+added+on+wp_cdc"><img alt="Unique" src="http://192.168.137.58/phpmyadmin/themes/original/img/b_unique.png" style="height:16px; margin:0px; width:16px" /></a></td>\r\n			<td style="vertical-align:top"><a href="http://192.168.137.58/phpmyadmin/sql.php?db=tulasi_db&table=tc_wellness_plan&token=d3065c6206a944a3d791b7c931e69170&goto=tbl_structure.php&back=tbl_structure.php&sql_query=ALTER+TABLE+%60tc_wellness_plan%60+ADD+INDEX%28%60wp_cdc%60%29&zero_rows=An+index+has+been+added+on+wp_cdc"><img alt="Index" src="http://192.168.137.58/phpmyadmin/themes/original/img/b_index.png" style="height:16px; margin:0px; width:16px" /></a></td>\r\n			<td style="vertical-align:top"><img alt="Fulltext" src="http://192.168.137.58/phpmyadmin/themes/original/img/bd_ftext.png" style="height:16px; margin:0px; width:16px" /></td>\r\n		</tr>\r\n		<tr>\r\n			<td style="vertical-align:top"> </td>\r\n			<th style="background-position:initial; background-repeat:initial; vertical-align:top">wp_stat<span style="background-color:#FF8C00">us</span></th>\r\n			<td style="vertical-align:top"><span style="background-color:#FF8C00">varchar(10)</span></td>\r\n			<td style="vertical-align:top"><span style="background-color:#FF8C00">latin1_swe</span>dish_ci</td>\r\n			<td style="vertical-align:top"> </td>\r\n			<td style="vertical-align:top">No</td>\r\n			<td style="vertical-align:top">Active</td>\r\n			<td style="vertical-align:top"> </td>\r\n			<td style="vertical-align:top"><a href="http://192.168.137.58/phpmyadmin/sql.php?db=tulasi_db&table=tc_wellness_plan&token=d3065c6206a944a3d791b7c931e69170&goto=tbl_structure.php&back=tbl_structure.php&sql_query=SELECT+COUNT%28%2A%29+AS+%60Rows%60%2C+%60wp_status%60+FROM+%60tc_wellness_plan%60+GROUP+BY+%60wp_status%60+ORDER+BY+%60wp_status%60"><img alt="Browse distinct values" src="http://192.168.137.58/phpmyadmin/themes/original/img/b_browse.png" style="height:16px; margin:0px; width:16px" /></a></td>\r\n			<td style="vertical-align:top"><a href="http://192.168.137.58/phpmyadmin/tbl_alter.php?db=tulasi_db&table=tc_wellness_plan&token=d3065c6206a944a3d791b7c931e69170&goto=tbl_structure.php&back=tbl_structure.php&field=wp_status"><img alt="Change" src="http://192.168.137.58/phpmyadmin/themes/original/img/b_edit.png" style="height:16px; margin:0px; width:16px" /></a></td>\r\n			<td style="vertical-align:top"><a href="http://192.168.137.58/phpmyadmin/sql.php?db=tulasi_db&table=tc_wellness_plan&token=d3065c6206a944a3d791b7c931e69170&goto=tbl_structure.php&back=tbl_structure.php&sql_query=ALTER+TABLE+%60tc_wellness_plan%60+DROP+%60wp_status%60&cpurge=1&purgekey=wp_status&zero_rows=Field+wp_status+has+been+dropped"><img alt="Drop" src="http://192.168.137.58/phpmyadmin/themes/original/img/b_drop.png" style="height:16px; margin:0px; width:16px" /></a></td>\r\n			<td style="vertical-align:top"><a href="http://192.168.137.58/phpmyadmin/sql.php?db=tulasi_db&table=tc_wellness_plan&token=d3065c6206a944a3d791b7c931e69170&goto=tbl_structure.php&back=tbl_structure.php&sql_query=ALTER+TABLE+%60tc_wellness_plan%60+DROP+PRIMARY+KEY%2C+ADD+PRIMARY+KEY%28%60wp_status%60%29&zero_rows=A+primary+key+has+been+added+on+wp_status"><img alt="Primary" src="http://192.168.137.58/phpmyadmin/themes/original/img/b_primary.png" style="height:16px; margin:0px; width:16px" /></a></td>\r\n			<td style="vertical-align:top"><a href="http://192.168.137.58/phpmyadmin/sql.php?db=tulasi_db&table=tc_wellness_plan&token=d3065c6206a944a3d791b7c931e69170&goto=tbl_structure.php&back=tbl_structure.php&sql_query=ALTER+TABLE+%60tc_wellness_plan%60+ADD+UNIQUE%28%60wp_status%60%29&zero_rows=An+index+has+been+added+on+wp_status"><img alt="Unique" src="http://192.168.137.58/phpmyadmin/themes/original/img/b_unique.png" style="height:16px; margin:0px; width:16px" /></a></td>\r\n			<td style="vertical-align:top"><a href="http://192.168.137.58/phpmyadmin/sql.php?db=tulasi_db&table=tc_wellness_plan&token=d3065c6206a944a3d791b7c931e69170&goto=tbl_structure.php&back=tbl_structure.php&sql_query=ALTER+TABLE+%60tc_wellness_plan%60+ADD+INDEX%28%60wp_status%60%29&zero_rows=An+index+has+been+added+on+wp_status"><img alt="Index" src="http://192.168.137.58/phpmyadmin/themes/original/img/b_index.png" style="height:16px; margin:0px; width:16px" /></a></td>\r\n			<td style="vertical-align:top"><img alt="Fulltext" src="http://192.168.137.58/phpmyadmin/themes/original/img/bd_ftext.png" style="height:16px; margin:0px; width:16px" /></td>\r\n		</tr>\r\n		<tr>\r\n			<td style="vertical-align:top"> </td>\r\n			<th style="background-position:initial; background-repeat:initial; vertical-align:top">wp_cdate</th>\r\n			<td style="vertical-align:top">timestamp</td>\r\n			<td style="vertical-align:top"> </td>\r\n			<td style="vertical-align:top"> </td>\r\n			<td style="vertical-align:top">Yes</td>\r\n			<td style="vertical-align:top">CURRENT_TIMESTAMP</td>\r\n			<td style="vertical-align:top"> </td>\r\n			<td style="vertical-align:top"><a href="http://192.168.137.58/phpmyadmin/sql.php?db=tulasi_db&table=tc_wellness_plan&token=d3065c6206a944a3d791b7c931e69170&goto=tbl_structure.php&back=tbl_structure.php&sql_query=SELECT+COUNT%28%2A%29+AS+%60Rows%60%2C+%60wp_cdate%60+FROM+%60tc_wellness_plan%60+GROUP+BY+%60wp_cdate%60+ORDER+BY+%60wp_cdate%60"><img alt="Browse distinct values" src="http://192.168.137.58/phpmyadmin/themes/original/img/b_browse.png" style="height:16px; margin:0px; width:16px" /></a></td>\r\n			<td style="vertical-align:top"><a href="http://192.168.137.58/phpmyadmin/tbl_alter.php?db=tulasi_db&table=tc_wellness_plan&token=d3065c6206a944a3d791b7c931e69170&goto=tbl_structure.php&back=tbl_structure.php&field=wp_cdate"><img alt="Change" src="http://192.168.137.58/phpmyadmin/themes/original/img/b_edit.png" style="height:16px; margin:0px; width:16px" /></a></td>\r\n			<td style="vertical-align:top"><a href="http://192.168.137.58/phpmyadmin/sql.php?db=tulasi_db&table=tc_wellness_plan&token=d3065c6206a944a3d791b7c931e69170&goto=tbl_structure.php&back=tbl_structure.php&sql_query=ALTER+TABLE+%60tc_wellness_plan%60+DROP+%60wp_cdate%60&cpurge=1&purgekey=wp_cdate&zero_rows=Field+wp_cdate+has+been+dropped"><img alt="Drop" src="http://192.168.137.58/phpmyadmin/themes/original/img/b_drop.png" style="height:16px; margin:0px; width:16px" /></a></td>\r\n			<td style="vertical-align:top"><a href="http://192.168.137.58/phpmyadmin/sql.php?db=tulasi_db&table=tc_wellness_plan&token=d3065c6206a944a3d791b7c931e69170&goto=tbl_structure.php&back=tbl_structure.php&sql_query=ALTER+TABLE+%60tc_wellness_plan%60+DROP+PRIMARY+KEY%2C+ADD+PRIMARY+KEY%28%60wp_cdate%60%29&zero_rows=A+primary+key+has+been+added+on+wp_cdate"><img alt="Primary" src="http://192.168.137.58/phpmyadmin/themes/original/img/b_primary.png" style="height:16px; margin:0px; width:16px" /></a></td>\r\n			<td style="vertical-align:top"><a href="http://192.168.137.58/phpmyadmin/sql.php?db=tulasi_db&table=tc_wellness_plan&token=d3065c6206a944a3d791b7c931e69170&goto=tbl_structure.php&back=tbl_structure.php&sql_query=ALTER+TABLE+%60tc_wellness_plan%60+ADD+UNIQUE%28%60wp_cdate%60%29&zero_rows=An+index+has+been+added+on+wp_cdate"><img alt="Unique" src="http://192.168.137.58/phpmyadmin/themes/original/img/b_unique.png" style="height:16px; margin:0px; width:16px" /></a></td>\r\n			<td style="vertical-align:top"><a href="http://192.168.137.58/phpmyadmin/sql.php?db=tulasi_db&table=tc_wellness_plan&token=d3065c6206a944a3d791b7c931e69170&goto=tbl_structure.php&back=tbl_structure.php&sql_query=ALTER+TABLE+%60tc_wellness_plan%60+ADD+INDEX%28%60wp_cdate%60%29&zero_rows=An+index+has+been+added+on+wp_cdate"><img alt="Index" src="http://192.168.137.58/phpmyadmin/themes/original/img/b_index.png" style="height:16px; margin:0px; width:16px" /></a></td>\r\n			<td style="vertical-align:top"><img alt="Fulltext" src="http://192.168.137.58/phpmyadmin/themes/original/img/bd_ftext.png" style="height:16px; margin:0px; width:16px" /><br />\r\n			 </td>\r\n		</tr>\r\n	</tbody>\r\n</table>\r\n', 'Inactive', '2014-05-30 08:43:18', '2014-06-20'),
(2, 1, 'WLT', 32, 'Test Plan 21', '<p><strong>Lorem</strong> <strong>ipsum</strong> dolor sit amet, consectetuer adipiscing elit. Nam cursus. Morbi ut mi. Nullam enim leo, egestas id, condimentum at, laoreet mattis, massa. Sed eleifend nonummy diam. Praesent mauris ante, elementum et, bibendum at, posuere sit amet, nibh. Duis tincidunt lectus quis dui viverra vestibulum. Suspendisse vulputate aliquam dui. Nulla elementum dui ut augue. Aliquam vehicula mi at mauris. Maecenas placerat, nisl at consequat rhoncus, sem nunc gravida justo, quis eleifend arcu velit quis lacus. Morbi magna magna, tincidunt a, mattis non, imperdiet vitae, tellus. Sed odio est, auctor ac, sollicitudin in, consequat vitae, orci. Fusce id felis. <span style="color:#FF8C00">Vivamus sollicitudin metus eget eros.</span></p>\r\n\r\n<p>Pellentesque habitant morbi tristique senectus et netus et malesuada fames ac turpis egestas. In posuere felis nec tortor. Pellentesque faucibus. Ut accumsan ultricies elit. Maecenas at justo id velit placerat molestie. Donec dictum lectus non odio. Cras a ante vitae enim iaculis aliquam. Mauris nunc quam, venenatis nec, euismod sit amet, egestas placerat, est. Pellentesque habitant morbi tristique senectus et netus et malesuada fames ac turpis egestas. Cras id elit. Integer quis urna. Ut ante enim, dapibus malesuada, fringilla eu, condimentum quis, tellus. Aenean porttitor eros vel dolor. Donec convallis pede venenatis nibh. Duis quam. Nam eget lacus. Aliquam erat volutpat. Quisque dignissim congue leo.</p>\r\n\r\n<p>Mauris vel lacus vitae felis vestibulum volutpat. <span style="color:#008000">Etiam est nunc, venenatis in, tristique eu, imperdiet ac, nisl. Cum sociis natoque penatibus et magnis dis parturient montes, nascetur ridiculus mus. </span>In iaculis facilisis massa. Etiam eu urna. Sed porta. Suspendisse quam leo, molestie sed, luctus quis, feugiat in, pede. Fusce tellus. Sed metus augue, convallis et, vehicula ut, pulvinar eu, ante. Integer orci tellus, tristique vitae, consequat nec, porta vel, lectus. Nulla sit amet diam. Duis non nunc. Nulla rhoncus dictum metus. Curabitur tristique mi condimentum orci. Phasellus pellentesque aliquam enim. Proin dui lectus, cursus eu, mattis laoreet, viverra sit amet, quam. Curabitur vel dolor ultrices ipsum dictum tristique. Praesent vitae lacus. Ut velit enim, vestibulum non, fermentum nec, hendrerit quis, leo. Pellentesque rutrum malesuada neque.</p>\r\n', 'Inactive', '2014-05-30 11:38:11', '0000-00-00'),
(3, 98, 'WPM', 32, 'Healthy Staff1', '<p>Lorem ipsum dolor sit amet, <strong>consectetur adipiscing elit.</strong> Curabitur bibendum ornare dolor, quis ullamcorper ligula sodales at. Nulla tellus elit, varius non commodo eget, mattis vel eros.<span style="color:#DAA520"> In sed ornare nulla</span>.</p>\r\n\r\n<p>Lorem ipsum dolor sit amet, consectetur adipiscing elit. Curabitur bibendum ornare dolor, quis ullamcorper ligula sodales at. Nulla tellus elit, varius non commodo eget, mattis vel eros. In sed ornare nulla.</p>\r\n', 'Inactive', '2014-06-25 08:23:43', '0000-00-00'),
(4, 1, 'WLT', 32, 'Toplogic Health', '<p><strong>Lorem Ipsum</strong><span style="color:rgb(0, 0, 0)"> is simply dummy text of the printing and typesetting industry. Lorem Ipsum has been the industry''s standard dummy text ever since the 1500s, when an unknown printer took a galley of type and scrambled it to make a type specimen book. It has survived not only five centuries, but also the leap into electronic typesetting, remaining essentially unchanged. It was popularised in the 1960s with the release of Letraset sheets containing Lorem Ipsum passages, and more recently with desktop publishing software like Aldus PageMaker including versions of Lorem Ipsum.</span></p>\r\n', 'Active', '2014-08-19 05:05:13', '0000-00-00'),
(5, 98, 'WPM', 32, 'Healthy Life Forever', '<p>There are many variations of passages of Lorem Ipsum available, but the majority have suffered alteration in some form, by injected humour, or randomised words which don''t look even slightly believable. If you are going to use a passage of Lorem Ipsum, you need to be sure there isn''t anything embarrassing hidden in the middle of text. All the Lorem Ipsum generators on the Internet tend to repeat predefined chunks as necessary, making this the first true generator on the Internet. It uses a dictionary of over 200 Latin words, combined with a handful of model sentence structures, to generate Lorem Ipsum which looks reasonable. The generated Lorem Ipsum is therefore always free from repetition, injected humour, or non-characteristic words etc.</p>\r\n\r\n<table border="0" cellpadding="0" cellspacing="0" style="width:100%">\r\n	<tbody>\r\n		<tr>\r\n			<td style="vertical-align:middle"> </td>\r\n			<td style="text-align:left; vertical-align:middle">\r\n			<table align="left" border="0" cellpadding="0" cellspacing="0">\r\n				<tbody>\r\n					<tr>\r\n						<td style="height:20px; vertical-align:middle"> </td>\r\n						<td style="height:20px; vertical-align:middle">paragraphs</td>\r\n					</tr>\r\n					<tr>\r\n						<td style="height:20px; vertical-align:middle"> </td>\r\n						<td style="height:20px; vertical-align:middle">words</td>\r\n					</tr>\r\n					<tr>\r\n						<td style="height:20px; vertical-align:middle"> </td>\r\n						<td style="height:20px; vertical-align:middle">bytes</td>\r\n					</tr>\r\n					<tr>\r\n						<td style="height:20px; vertical-align:middle"> </td>\r\n						<td style="height:20px; vertical-align:middle">lists</td>\r\n					</tr>\r\n				</tbody>\r\n			</table>\r\n			</td>\r\n		</tr>\r\n	</tbody>\r\n</table>\r\n', 'Inactive', '2014-08-19 08:33:23', '0000-00-00'),
(6, 98, 'WPM', 32, 'Healthy Life', '<p><span style="color:rgb(0, 0, 0)">The standard chunk of Lorem Ipsum used since the 1500s is reproduced below for those interested. Sections 1.10.32 and 1.10.33 from "de Finibus Bonorum et Malorum" by Cicero are also reproduced in their exact original form, accompanied by English versions from the 1914 translation by H. Rackham.</span></p>\r\n', 'Inactive', '2014-08-19 08:45:41', '0000-00-00'),
(7, 98, 'WPM', 32, 'test', '<p>test</p>\r\n', 'Active', '2014-08-23 07:58:25', '0000-00-00');

-- --------------------------------------------------------

--
-- Table structure for table `th_employer_wpms`
--

CREATE TABLE IF NOT EXISTS `th_employer_wpms` (
  `ec_id` int(11) NOT NULL AUTO_INCREMENT,
  `wpm_id_fkx` int(11) NOT NULL COMMENT 'User id of WPM in th_users table with role 9',
  `user_id_fkx` int(11) NOT NULL,
  `reg_date` timestamp NULL DEFAULT CURRENT_TIMESTAMP,
  `wpm_status` varchar(10) DEFAULT 'Active' COMMENT 'Active,Inactive',
  `students` tinyint(4) NOT NULL DEFAULT '0' COMMENT '1-> Manage Students',
  PRIMARY KEY (`ec_id`)
) ENGINE=InnoDB  DEFAULT CHARSET=latin1 AUTO_INCREMENT=4 ;

--
-- Dumping data for table `th_employer_wpms`
--

INSERT INTO `th_employer_wpms` (`ec_id`, `wpm_id_fkx`, `user_id_fkx`, `reg_date`, `wpm_status`, `students`) VALUES
(1, 99, 32, '2014-06-10 10:40:53', 'Active', 1),
(2, 100, 32, '2014-06-10 11:43:04', 'Active', 1),
(3, 98, 32, '2014-06-10 11:55:45', 'Active', 1);

-- --------------------------------------------------------

--
-- Table structure for table `th_employer_wp_files`
--

CREATE TABLE IF NOT EXISTS `th_employer_wp_files` (
  `id` int(11) NOT NULL AUTO_INCREMENT,
  `wp_id` int(11) NOT NULL,
  `filename` varchar(150) NOT NULL,
  `filepath` varchar(150) NOT NULL,
  `cerated` timestamp NOT NULL DEFAULT CURRENT_TIMESTAMP,
  PRIMARY KEY (`id`),
  KEY `fc_id` (`wp_id`)
) ENGINE=InnoDB  DEFAULT CHARSET=latin1 AUTO_INCREMENT=7 ;

--
-- Dumping data for table `th_employer_wp_files`
--

INSERT INTO `th_employer_wp_files` (`id`, `wp_id`, `filename`, `filepath`, `cerated`) VALUES
(2, 6, 'organisational Metrics.docx', 'wp_6_14087092296213.docx', '2014-08-22 12:07:09'),
(4, 7, 'newseventsimages.jpg', 'wp_7_14089420253045.jpg', '2014-08-25 04:47:05'),
(5, 7, '1.-balancing-squat-420x420.jpg', 'wp_7_14089420701655.jpg', '2014-08-25 04:47:50'),
(6, 4, 'images.jpg', 'wp_4_14089446852205.jpg', '2014-08-25 05:31:25');

-- --------------------------------------------------------

--
-- Table structure for table `th_employer_wp_template`
--

CREATE TABLE IF NOT EXISTS `th_employer_wp_template` (
  `id` int(11) NOT NULL AUTO_INCREMENT,
  `user_id_fkx` int(11) NOT NULL,
  `wp_id` int(11) NOT NULL,
  `status` varchar(10) NOT NULL,
  PRIMARY KEY (`id`)
) ENGINE=InnoDB  DEFAULT CHARSET=latin1 AUTO_INCREMENT=3 ;

--
-- Dumping data for table `th_employer_wp_template`
--

INSERT INTO `th_employer_wp_template` (`id`, `user_id_fkx`, `wp_id`, `status`) VALUES
(2, 32, 3, 'Active');

-- --------------------------------------------------------

--
-- Table structure for table `th_events`
--

CREATE TABLE IF NOT EXISTS `th_events` (
  `tc_evnt_id` int(11) NOT NULL AUTO_INCREMENT,
  `rgs_id_fkx` int(10) unsigned NOT NULL,
  `event_name` varchar(255) DEFAULT NULL,
  `ev_category` varchar(50) DEFAULT NULL,
  `ev_orgname` varchar(100) DEFAULT NULL,
  `ev_start_date` date DEFAULT NULL,
  `ev_end_date` date DEFAULT NULL,
  `ev_street` varchar(100) NOT NULL,
  `ev_zip` int(11) DEFAULT NULL,
  `ev_state` varchar(100) DEFAULT NULL,
  `ev_city` varchar(100) DEFAULT NULL,
  `ev_longi` double DEFAULT NULL,
  `ev_lati` double DEFAULT NULL,
  `ev_descp` text,
  `ev_broch` varchar(100) DEFAULT NULL,
  `ev_wsite` varchar(50) DEFAULT NULL,
  `ev_orgnisername` varchar(100) DEFAULT NULL,
  `ev_orgcon` varchar(25) DEFAULT NULL,
  `contact_person` varchar(50) DEFAULT NULL,
  `ev_thumb` varchar(100) DEFAULT NULL,
  `ev_image` varchar(100) DEFAULT NULL,
  `tc_posted_by` varchar(100) DEFAULT NULL COMMENT 'Null: by participant,admin: by admin, NC: by Nutritonist coach, FC: by Fitness coach,NFC: Nutrition and fitness coach',
  `ev_status` tinyint(4) DEFAULT '1',
  `ev_timestmp` timestamp NULL DEFAULT CURRENT_TIMESTAMP,
  `event_activity` varchar(100) DEFAULT NULL,
  `ev_audience` varchar(5) DEFAULT NULL,
  PRIMARY KEY (`tc_evnt_id`)
) ENGINE=InnoDB  DEFAULT CHARSET=latin1 AUTO_INCREMENT=15 ;

--
-- Dumping data for table `th_events`
--

INSERT INTO `th_events` (`tc_evnt_id`, `rgs_id_fkx`, `event_name`, `ev_category`, `ev_orgname`, `ev_start_date`, `ev_end_date`, `ev_street`, `ev_zip`, `ev_state`, `ev_city`, `ev_longi`, `ev_lati`, `ev_descp`, `ev_broch`, `ev_wsite`, `ev_orgnisername`, `ev_orgcon`, `contact_person`, `ev_thumb`, `ev_image`, `tc_posted_by`, `ev_status`, `ev_timestmp`, `event_activity`, `ev_audience`) VALUES
(1, 0, 'Running And Bicycling Event', NULL, NULL, '2016-03-06', '2016-03-07', 'lucknow', 55555, 'MN', 'YOUNG AMERICA', -93.90999999999997, 44.78, 'Running And Bicycling Event Running And Bicycling Event Running And Bicycling Event', NULL, NULL, 'Zafar Iqbal Khan', '7860158305', NULL, NULL, 'photos/event/image/img_PiqhikI77rHdmTgyEoHD.jpg', 'admin', 1, '2016-03-05 10:37:34', '39,40', 'E'),
(2, 0, 'Merathan Long Running', NULL, NULL, '2016-03-07', '2016-03-07', 'lucknow', 12345, 'NY', 'SCHENECTADY', -73.92000000000002, 42.8, 'rtrttete', NULL, NULL, 'sheetal', '9876543210', NULL, NULL, 'photos/event/image/img_KhnR3t6RQnmFazWDq83A.jpg', 'admin', 1, '2016-03-05 10:58:09', '40', 'E'),
(3, 0, 'Lucknow Bicycling event', NULL, 'Zafar', '2016-03-08', '2016-03-08', 'lucknow', 55555, 'MN', 'YOUNG AMERICA', -93.90999999999997, 44.78, 'After Evelyn Stevens broke the women’s UCI World Hour Record last Saturday, the first person to grab a one-on-one interview wasn’t the big media outlets—it was nine-year-old Abby Henderson, AKA “Abby the Awesome.” Abby’s interview—which goes way deeper than your typical post-race wrap-up—is the first of what the enterprising young reporter promises to be a series of interviews with athletes. Watch as Abby captures Stevens'' interests on and off the bike in a video she edited herself—and subscribe to Abby the Awesome’s channel for more upcoming “Face to Face” interviews with other inspiring names in sport.', NULL, NULL, 'Zafar', '7860158305', NULL, NULL, 'photos/event/image/img_mT4YdojQbrFAAyeoiDz1.jpg', 'admin', 1, '2016-03-05 11:23:56', '39', 'E'),
(4, 1, 'Rajwant''s Merathan', NULL, NULL, '2016-03-05', '2016-03-07', 'yuganda', 12345, 'MN', 'YOUNG AMERICA', -93.90999999999997, 44.78, 'Could Eating Lower Your Blood Pressure? This Study Finds Out You''ve heard this before. A bowl of yogurt is good for you. First off, let''s nto foegt that yogurt is made with milk which is packed with protein and other nutrients like calcium, vitamin', 'photos/event/brochure/br_FcMCwcuZd6KizQcgYYR8.jpg', NULL, 'Rajwant Singh', '9697952233', NULL, NULL, 'photos/event/image/img_enoBFASTcxTJ7Hxlg4pq.jpg', NULL, 1, '2016-03-05 11:32:02', '40,41', 'E'),
(5, 32, 'Toplogic Hiking and Bicycling Event ', NULL, NULL, '2016-03-07', '2016-03-07', 'Ravindrapalli', 12345, 'NY', 'SCHENECTADY', -73.92000000000002, 42.8, 'Group of scientists are challenging the now conventional wisdom that a low-sodium diet is better for your long-term health, asking whether people should take official advice on the matter with a pinch of salt.', NULL, NULL, 'Mohd Jafar Iqbal Khan', '9876543210', NULL, NULL, 'photos/event/image/img_Rnlsy7WgDdknP2ZXlnUy.jpg', 'Company', 1, '2016-03-05 11:51:05', '63,64', '3'),
(6, 98, 'Climbing Event by Tom', NULL, 'Tom Hanks', '2016-03-10', '2016-03-12', 'Raurkela', 55555, 'MN', 'YOUNG AMERICA', -93.90999999999997, 44.78, 'Group of scientists are challenging the now conventional wisdom that a low-sodium diet is better for your long-term health, asking whether people should take official advice on the matter with a pinch of salt.', NULL, NULL, 'Tom Hanks', '9876543210', NULL, NULL, 'photos/event/image/img_DFlRgh8kfy5j5AoEHXQI.jpg', 'NC', 1, '2016-03-05 11:59:25', '51', 'C'),
(7, 41, 'Health Event by Bassel Doe', NULL, 'Mohd Jafar Iqbal Khan', '2016-03-05', '2016-03-10', 'Ravindrapalli', 55555, 'MN', 'YOUNG AMERICA', -93.90999999999997, 44.78, '5uyioo', NULL, NULL, 'Mohd Jafar Iqbal Khan', '9876543210', NULL, NULL, 'photos/event/image/img_W1dLdIZfGWlnwR99fcGZ.jpg', 'NC', 1, '2016-03-05 13:27:32', '7,14,16,34', 'E'),
(8, 0, '10 Km Marathon', NULL, 'TulasiHealth', '2016-07-31', '2016-07-31', 'Goerge M Road', 12345, 'NY', 'SCHENECTADY', -73.92000000000002, 42.8, '10 Km Marathon', NULL, NULL, 'TulasiHealth', '02314567998', NULL, NULL, 'photos/event/image/img_PPTPrUBPKRst6aA3hLyd.jpg', 'admin', 1, '2016-07-28 12:09:56', '39,40', 'E'),
(9, 132, 'Bicycling Marathon 20 km', NULL, 'Health is Wealth Group', '2016-08-07', '2016-08-07', 'Washington Park Road', 12345, 'NY', 'SCHENECTADY', -73.92000000000002, 42.8, 'Bicycling Marathon 20 km', 'photos/event/brochure/br_CqJW7mRXIzJD5KGte9zs.pdf', NULL, 'Health is Wealth Group', '9631245782', NULL, NULL, 'photos/event/image/img_MqI2RS1a3bIioyKryIq5.jpg', NULL, 1, '2016-07-29 05:04:26', '39', 'E'),
(10, 132, 'Group Yoga', NULL, 'Health is Wealth Group', '2016-07-31', '2016-07-31', '50/51 Narain Nagar Indira Nagar', 12345, 'NY', 'SCHENECTADY', -73.92000000000002, 42.8, 'Group Yoga Event', NULL, NULL, 'Health is Wealth Group', '9865321245', NULL, NULL, 'photos/event/image/img_83TAWIY4HMzupPnhxWEf.jpg', NULL, 1, '2016-07-29 05:45:48', '43', 'E'),
(11, 41, 'Fitness Test Camp', NULL, 'Bassel Health Club', '2016-08-06', '2016-08-08', 'MGM Road', 12345, 'NY', 'SCHENECTADY', -73.92000000000002, 42.8, 'Fitness Test Camp for 14-50 years of age group', NULL, NULL, 'Bassel Health Club', '3265987412', NULL, NULL, 'photos/event/image/img_xF2dr4Rb9wIKq4bIG7kg.jpg', 'NC', 1, '2016-07-29 06:18:24', '62', 'E'),
(12, 32, 'Walk for Health 5 km', NULL, 'Toplogic', '2016-07-31', '2016-07-31', '50/51 Narain Nagar Indira Nagar', 12345, 'NY', 'SCHENECTADY', -73.91356269836427, 42.79886641190631, 'Walk for Health 5 km', NULL, NULL, 'Toplogic', '9565321478', NULL, NULL, 'photos/event/image/img_BUB87PB6cGhUqfZ6UEyz.jpg', 'Company', 1, '2016-07-29 06:56:54', '71', '1'),
(13, 0, 'Demo Event by admin', NULL, 'Toplogic', '2016-09-24', '2016-09-28', 'Narain Nagar', 501, 'NY', 'HOLTSVILLE', -73.04957169580075, 40.814856531136016, 'Please attent this event.', 'photos/event/brochure/br_FpKXGDgBntIYPo9kkdHm.png', 'http://toplogic.in', 'Toplogic', '9795557422', NULL, NULL, 'photos/event/image/img_w7aPqrrnEKjc3W1zp72D.png', 'admin', 1, '2016-09-24 07:58:36', '39', 'E'),
(14, 41, 'Running Marathon', NULL, 'Bassel Doe', '2016-09-25', '2016-09-25', '50/51 Narain Nagar Indira Nagar', 12345, 'NY', 'SCHENECTADY', -73.92049352645876, 42.80037785808279, '', NULL, NULL, 'Bassel Doe', '9856321475', NULL, NULL, 'photos/event/image/img_3qKRHo5Cw6AZmsSwcfEB.jpg', 'NC', 1, '2016-09-24 08:05:48', '72', 'E');

-- --------------------------------------------------------

--
-- Table structure for table `th_events_backup`
--

CREATE TABLE IF NOT EXISTS `th_events_backup` (
  `tc_evnt_id` int(11) NOT NULL AUTO_INCREMENT,
  `rgs_id_fkx` int(10) unsigned NOT NULL,
  `event_name` varchar(255) DEFAULT NULL,
  `ev_category` varchar(50) DEFAULT NULL,
  `ev_orgname` varchar(100) DEFAULT NULL,
  `ev_start_date` date DEFAULT NULL,
  `ev_end_date` date DEFAULT NULL,
  `ev_street` varchar(100) NOT NULL,
  `ev_zip` int(11) DEFAULT NULL,
  `ev_state` varchar(100) DEFAULT NULL,
  `ev_city` varchar(100) DEFAULT NULL,
  `ev_longi` double DEFAULT NULL,
  `ev_lati` double DEFAULT NULL,
  `ev_descp` text,
  `ev_broch` varchar(100) DEFAULT NULL,
  `ev_wsite` varchar(50) DEFAULT NULL,
  `ev_orgnisername` varchar(100) DEFAULT NULL,
  `ev_orgcon` varchar(25) DEFAULT NULL,
  `contact_person` varchar(50) DEFAULT NULL,
  `ev_thumb` varchar(100) DEFAULT NULL,
  `ev_image` varchar(100) DEFAULT NULL,
  `tc_posted_by` varchar(100) DEFAULT NULL COMMENT 'Null: by participant,admin: by admin, NC: by Nutritonist coach, FC: by Fitness coach,NFC: Nutrition and fitness coach',
  `ev_status` tinyint(4) DEFAULT '1',
  `ev_timestmp` timestamp NULL DEFAULT CURRENT_TIMESTAMP,
  `event_activity` varchar(100) DEFAULT NULL,
  `ev_audience` varchar(5) DEFAULT NULL,
  PRIMARY KEY (`tc_evnt_id`)
) ENGINE=InnoDB  DEFAULT CHARSET=latin1 AUTO_INCREMENT=177 ;

--
-- Dumping data for table `th_events_backup`
--

INSERT INTO `th_events_backup` (`tc_evnt_id`, `rgs_id_fkx`, `event_name`, `ev_category`, `ev_orgname`, `ev_start_date`, `ev_end_date`, `ev_street`, `ev_zip`, `ev_state`, `ev_city`, `ev_longi`, `ev_lati`, `ev_descp`, `ev_broch`, `ev_wsite`, `ev_orgnisername`, `ev_orgcon`, `contact_person`, `ev_thumb`, `ev_image`, `tc_posted_by`, `ev_status`, `ev_timestmp`, `event_activity`, `ev_audience`) VALUES
(55, 32, 'Alok Company', '4', NULL, '2016-03-05', '2016-03-08', 'abc', 12345, 'NY', 'SCHENECTADY', -73.057573242188, 43.017264050879, 'fdsfdf', 'photos/event/brochure/b_592522001371280.pdf', 'http://facebook.com', 'abc', '9795766770', NULL, 'photos/event/thumb/t_592522001371280.jpg', 'photos/event/image/img_sGngDisAIHBFnG9YDpUq.png', 'Company', 1, '2013-06-15 07:07:58', '57,59', '3'),
(83, 32, 'Serenity', NULL, NULL, '2016-03-08', '2016-03-09', 'crge-Sri Street', 501, 'NY', 'HOLTSVILLE', NULL, NULL, 'this event not only train people for yoga but also backoned by serenity.', NULL, 'http://', 'Patanjali', '0522525252', NULL, NULL, 'photos/event/image/img_9ChzXx5jFSDboQN5JcWu.png', 'Company', 1, '2013-07-30 11:46:28', '58,60,64', '1'),
(94, 41, 'Utkarsh Fest', NULL, NULL, '2013-11-15', '2013-12-26', 'crge-Sri Street', 501, 'NY', 'HOLTSVILLE', -73.0451085, 40.8153762, 'dfgsghfhf', 'photos/event/brochure/b_736526001384952.jpg', 'http://toplogin.in', 'Toplogic', '9554483905', NULL, 'photos/event/thumb/t_736526001384952.png', 'photos/event/image/i_736526001384952.png', 'NC', 1, '2013-11-12 13:04:29', '11,12,13', 'C'),
(95, 41, 'Sheetal Fest', NULL, NULL, '2013-12-19', '2013-12-28', 'crge-Sri Street', 501, 'NY', 'HOLTSVILLE', NULL, NULL, 'hahfkjdhfd', 'photos/event/brochure/b_425117001384586.jpg', 'http://toplogin.in', 'Albert Crew', '9554483905', NULL, 'photos/event/thumb/t_425117001384586.jpg', 'photos/event/image/i_425117001384586.jpg', 'NC', 1, '2013-11-13 04:50:12', '7,11', 'C'),
(131, 1, 'Test', NULL, NULL, '2016-03-10', '2016-03-12', '123123', 501, 'NY', 'HOLTSVILLE', -73.04227608728024, 40.81648048282016, 'Lorem Ipsum is simply dummy text of the printing and typesetting industry. Lorem Ipsum has been the industry''s  ', 'photos/event/brochure/br_14069862128129.gif', NULL, 'Test', '1123123', NULL, NULL, 'photos/event/image/img_14069862130821.jpg', NULL, 1, '2016-03-03 18:30:00', '39', 'E'),
(139, 41, 'hsdakjh', NULL, 'fdgd', '2014-08-04', '2014-08-23', 'gdfg', 501, 'NY', 'HOLTSVILLE', -73.0451085, 40.8153762, 'gdfjkldj', 'photos/event/brochure/br_14071510873623.jpg', NULL, 'fdgd', '465465464', NULL, NULL, 'photos/event/image/img_14071510873658.png', 'NC', 1, '2014-08-04 11:18:07', '7,11,12', 'C'),
(148, 109, 'ABC', NULL, NULL, '2014-08-16', '2014-08-30', 'dsfs', 501, 'NY', 'HOLTSVILLE', -73.0451085, 40.8153762, 'dfsdfsf', 'photos/event/brochure/br_14081781373205.jpg', NULL, 'ABC', '9554483905', NULL, NULL, 'photos/event/image/img_14081781373229.jpg', 'admin', 1, '2014-08-16 08:35:37', '41', 'E'),
(152, 97, 'Testing', NULL, 'Test', '2015-10-05', '2015-10-13', '123', 12345, 'NY', 'SCHENECTADY', -73.92000000000002, 42.8, 'Test', 'photos/event/brochure/br_TsRZ3oPi8j3XCjGMtXua.jpg', NULL, 'Test', 'Test', NULL, NULL, 'photos/event/image/img_clHRH72iuiFixxlbiTjM.jpg', NULL, 1, '2015-10-05 11:28:44', '39,40', 'E'),
(153, 41, 'Test', NULL, 'Test', '2015-10-10', '2015-10-15', 'street', 12345, 'NY', 'SCHENECTADY', -73.92000000000002, 42.8, NULL, NULL, NULL, 'Test', '786786786', NULL, NULL, NULL, 'NC', 1, '2015-10-06 06:53:15', '57,58', 'E'),
(154, 98, 'Test2', NULL, NULL, '2015-10-14', '2015-10-17', '34wer34', 12345, 'NY', 'SCHENECTADY', -73.92197410583498, 42.79987404679295, NULL, NULL, NULL, 'Test', '897897987897', NULL, NULL, NULL, 'NC', 1, '2015-10-06 08:06:49', '58,67', '1'),
(156, 32, 'Test2', NULL, NULL, '2015-10-14', '2015-10-23', '123', 12345, 'NY', 'SCHENECTADY', -73.92000000000002, 42.8, NULL, NULL, NULL, 'Test', '9865632236', NULL, NULL, NULL, 'Company', 1, '2015-10-06 09:53:19', '57', '1'),
(157, 1, 'Test Event', NULL, NULL, '2015-10-15', '2015-10-15', '12345', 12345, 'NY', 'SCHENECTADY', -73.92266075134279, 42.80075571385798, NULL, NULL, NULL, 'Test', '1231231', NULL, NULL, NULL, 'admin', 1, '2015-10-07 12:20:49', '39', 'E'),
(158, 1, 'Test Event', NULL, NULL, '2015-10-15', '2015-10-23', '12345', 12345, 'NY', 'SCHENECTADY', NULL, NULL, NULL, NULL, NULL, 'Test', '1231231', NULL, NULL, NULL, 'admin', 1, '2015-10-07 12:26:04', '39', 'E'),
(159, 1, 'my demo event', NULL, 'Zafar', '2016-03-02', '2016-03-08', 'yuganda', 12345, 'NY', 'SCHENECTADY', -73.92000000000002, 42.8, 'wed', NULL, NULL, 'Zafar', '7860158305', NULL, NULL, 'photos/event/image/img_R15ug47tIGuqI3sbeEI5.png', 'admin', 1, '2016-03-02 04:33:51', '39,40', 'E'),
(160, 1, 'demo event jjjj', NULL, 'Zafar', '2016-03-02', '2016-03-18', 'lucknow', 12345, 'NY', 'SCHENECTADY', -73.92000000000002, 42.8, 'hiuhui', NULL, NULL, 'Zafar', '7678767853', NULL, NULL, 'photos/event/image/img_pe6rI2gALDliKXiaqhBh.png', 'admin', 1, '2016-03-02 04:41:40', '40', 'E'),
(161, 111, 'mera event daudo yaaron', NULL, 'Akshay', '2016-03-02', '2016-03-16', 'lucknow', 12345, 'NY', 'SCHENECTADY', -73.92000000000002, 42.8, 'ee', 'photos/event/brochure/br_Zsdf9RBa8jJBEa6GXgC1.jpg', NULL, 'Akshay', '9876543210', NULL, NULL, 'photos/event/image/img_IWPCd3Da7TyHDnwQxP2G.jpg', NULL, 1, '2016-03-02 05:08:28', '40', 'E'),
(162, 98, 'event bu tom', NULL, 'zafar', '2016-03-02', '2016-03-06', 'yuganda', 12345, 'NY', 'SCHENECTADY', -73.92000000000002, 42.8, 'uihi', NULL, NULL, 'zafar', '7860158305', NULL, NULL, 'photos/event/image/img_maMlApgoS8TPQ157yhBb.png', 'NC', 1, '2016-03-02 05:58:29', '52', 'E'),
(163, 98, 'my demo event', NULL, NULL, '2016-03-06', '2016-03-07', 'lucknow', 12345, 'NY', 'SCHENECTADY', -73.92000000000002, 42.8, '2erwtt', NULL, NULL, 'Zafar', '7678767853', NULL, 'photos/event/thumb/t_068645001456898.png', 'photos/event/image/i_068645001456898.png', 'NC', 1, '2016-03-02 06:01:52', '57', '1'),
(173, 98, 'running event', NULL, 'sheetal', '2016-03-03', '2016-03-04', 'lucknow', 22222, 'VA', 'ARLINGTON', -77.10000000000002, 38.87, 'scvdvdfve', NULL, NULL, 'sheetal', '7860158305', NULL, NULL, 'photos/event/image/img_urrzkkBk7cZpi7NGQGPt.png', 'NC', 1, '2016-03-02 11:27:38', '52', 'C'),
(174, 32, 'Cycling Event', NULL, 'Zafar Iqbal Khan', '2016-03-12', '2016-03-13', 'Sitapur', 12121, 'NY', 'MELROSE', NULL, NULL, 'wrfgegg rgererrterter erer', NULL, NULL, 'Zafar Iqbal Khan', '7860158305', NULL, NULL, 'photos/event/image/img_MZdsRKQEBpEumoHfZGCA.jpg', 'Company', 1, '2016-03-02 11:37:12', '64', '3'),
(175, 32, 'rajzwant bicycling 23232', NULL, NULL, '2016-03-02', '2016-03-08', 'lucknow', 32123, 'FL', 'PORT ORANGE', -81.05000000000001, 29.19, 'ergetge rth tryry r', NULL, NULL, 'sheetal', '7678767853', NULL, NULL, 'photos/event/image/img_PKsKIARt1DSYxR8WDJGA.png', 'Company', 1, '2016-03-02 11:44:12', '58', '3'),
(176, 32, 'example demo event', NULL, 'Jafar Iqbal Khan', '2016-03-05', '2016-03-07', 'lucknow', 12345, 'NY', 'SCHENECTADY', -73.92000000000002, 42.8, 'description', NULL, NULL, 'Jafar Iqbal Khan', '7860158305', NULL, NULL, 'photos/event/image/img_mfeja3YxybEhDTaw2TNJ.png', 'Company', 1, '2016-03-04 10:07:49', '57,59', '3');

-- --------------------------------------------------------

--
-- Table structure for table `th_event_registration`
--

CREATE TABLE IF NOT EXISTS `th_event_registration` (
  `id` int(11) NOT NULL AUTO_INCREMENT,
  `rgs_id_fkx` int(10) unsigned NOT NULL,
  `event_id` int(11) DEFAULT NULL,
  `event_type` varchar(10) DEFAULT NULL,
  `register_by` varchar(100) NOT NULL DEFAULT 'Self',
  `event_date` timestamp NOT NULL DEFAULT CURRENT_TIMESTAMP ON UPDATE CURRENT_TIMESTAMP,
  PRIMARY KEY (`id`)
) ENGINE=InnoDB  DEFAULT CHARSET=latin1 AUTO_INCREMENT=12 ;

--
-- Dumping data for table `th_event_registration`
--

INSERT INTO `th_event_registration` (`id`, `rgs_id_fkx`, `event_id`, `event_type`, `register_by`, `event_date`) VALUES
(1, 1, 175, 'Company', 'Self', '2016-03-05 09:52:21'),
(4, 41, 175, 'Company', '1', '2016-03-05 10:02:24'),
(5, 1, 1, 'admin', 'Self', '2016-03-05 11:54:30'),
(6, 1, 3, 'admin', 'Self', '2016-03-06 05:06:26'),
(7, 132, 8, 'admin', 'Self', '2016-07-28 12:31:46'),
(8, 132, 11, 'NC', 'Self', '2016-07-29 06:31:36'),
(9, 1, 11, 'NC', 'Self', '2016-07-29 07:20:50'),
(10, 1, 12, 'Company', 'Self', '2016-07-29 07:21:23'),
(11, 132, 13, 'admin', 'Self', '2016-09-24 08:01:24');

-- --------------------------------------------------------

--
-- Table structure for table `th_event_views`
--

CREATE TABLE IF NOT EXISTS `th_event_views` (
  `ev_id` int(10) NOT NULL AUTO_INCREMENT,
  `event_id_fkx` int(10) NOT NULL,
  `rgs_id_fkx` int(10) unsigned NOT NULL,
  `ev_ip` varchar(40) NOT NULL,
  `ev_time` timestamp NULL DEFAULT CURRENT_TIMESTAMP,
  PRIMARY KEY (`ev_id`)
) ENGINE=InnoDB  DEFAULT CHARSET=latin1 AUTO_INCREMENT=140 ;

--
-- Dumping data for table `th_event_views`
--

INSERT INTO `th_event_views` (`ev_id`, `event_id_fkx`, `rgs_id_fkx`, `ev_ip`, `ev_time`) VALUES
(1, 2, 1, '192.168.1.83', '2012-09-25 13:25:45'),
(2, 1, 1, '192.168.1.83', '2012-09-28 12:03:20'),
(3, 2, 7, '192.168.1.83', '2012-09-25 13:25:45'),
(4, 2, 81, '192.168.1.83', '2012-09-25 13:25:45'),
(5, 1, 81, '192.168.1.83', '2012-09-28 12:03:20'),
(6, 2, 65, '192.168.1.83', '2012-09-25 13:25:45'),
(7, 2, 17, '192.168.1.83', '2012-09-25 13:25:45'),
(8, 2, 23, '192.168.1.83', '2012-09-25 13:25:45'),
(9, 2, 23, '192.168.1.83', '2012-09-25 13:25:45'),
(10, 1, 23, '192.168.1.83', '2012-09-28 12:03:20'),
(11, 3, 7, '192.168.1.83', '2012-10-13 12:01:35'),
(12, 4, 1, '192.168.1.83', '2012-10-11 08:36:55'),
(13, 3, 1, '192.168.1.83', '2012-10-13 12:01:35'),
(14, 5, 1, '192.168.1.83', '2012-10-11 08:36:53'),
(15, 6, 1, '192.168.1.83', '2012-10-10 12:38:37'),
(16, 8, 1, '192.168.1.83', '2012-10-11 08:36:41'),
(17, 12, 1, '192.168.1.83', '2012-11-15 05:20:17'),
(18, 25, 1, '192.168.1.5', '2013-06-04 06:40:09'),
(19, 17, 1, '192.168.137.5', '2013-12-26 07:49:15'),
(20, 9, 1, '192.168.1.83', '2012-10-11 08:36:40'),
(21, 0, 1, '192.168.1.4', '2014-04-04 04:59:37'),
(22, 10, 1, '192.168.1.2', '2012-11-28 07:20:39'),
(23, 11, 7, '192.168.1.83', '2012-10-13 08:48:25'),
(24, 12, 81, '192.168.1.83', '2012-11-15 05:20:17'),
(25, 13, 1, '192.168.1.63', '2013-07-17 11:29:00'),
(26, 14, 1, '192.168.1.83', '2013-01-23 06:43:38'),
(27, 14, 81, '192.168.1.83', '2013-01-23 06:43:38'),
(28, 15, 7, '192.168.1.139', '2013-06-21 04:25:40'),
(29, 14, 63, '192.168.1.83', '2013-01-23 06:43:38'),
(30, 15, 63, '192.168.1.139', '2013-06-21 04:25:40'),
(31, 15, 33, '192.168.1.139', '2013-06-21 04:25:40'),
(32, 10, 81, '192.168.1.2', '2012-11-28 07:20:39'),
(33, 15, 81, '192.168.1.139', '2013-06-21 04:25:40'),
(34, 15, 1, '192.168.1.139', '2013-06-21 04:25:40'),
(35, 13, 63, '192.168.1.63', '2013-07-17 11:29:00'),
(36, 16, 1, '192.168.1.4', '2014-04-14 11:15:09'),
(37, 16, 7, '192.168.1.4', '2014-04-14 11:15:09'),
(38, 16, 63, '192.168.1.4', '2014-04-14 11:15:09'),
(39, 16, 81, '192.168.1.4', '2014-04-14 11:15:09'),
(40, 17, 63, '192.168.137.5', '2013-12-26 07:49:15'),
(42, 17, 65, '192.168.137.5', '2013-12-26 07:49:15'),
(43, 17, 7, '192.168.137.5', '2013-12-26 07:49:15'),
(44, 18, 81, '192.168.137.5', '2013-12-26 07:48:53'),
(45, 18, 63, '192.168.137.5', '2013-12-26 07:48:53'),
(46, 18, 1, '192.168.137.5', '2013-12-26 07:48:53'),
(47, 18, 65, '192.168.137.5', '2013-12-26 07:48:53'),
(48, 18, 61, '192.168.137.5', '2013-12-26 07:48:53'),
(49, 0, 81, '192.168.1.4', '2014-04-04 04:59:37'),
(50, 22, 1, '192.168.1.83', '2013-01-23 06:43:45'),
(51, 21, 1, '192.168.1.83', '2013-01-18 10:35:56'),
(52, 22, 81, '192.168.1.83', '2013-01-23 06:43:45'),
(53, 23, 19, '192.168.1.63', '2013-05-31 13:54:10'),
(54, 24, 1, '192.168.1.63', '2013-06-03 07:27:14'),
(55, 23, 1, '192.168.1.63', '2013-05-31 13:54:10'),
(56, 25, 19, '192.168.1.5', '2013-06-04 06:40:09'),
(57, 26, 19, '192.168.1.5', '2013-06-04 07:07:36'),
(58, 26, 1, '192.168.1.5', '2013-06-04 07:07:36'),
(59, 27, 19, '192.168.1.5', '2013-06-04 07:25:03'),
(60, 28, 19, '192.168.1.139', '2013-06-08 05:11:09'),
(61, 30, 1, '192.168.1.5', '2013-06-04 07:51:55'),
(62, 29, 1, '192.168.1.5', '2013-06-04 07:51:58'),
(63, 0, 19, '192.168.1.4', '2014-04-04 04:59:37'),
(64, 28, 1, '192.168.1.139', '2013-06-08 05:11:09'),
(65, 32, 1, '192.168.1.139', '2013-06-07 10:25:04'),
(66, 32, 81, '192.168.1.139', '2013-06-07 10:25:04'),
(67, 34, 19, '127.0.0.1', '2013-06-10 08:24:12'),
(68, 34, 1, '127.0.0.1', '2013-06-10 08:24:12'),
(69, 35, 1, '192.168.1.139', '2013-06-08 05:19:29'),
(70, 36, 1, '192.168.1.139', '2013-06-08 09:23:12'),
(71, 36, 19, '192.168.1.139', '2013-06-08 09:23:12'),
(72, 37, 1, '192.168.1.139', '2013-06-08 12:05:46'),
(73, 37, 19, '192.168.1.139', '2013-06-08 12:05:46'),
(74, 39, 22, '192.168.1.4', '2014-04-05 11:37:16'),
(75, 39, 1, '192.168.1.4', '2014-04-05 11:37:16'),
(76, 38, 1, '192.168.1.2', '2013-06-22 13:35:37'),
(77, 44, 1, '192.168.1.4', '2014-03-03 07:48:51'),
(78, 44, 19, '192.168.1.4', '2014-03-03 07:48:51'),
(80, 38, 19, '192.168.1.2', '2013-06-22 13:35:37'),
(83, 48, 1, '192.168.1.2', '2013-06-11 11:33:05'),
(85, 46, 1, '192.168.1.139', '2013-06-12 09:16:23'),
(86, 45, 1, '192.168.1.4', '2014-04-05 10:50:00'),
(87, 48, 19, '192.168.1.2', '2013-06-11 11:33:05'),
(89, 49, 1, '192.168.1.4', '2014-04-14 11:14:04'),
(90, 50, 1, '192.168.1.139', '2013-06-11 13:07:02'),
(95, 52, 1, '192.168.1.139', '2013-06-12 09:16:14'),
(97, 53, 1, '127.0.0.1', '2013-06-19 12:15:53'),
(99, 54, 1, '192.168.1.139', '2013-06-15 13:06:25'),
(100, 54, 19, '192.168.1.139', '2013-06-15 13:06:25'),
(102, 55, 1, '192.168.1.4', '2014-04-05 10:50:07'),
(103, 57, 1, '192.168.1.4', '2014-04-14 05:02:29'),
(104, 58, 1, '192.168.1.4', '2014-02-28 08:08:31'),
(105, 61, 1, '127.0.0.1', '2013-06-20 07:57:46'),
(106, 59, 1, '192.168.1.139', '2013-06-18 12:59:55'),
(107, 63, 1, '192.168.1.2', '2013-06-18 12:01:24'),
(108, 62, 1, '192.168.1.63', '2013-06-18 13:35:29'),
(109, 64, 1, '127.0.0.1', '2013-06-19 06:25:07'),
(110, 65, 1, '192.168.1.139', '2013-06-20 06:53:53'),
(111, 60, 1, '192.168.1.139', '2013-06-19 07:30:48'),
(112, 55, 81, '192.168.1.4', '2014-04-05 10:50:07'),
(113, 55, 7, '192.168.1.4', '2014-04-05 10:50:07'),
(115, 66, 1, '192.168.1.2', '2013-06-22 13:35:24'),
(117, 67, 1, '192.168.1.4', '2013-11-14 12:20:34'),
(118, 68, 81, '192.168.1.63', '2013-07-13 08:51:27'),
(120, 76, 81, '192.168.1.63', '2013-07-20 08:00:54'),
(121, 17, 81, '192.168.137.5', '2013-12-26 07:49:15'),
(122, 80, 1, '192.168.1.2', '2013-07-31 11:50:55'),
(123, 79, 1, '192.168.1.63', '2013-07-17 09:18:16'),
(124, 78, 1, '192.168.1.63', '2013-07-17 09:23:09'),
(125, 77, 1, '192.168.1.63', '2013-07-17 11:42:55'),
(126, 81, 1, '192.168.1.2', '2013-07-31 09:00:29'),
(127, 82, 1, '192.168.1.63', '2013-07-17 11:38:09'),
(129, 83, 1, '192.168.1.2', '2013-07-31 11:50:46'),
(130, 83, 7, '192.168.1.2', '2013-07-31 11:50:46'),
(131, 80, 7, '192.168.1.2', '2013-07-31 11:50:55'),
(132, 81, 7, '192.168.1.2', '2013-07-31 09:00:29'),
(133, 84, 7, '192.168.1.2', '2013-07-31 11:11:38'),
(134, 83, 81, '192.168.1.2', '2013-08-29 06:43:11'),
(135, 102, 1, '192.168.1.4', '2013-11-16 13:41:07'),
(136, 95, 1, '192.168.137.5', '2013-12-19 13:34:22'),
(137, 99, 1, '127.0.0.1', '2014-01-08 06:34:03'),
(138, 114, 1, '192.168.1.4', '2014-02-27 08:27:55'),
(139, 116, 1, '192.168.1.4', '2014-03-06 05:14:43');

-- --------------------------------------------------------

--
-- Table structure for table `th_fitness_test`
--

CREATE TABLE IF NOT EXISTS `th_fitness_test` (
  `id` int(11) NOT NULL AUTO_INCREMENT,
  `rgs_id_fkx` int(10) unsigned NOT NULL,
  `user_id_fkx` varchar(50) NOT NULL,
  `assess_id_fkx` varchar(15) NOT NULL,
  `vo2` varchar(10) NOT NULL,
  `vo2_remark` varchar(225) NOT NULL,
  `beep` varchar(10) NOT NULL,
  `beep_remark` varchar(225) NOT NULL,
  `cooper_min` varchar(15) NOT NULL,
  `cooper_sec` varchar(15) NOT NULL,
  `cooper_remark` varchar(225) NOT NULL,
  `minute` varchar(10) NOT NULL,
  `minute_remark` varchar(225) NOT NULL,
  `muscle` varchar(10) NOT NULL,
  `muscle_remark` varchar(225) NOT NULL,
  `seven` varchar(10) NOT NULL,
  `seven_remark` varchar(225) NOT NULL,
  `four` varchar(10) NOT NULL,
  `four_remark` varchar(225) NOT NULL,
  `abdominal` varchar(10) NOT NULL,
  `abdominal_remark` varchar(225) NOT NULL,
  `vertical` varchar(10) NOT NULL,
  `vertical_remark` varchar(225) NOT NULL,
  `speed` varchar(10) NOT NULL,
  `speed_remark` varchar(225) NOT NULL,
  `skin` varchar(10) NOT NULL,
  `skin_type` varchar(15) NOT NULL,
  `skin_remark` varchar(225) NOT NULL,
  `WHR` varchar(10) NOT NULL,
  `WHR_remark` varchar(225) NOT NULL,
  `pushup` varchar(10) NOT NULL,
  `pushup_remark` varchar(225) NOT NULL,
  `situp` varchar(10) NOT NULL,
  `situp_remark` varchar(225) NOT NULL,
  `squat` varchar(10) NOT NULL,
  `squat_remark` varchar(225) NOT NULL,
  `minute_step` varchar(10) NOT NULL,
  `minute_step_remark` varchar(225) NOT NULL,
  `sitreach` varchar(10) NOT NULL,
  `sitreach_remark` varchar(225) NOT NULL,
  `bmi_height` varchar(15) NOT NULL,
  `bmi_weight` varchar(15) NOT NULL,
  `bmi_remark` varchar(225) NOT NULL,
  `girth` varchar(225) NOT NULL,
  `test_date` timestamp NOT NULL DEFAULT CURRENT_TIMESTAMP ON UPDATE CURRENT_TIMESTAMP,
  `update_status` varchar(2) NOT NULL DEFAULT '0',
  PRIMARY KEY (`id`)
) ENGINE=InnoDB  DEFAULT CHARSET=latin1 AUTO_INCREMENT=73 ;

--
-- Dumping data for table `th_fitness_test`
--

INSERT INTO `th_fitness_test` (`id`, `rgs_id_fkx`, `user_id_fkx`, `assess_id_fkx`, `vo2`, `vo2_remark`, `beep`, `beep_remark`, `cooper_min`, `cooper_sec`, `cooper_remark`, `minute`, `minute_remark`, `muscle`, `muscle_remark`, `seven`, `seven_remark`, `four`, `four_remark`, `abdominal`, `abdominal_remark`, `vertical`, `vertical_remark`, `speed`, `speed_remark`, `skin`, `skin_type`, `skin_remark`, `WHR`, `WHR_remark`, `pushup`, `pushup_remark`, `situp`, `situp_remark`, `squat`, `squat_remark`, `minute_step`, `minute_step_remark`, `sitreach`, `sitreach_remark`, `bmi_height`, `bmi_weight`, `bmi_remark`, `girth`, `test_date`, `update_status`) VALUES
(9, 1, '41', '77', '45', '<font style="color:#63E75E;">Good</font>', '55', '<font style="color:#007FFF;">Excellent</font>', '', '', '', '', '', '44', '<font style="color:#E60108;">Very Poor</font>', '0', '\r\n\r\n\r\n\r\n\r\n\r\n		<font style="color:#E60108;">Very Poor</font>', '1', '<font style="color:#FD4B0F;">Poor</font>', '', '', '', '', '', '', '', 'N', '', '0.98', '', '55', '<font style="color:#007FFF;">Excellent</font>', '55', '<font style="color:#007FFF;">Excellent</font>', '55', '<font style="color:#007FFF;">Excellent</font>', '', '', '55', '<font style="color:#084C9E;">Super</font>', '67', '1069', '<font style="color:#1DBC17;">Normal</font>', 'a:13:{i:0;s:0:"";i:1;s:0:"";i:2;s:0:"";i:3;s:0:"";i:4;s:0:"";i:5;s:0:"";i:6;s:0:"";i:7;s:2:"58";i:8;s:2:"59";i:9;s:0:"";i:10;s:0:"";i:11;s:0:"";i:12;s:0:"";}', '2013-10-11 12:48:16', '1'),
(10, 1, '41', '78', '22', '<font style="color:#63E75E;">Good</font>', '22', '<font style="color:#007FFF;">Excellent</font>', '22', '22', '\r\n\r\n\r\n\r\n\r\n\r\n		<font style="color:#E60108;">Very Poor</font>', '22', '\r\n\r\n\r\n\r\n\r\n\r\n		<font style="color:#FD4B0F;">Poor</font>', '22', '<font style="color:#E60108;">Very Poor</font>', '6', '\r\n\r\n\r\n\r\n\r\n\r\n		<font style="color:#1DBC17;">Very Good</font>', '2', '<font style="color:#DFC22A;">Average</font>', '75', '\r\n\r\n\r\n\r\n\r\n\r\n		<font style="color:#FD4B0F;">Poor</font>', '22', '\r\n\r\n\r\n\r\n\r\n\r\n		<font style="color:#63E75E;">Above Average</font>', '22', '\r\n\r\n\r\n\r\n\r\n\r\n		<font style="color:#FD4B0F;">Poor</font>', '22', 'N', '<font style="color:red;">Not Applicable</font>', '0.81', '', '22', '<font style="color:#007FFF;">Excellent</font>', '22', '<font style="color:#007FFF;">Excellent</font>', '22', '<font style="color:#007FFF;">Excellent</font>', '22', '\r\n\r\n\r\n\r\n\r\n\r\n		<font style="color:#007FFF;">Excellent</font>', '22', '<font style="color:#084C9E;">Super</font>', '67', '77', '\r\n\r\n\r\n\r\n\r\n\r\n		<font style="color:#DFC22A;">Under Weight</font>', 'a:13:{i:0;s:2:"22";i:1;s:2:"22";i:2;s:2:"22";i:3;s:2:"22";i:4;s:2:"22";i:5;s:2:"22";i:6;s:2:"22";i:7;s:2:"34";i:8;s:2:"42";i:9;s:2:"22";i:10;s:2:"22";i:11;s:2:"22";i:12;s:2:"22";}', '2013-10-07 10:44:20', '1'),
(11, 1, '41', '79', '55', '\r\n\r\n\r\n\r\n\r\n\r\n		<font style="color:#63E75E;">Good</font>', '55', '\r\n\r\n\r\n\r\n\r\n\r\n		<font style="color:#007FFF;">Excellent</font>', '55', '55', '\r\n\r\n\r\n\r\n\r\n\r\n		<font style="color:#E60108;">Very Poor</font>', '55', '\r\n\r\n\r\n\r\n\r\n\r\n		<font style="color:#FD4B0F;">Poor</font>', '55', '\r\n\r\n\r\n\r\n\r\n\r\n		<font style="color:#E60108;">Very Poor</font>', '4', '\r\n\r\n\r\n\r\n\r\n\r\n		<font style="color:#63E75E;">Above Average</font>', '2', '\r\n\r\n\r\n\r\n\r\n\r\n		<font style="color:#DFC22A;">Average</font>', '90', '\r\n\r\n\r\n\r\n\r\n\r\n		<font style="color:#E60108;">Very Poor</font>', '55', '\r\n\r\n\r\n\r\n\r\n\r\n		<font style="color:#007FFF;">Excellent</font>', '55', '\r\n\r\n\r\n\r\n\r\n\r\n		<font style="color:#FD4B0F;">Poor</font>', '55', 'N', '<font style="color:red;">Not Applicable</font>', '1.36', '', '55', '\r\n\r\n\r\n\r\n\r\n\r\n		<font style="color:#007FFF;">Excellent</font>', '55', '\r\n\r\n\r\n\r\n\r\n\r\n		<font style="color:#007FFF;">Excellent</font>', '55', '\r\n\r\n\r\n\r\n\r\n\r\n		<font style="color:#007FFF;">Excellent</font>', '55', '\r\n\r\n\r\n\r\n\r\n\r\n		<font style="color:#007FFF;">Excellent</font>', '54', '\r\n\r\n\r\n\r\n\r\n\r\n		<font style="color:#084C9E;">Super</font>', '173', '143', '\r\n\r\n\r\n\r\n\r\n\r\n		<font style="color:#1DBC17;">Normal</font>', 'a:13:{i:0;s:2:"55";i:1;s:2:"20";i:2;s:2:"55";i:3;s:2:"55";i:4;s:2:"55";i:5;s:2:"55";i:6;s:2:"55";i:7;s:2:"34";i:8;s:2:"25";i:9;s:2:"55";i:10;s:2:"55";i:11;s:2:"55";i:12;s:2:"55";}', '2013-05-25 13:13:21', '1'),
(19, 39, '41', '87', '', '', '', '', '', '', '', '', '', '', '', '', '', '', '', '', '', '', '', '', '', '86', 'N', '\r\n\r\n\r\n\r\n\r\n\r\n		<font style="color:#63E75E;">Good</font>', '0.84', '', '54', '\r\n\r\n\r\n\r\n\r\n\r\n		<font style="color:#007FFF;">Excellent</font>', '', '', '', '', '', '', '', '', '50', '142', '\r\n\r\n\r\n\r\n\r\n\r\n		<font style="color:#FD4B0F;">Obese</font>', 'a:13:{i:0;s:0:"";i:1;s:1:"0";i:2;s:0:"";i:3;s:0:"";i:4;s:0:"";i:5;s:0:"";i:6;s:0:"";i:7;s:2:"32";i:8;s:2:"38";i:9;s:0:"";i:10;s:0:"";i:11;s:0:"";i:12;s:0:"";}', '2015-05-05 08:13:45', '0'),
(20, 76, '41', '88', '3', '\r\n\r\n\r\n\r\n\r\n\r\n		<font style="color:#E60108;">Very Poor</font>', '3', '\r\n\r\n\r\n\r\n\r\n\r\n		<font style="color:#E60108;">Very Poor</font>', '3', '3', '\r\n\r\n\r\n\r\n\r\n\r\n		<font style="color:#084C9E;">Superior</font>', '3', '\r\n\r\n\r\n\r\n\r\n\r\n		<font style="color:#FD4B0F;">Poor</font>', '3', '\r\n\r\n\r\n\r\n\r\n\r\n		<font style="color:#E60108;">Very Poor</font>', '1', '\r\n\r\n\r\n\r\n\r\n\r\n		<font style="color:#FD4B0F;">Poor</font>', '3', '\r\n\r\n\r\n\r\n\r\n\r\n		<font style="color:#63E75E;">Good</font>', '90', '\r\n\r\n\r\n\r\n\r\n\r\n		<font style="color:#E60108;">Very Poor</font>', '3', '\r\n\r\n\r\n\r\n\r\n\r\n		<font style="color:#FD4B0F;">Poor</font>', '3', '\r\n\r\n\r\n\r\n\r\n\r\n		<font style="color:#1DBC17;">Very Good</font>', '3', 'N', '<font style="color:red;">Not Applicable</font>', '1.33', '', '3', '\r\n\r\n\r\n\r\n\r\n\r\n		<font style="color:#E60108;">Very Poor</font>', '3', '\r\n\r\n\r\n\r\n\r\n\r\n		<font style="color:#E60108;">Very Poor</font>', '3', '\r\n\r\n\r\n\r\n\r\n\r\n		<font style="color:#E60108;">Very Poor</font>', '3', '\r\n\r\n\r\n\r\n\r\n\r\n		<font style="color:#007FFF;">Excellent</font>', '3', '\r\n\r\n\r\n\r\n\r\n\r\n		<font style="color:#DFC22A;">Average</font>', '177', '150', '<font style="color:#DFC22A;">Under Weight</font>', 'a:13:{i:0;s:0:"";i:1;s:2:"12";i:2;s:0:"";i:3;s:0:"";i:4;s:0:"";i:5;s:0:"";i:6;s:0:"";i:7;s:2:"44";i:8;s:2:"33";i:9;s:0:"";i:10;s:0:"";i:11;s:0:"";i:12;s:0:"";}', '2015-05-05 08:13:45', '0'),
(21, 56, '41', '89', '77', '\r\n\r\n\r\n\r\n\r\n\r\n		<font style="color:#007FFF;">Excellent</font>', '77', '\r\n\r\n\r\n\r\n\r\n\r\n		<font style="color:#007FFF;">Excellent</font>', '60', '60', '\r\n\r\n\r\n\r\n\r\n\r\n		<font style="color:#E60108;">Very Poor</font>', '77', '\r\n\r\n\r\n\r\n\r\n\r\n		<font style="color:#FD4B0F;">Poor</font>', '77', '\r\n\r\n\r\n\r\n\r\n\r\n		<font style="color:#E60108;">Very Poor</font>', '5', '\r\n\r\n\r\n\r\n\r\n\r\n		<font style="color:#63E75E;">Good</font>', '1', '\r\n\r\n\r\n\r\n\r\n\r\n		<font style="color:#FD4B0F;">Poor</font>', '45', '\r\n\r\n\r\n\r\n\r\n\r\n		<font style="color:#DFC22A;">Average</font>', '77', '\r\n\r\n\r\n\r\n\r\n\r\n		<font style="color:#007FFF;">Excellent</font>', '77', '\r\n\r\n\r\n\r\n\r\n\r\n		<font style="color:#FD4B0F;">Poor</font>', '77', 'A', '\r\n\r\n\r\n\r\n\r\n\r\n		<font style="color:#63E75E;">Good</font>', '1.00', '', '77', '<font style="color:red;">Not Applicable</font>', '77', '\r\n\r\n\r\n\r\n\r\n\r\n		<font style="color:#007FFF;">Excellent</font>', '77', '\r\n\r\n\r\n\r\n\r\n\r\n		<font style="color:#007FFF;">Excellent</font>', '77', '\r\n\r\n\r\n\r\n\r\n\r\n		<font style="color:#007FFF;">Excellent</font>', '77', '\r\n\r\n\r\n\r\n\r\n\r\n		<font style="color:#084C9E;">Super</font>', '77', '77', '\r\n\r\n\r\n\r\n\r\n\r\n		<font style="color:#DFC22A;">Under Weight</font>', 'a:13:{i:0;s:2:"77";i:1;s:2:"77";i:2;s:2:"77";i:3;s:2:"77";i:4;s:2:"77";i:5;s:2:"77";i:6;s:2:"77";i:7;s:2:"77";i:8;s:2:"77";i:9;s:2:"77";i:10;s:2:"77";i:11;s:2:"77";i:12;s:2:"77";}', '2015-05-05 08:13:45', '0'),
(22, 49, '41', '90', '66', '\r\n\r\n\r\n\r\n\r\n\r\n		<font style="color:#007FFF;">Excellent</font>', '66', '\r\n\r\n\r\n\r\n\r\n\r\n		<font style="color:#007FFF;">Excellent</font>', '55', '55', '\r\n\r\n\r\n\r\n\r\n\r\n		<font style="color:#E60108;">Very Poor</font>', '55', '\r\n\r\n\r\n\r\n\r\n\r\n		<font style="color:#FD4B0F;">Poor</font>', '55', '\r\n\r\n\r\n\r\n\r\n\r\n		<font style="color:#E60108;">Very Poor</font>', '4', '\r\n\r\n\r\n\r\n\r\n\r\n		<font style="color:#63E75E;">Above Average</font>', '1', '\r\n\r\n\r\n\r\n\r\n\r\n		<font style="color:#FD4B0F;">Poor</font>', '75', '\r\n\r\n\r\n\r\n\r\n\r\n		<font style="color:#FD4B0F;">Poor</font>', '55', '\r\n\r\n\r\n\r\n\r\n\r\n		<font style="color:#007FFF;">Excellent</font>', '55', '\r\n\r\n\r\n\r\n\r\n\r\n		<font style="color:#FD4B0F;">Poor</font>', '55', 'A', '\r\n\r\n\r\n\r\n\r\n\r\n		<font style="color:#007FFF;">Excellent</font>', '0.4', '', '55', '\r\n\r\n\r\n\r\n\r\n\r\n		<font style="color:#007FFF;">Excellent</font>', '55', '\r\n\r\n\r\n\r\n\r\n\r\n		<font style="color:#007FFF;">Excellent</font>', '55', '\r\n\r\n\r\n\r\n\r\n\r\n		<font style="color:#007FFF;">Excellent</font>', '55', '\r\n\r\n\r\n\r\n\r\n\r\n		<font style="color:#007FFF;">Excellent</font>', '66', '\r\n\r\n\r\n\r\n\r\n\r\n		<font style="color:#084C9E;">Super</font>', '173', '160', '\r\n\r\n\r\n\r\n\r\n\r\n		<font style="color:#DFC22A;">Under Weight</font>', 'a:13:{i:0;s:0:"";i:1;s:2:"10";i:2;s:0:"";i:3;s:0:"";i:4;s:0:"";i:5;s:0:"";i:6;s:0:"";i:7;s:2:"12";i:8;s:2:"30";i:9;s:0:"";i:10;s:0:"";i:11;s:0:"";i:12;s:0:"";}', '2015-05-05 08:13:45', '0'),
(46, 18, '41', '114', '22', '\r\n\r\n\r\n\r\n\r\n\r\n		<font style="color:#FF9315;">Below Average</font>', '22', '\r\n\r\n\r\n\r\n\r\n\r\n		<font style="color:#007FFF;">Excellent</font>', '22', '22', '\r\n\r\n\r\n\r\n\r\n\r\n		<font style="color:#E60108;">Very Poor</font>', '22', '\r\n\r\n\r\n\r\n\r\n\r\n		<font style="color:#FD4B0F;">Poor</font>', '22', '\r\n\r\n\r\n\r\n\r\n\r\n		<font style="color:#E60108;">Very Poor</font>', '3', '\r\n\r\n\r\n\r\n\r\n\r\n		<font style="color:#DFC22A;">Average</font>', '2', '\r\n\r\n\r\n\r\n\r\n\r\n		<font style="color:#DFC22A;">Average</font>', '75', '\r\n\r\n\r\n\r\n\r\n\r\n		<font style="color:#FD4B0F;">Poor</font>', '22', '\r\n\r\n\r\n\r\n\r\n\r\n		<font style="color:#63E75E;">Above Average</font>', '22', '\r\n\r\n\r\n\r\n\r\n\r\n		<font style="color:#FD4B0F;">Poor</font>', '22', 'A', '<font style="color:red;">Not Applicable</font>', '1.00', '', '22', '<font style="color:red;">Not Applicable</font>', '22', '\r\n\r\n\r\n\r\n\r\n\r\n		<font style="color:#63E75E;">Good</font>', '22', '\r\n\r\n\r\n\r\n\r\n\r\n		<font style="color:#63E75E;">Good</font>', '22', '\r\n\r\n\r\n\r\n\r\n\r\n		<font style="color:#007FFF;">Excellent</font>', '56', '\r\n\r\n\r\n\r\n\r\n\r\n		<font style="color:#084C9E;">Super</font>', '170', '177', '\r\n\r\n\r\n\r\n\r\n\r\n		<font style="color:#FF9315;">Over Weight</font>', 'a:13:{i:0;s:2:"22";i:1;s:2:"22";i:2;s:2:"22";i:3;s:2:"22";i:4;s:2:"22";i:5;s:2:"22";i:6;s:2:"22";i:7;s:2:"22";i:8;s:2:"22";i:9;s:2:"22";i:10;s:2:"22";i:11;s:2:"22";i:12;s:2:"22";}', '2015-05-05 08:13:45', '0'),
(47, 39, '41', '115', '', '', '', '', '', '', '', '', '', '', '', '', '', '', '', '', '', '', '', '', '', '', 'N', '', '1', '', '', '', '', '', '', '', '', '', '', '', '173', '150', '<font style="color:#1DBC17;">Normal</font>', 'a:13:{i:0;s:0:"";i:1;s:2:"12";i:2;s:0:"";i:3;s:0:"";i:4;s:0:"";i:5;s:0:"";i:6;s:0:"";i:7;s:2:"32";i:8;s:2:"32";i:9;s:0:"";i:10;s:0:"";i:11;s:0:"";i:12;s:0:"";}', '2015-05-05 08:13:45', '1'),
(48, 81, '41', '116', '', '', '', '', '', '', '', '', '', '', '', '', '', '', '', '', '', '', '', '', '', '', '', '', '', '', '', '', '', '', '', '', '', '', '', '', '', '', '', '', '2015-05-05 08:13:45', '0'),
(49, 81, '41', '117', '', '', '', '', '', '', '', '', '', '', '', '', '', '', '', '', '', '', '', '', '', '', '', '', '', '', '', '', '', '', '', '', '', '', '', '', '', '', '', '', '2015-05-05 08:13:45', '0'),
(50, 81, '41', '118', '', '', '', '', '', '', '', '', '', '', '', '', '', '', '', '', '', '', '', '', '', '', '', '', '', '', '', '', '', '', '', '', '', '', '', '', '', '', '', '', '2015-05-05 08:13:45', '0'),
(51, 81, '41', '119', '', '', '', '', '', '', '', '', '', '', '', '', '', '', '', '', '', '', '', '', '', '', '', '', '', '', '', '', '', '', '', '', '', '', '', '', '', '', '', '', '2015-05-05 08:13:45', '0'),
(52, 81, '41', '120', '', '', '', '', '', '', '', '', '', '', '', '', '', '', '', '45', '\r\n\r\n\r\n\r\n\r\n\r\n		<font style="color:#DFC22A;">Average</font>', '', '', '', '', '', 'N', '', '1', '', '', '', '', '', '', '', '', '', '', '', '122', '77', '<font style="color:#1DBC17;">Normal</font>', 'a:13:{i:0;s:2:"45";i:1;s:2:"30";i:2;s:0:"";i:3;s:0:"";i:4;s:0:"";i:5;s:0:"";i:6;s:0:"";i:7;s:2:"32";i:8;s:2:"32";i:9;s:0:"";i:10;s:0:"";i:11;s:0:"";i:12;s:0:"";}', '2015-05-05 08:13:45', '1'),
(60, 39, '41', '129', '', '', '', '', '', '', '', '', '', '', '', '', '', '', '', '', '', '', '', '', '', '', 'N', '', '1', '', '', '', '', '', '', '', '', '', '', '', '173', '150', '<font style="color:#1DBC17;">Normal</font>', 'a:13:{i:0;s:0:"";i:1;s:2:"12";i:2;s:0:"";i:3;s:0:"";i:4;s:0:"";i:5;s:0:"";i:6;s:0:"";i:7;s:2:"32";i:8;s:2:"32";i:9;s:0:"";i:10;s:0:"";i:11;s:0:"";i:12;s:0:"";}', '2015-05-05 08:13:45', '1'),
(61, 1, '41', '130', '55', '<font style="color:#63E75E;">Good</font>', '55', '<font style="color:#007FFF;">Excellent</font>', '', '', '', '', '', '55', '<font style="color:#E60108;">Very Poor</font>', '', '', '2', '<font style="color:#DFC22A;">Average</font>', '', '', '', '', '', '', '', 'N', '', '0.81', '', '55', '<font style="color:#007FFF;">Excellent</font>', '55', '<font style="color:#007FFF;">Excellent</font>', '55', '<font style="color:#007FFF;">Excellent</font>', '', '', '55', '<font style="color:#084C9E;">Super</font>', '67', '77', '<font style="color:#E60108;">Extremely Obese</font>', 'a:13:{i:0;s:0:"";i:1;s:2:"22";i:2;s:0:"";i:3;s:0:"";i:4;s:0:"";i:5;s:0:"";i:6;s:0:"";i:7;s:2:"34";i:8;s:2:"42";i:9;s:0:"";i:10;s:0:"";i:11;s:0:"";i:12;s:0:"";}', '2013-10-08 05:43:46', '1'),
(62, 1, '41', '131', '1', '\r\n\r\n\r\n\r\n\r\n\r\n		<font style="color:#E60108;">Very Poor</font>', '1', '\r\n\r\n\r\n\r\n\r\n\r\n		<font style="color:#E60108;">Very Poor</font>', '40', '40', '\r\n\r\n\r\n\r\n\r\n\r\n		<font style="color:#E60108;">Very Poor</font>', '1', '\r\n\r\n\r\n\r\n\r\n\r\n		<font style="color:#FD4B0F;">Poor</font>', '1', '\r\n\r\n\r\n\r\n\r\n\r\n		<font style="color:#E60108;">Very Poor</font>', '0', '\r\n\r\n\r\n\r\n\r\n\r\n		<font style="color:#E60108;">Very Poor</font>', '0', '\r\n\r\n\r\n\r\n\r\n\r\n		<font style="color:#E60108;">Very Poor</font>', '90', '\r\n\r\n\r\n\r\n\r\n\r\n		<font style="color:#E60108;">Very Poor</font>', '1', '\r\n\r\n\r\n\r\n\r\n\r\n		<font style="color:#FD4B0F;">Poor</font>', '1', '\r\n\r\n\r\n\r\n\r\n\r\n		<font style="color:#1DBC17;">Very Good</font>', '6764', 'A', '\r\n\r\n\r\n\r\n\r\n\r\n		<font style="color:#FD4B0F;">Poor</font>', '0.98', '', '1', '\r\n\r\n\r\n\r\n\r\n\r\n		<font style="color:#E60108;">Very Poor</font>', '1', '\r\n\r\n\r\n\r\n\r\n\r\n		<font style="color:#E60108;">Very Poor</font>', '1', '\r\n\r\n\r\n\r\n\r\n\r\n		<font style="color:#E60108;">Very Poor</font>', '1', '\r\n\r\n\r\n\r\n\r\n\r\n		<font style="color:#007FFF;">Excellent</font>', '15', '\r\n\r\n\r\n\r\n\r\n\r\n		<font style="color:#63E75E;">Good</font>', '164', '150', '\r\n\r\n\r\n\r\n\r\n\r\n		<font style="color:#FF9315;">Over Weight</font>', 'a:13:{i:0;s:2:"51";i:1;s:2:"52";i:2;s:2:"53";i:3;s:2:"54";i:4;s:2:"55";i:5;s:2:"56";i:6;s:2:"57";i:7;s:2:"58";i:8;s:2:"59";i:9;s:2:"60";i:10;s:2:"61";i:11;s:2:"62";i:12;s:2:"63";}', '2015-06-11 09:22:58', '1'),
(63, 1, '41', '132', '', '', '', '', '', '', '', '', '', '', '', '', '', '', '', '', '', '', '', '', '', '', '', '', '', '', '', '', '', '', '', '', '', '', '', '', '', '', '', '', '2013-10-11 12:42:01', '0'),
(64, 1, '41', '133', '55', '<font style="color:#63E75E;">Good</font>', '55', '<font style="color:#007FFF;">Excellent</font>', '', '', '', '', '', '44', '<font style="color:#E60108;">Very Poor</font>', '', '', '1', '<font style="color:#FD4B0F;">Poor</font>', '', '', '', '', '', '', '', 'N', '', '0.98', '', '55', '<font style="color:#007FFF;">Excellent</font>', '55', '<font style="color:#007FFF;">Excellent</font>', '55', '<font style="color:#007FFF;">Excellent</font>', '', '', '55', '<font style="color:#084C9E;">Super</font>', '67', '1069', '<font style="color:#E60108;">Extremely Obese</font>', 'a:13:{i:0;s:0:"";i:1;s:2:"52";i:2;s:0:"";i:3;s:0:"";i:4;s:0:"";i:5;s:0:"";i:6;s:2:"89";i:7;s:2:"58";i:8;s:2:"59";i:9;s:0:"";i:10;s:0:"";i:11;s:0:"";i:12;s:0:"";}', '2013-10-14 04:45:47', '1'),
(65, 1, '41', '134', '50', '\r\n\r\n\r\n\r\n\r\n\r\n		<font style="color:#63E75E;">Above Average</font>', '55', '<font style="color:#007FFF;">Excellent</font>', '', '', '', '', '', '44', '<font style="color:#E60108;">Very Poor</font>', '', '', '1', '<font style="color:#FD4B0F;">Poor</font>', '', '', '', '', '', '', '', 'N', '', '0.98', '', '55', '<font style="color:#007FFF;">Excellent</font>', '55', '<font style="color:#007FFF;">Excellent</font>', '55', '<font style="color:#007FFF;">Excellent</font>', '', '', '55', '<font style="color:#084C9E;">Super</font>', '67', '1069', '<font style="color:#E60108;">Extremely Obese</font>', 'a:13:{i:0;s:0:"";i:1;s:2:"52";i:2;s:0:"";i:3;s:0:"";i:4;s:0:"";i:5;s:0:"";i:6;s:0:"";i:7;s:2:"58";i:8;s:2:"59";i:9;s:0:"";i:10;s:0:"";i:11;s:0:"";i:12;s:0:"";}', '2013-10-18 08:53:00', '1'),
(66, 81, '41', '135', '25', '<font style="color:;"></font>', '14', '<font style="color:#007FFF;">Excellent</font>', '', '', '', '', '', '52', '<font style="color:#E60108;">Very Poor</font>', '', '', '1', '<font style="color:#FD4B0F;">Poor</font>', '', '', '', '', '', '', '', 'N', '', '1', '', '55', '<font style="color:;"></font>', '54', '<font style="color:;"></font>', '11', '<font style="color:;"></font>', '', '', '54', '<font style="color:#007FFF;">Excellent</font>', '', '', '<font style="color:#DFC22A;">Under Weight</font>', 'a:13:{i:0;s:0:"";i:1;s:0:"";i:2;s:0:"";i:3;s:0:"";i:4;s:0:"";i:5;s:0:"";i:6;s:0:"";i:7;s:2:"32";i:8;s:2:"32";i:9;s:0:"";i:10;s:0:"";i:11;s:0:"";i:12;s:0:"";}', '2015-05-05 08:13:45', '1'),
(67, 18, '41', '136', '', '', '', '', '', '', '', '', '', '', '', '', '', '', '', '', '', '', '', '', '', '', '', '', '', '', '', '', '', '', '', '', '', '', '', '', '', '', '', '', '2015-05-05 08:13:45', '0'),
(69, 7, '41', '138', '4', '\r\n\r\n<font style="color:#E60108;">Very Poor</font>', '5', '\r\n\r\n<font style="color:#FD4B0F;">Poor</font>', '56', '6', '\r\n\r\n<font style="color:#E60108;">Very Poor</font>', '56', '\r\n\r\n<font style="color:#FD4B0F;">Poor</font>', '56', '\r\n\r\n<font style="color:#FF9315;">Below Average</font>', '4', '\r\n\r\n<font style="color:#63E75E;">Above Average</font>', '', '', '75', '\r\n\r\n<font style="color:#FD4B0F;">Poor</font>', '45', '\r\n\r\n<font style="color:#007FFF;">Excellent</font>', '45', '\r\n\r\n<font style="color:#FD4B0F;">Poor</font>', '', 'N', '', '0.50', '', '456', '\r\n\r\n<font style="color:#007FFF;">Excellent</font>', '544', '\r\n\r\n<font style="color:#007FFF;">Excellent</font>', '', '', '45', '\r\n\r\n<font style="color:#007FFF;">Excellent</font>', '45', '\r\n\r\n<font style="color:#084C9E;">Super</font>', '45', '345', '\r\n\r\n<font style="color:#E60108;">Extremely Obese</font>', 'a:13:{i:0;s:2:"54";i:1;s:2:"45";i:2;s:2:"56";i:3;s:2:"56";i:4;s:2:"45";i:5;s:1:"5";i:6;s:2:"45";i:7;s:2:"32";i:8;s:2:"64";i:9;s:2:"43";i:10;s:2:"45";i:11;s:1:"4";i:12;s:1:"4";}', '2015-05-05 08:13:45', '1'),
(70, 10, '41', '139', '', '', '', '', '', '', '', '', '', '', '', '', '', '', '', '', '', '', '', '', '', '', '', '', '', '', '', '', '', '', '', '', '', '', '', '', '', '', '', '', '2015-05-05 08:13:45', '0'),
(72, 1, '41', '141', '', '', '', '', '', '', '', '', '', '', '', '', '', '', '', '', '', '', '', '', '', '', '', '', '', '', '', '', '', '', '', '', '', '', '', '', '', '', '', '', '2015-06-30 10:34:19', '0');

-- --------------------------------------------------------

--
-- Table structure for table `th_get_well_soon_wishes`
--

CREATE TABLE IF NOT EXISTS `th_get_well_soon_wishes` (
  `tc_gift_id` int(11) NOT NULL AUTO_INCREMENT,
  `tc_sender_id` int(10) unsigned NOT NULL,
  `tc_reciever_id` int(10) unsigned NOT NULL,
  `tc_tulasi_sent` int(11) DEFAULT NULL,
  `tc_sent_time` timestamp NULL DEFAULT CURRENT_TIMESTAMP,
  PRIMARY KEY (`tc_gift_id`)
) ENGINE=InnoDB  DEFAULT CHARSET=latin1 AUTO_INCREMENT=53 ;

--
-- Dumping data for table `th_get_well_soon_wishes`
--

INSERT INTO `th_get_well_soon_wishes` (`tc_gift_id`, `tc_sender_id`, `tc_reciever_id`, `tc_tulasi_sent`, `tc_sent_time`) VALUES
(1, 1, 7, 5, '2012-09-12 12:23:03'),
(2, 1, 23, 5, '2012-09-12 13:17:10'),
(3, 1, 7, 5, '2012-09-13 04:34:48'),
(4, 1, 7, 5, '2012-09-13 05:05:06'),
(5, 23, 1, 5, '2012-09-13 05:17:12'),
(6, 1, 81, 5, '2012-09-13 06:35:53'),
(7, 1, 7, 5, '2012-09-13 06:36:07'),
(8, 1, 23, 5, '2012-09-13 11:12:25'),
(9, 23, 7, 5, '2012-09-13 11:13:20'),
(10, 1, 87, 5, '2012-09-13 11:16:15'),
(11, 1, 65, 5, '2012-09-13 11:16:47'),
(12, 7, 1, 5, '2012-09-13 13:26:53'),
(13, 23, 1, 5, '2012-09-19 05:37:06'),
(14, 23, 7, 5, '2012-09-19 05:37:51'),
(15, 1, 7, 5, '2012-09-19 07:13:37'),
(16, 81, 1, 5, '2012-09-19 11:50:28'),
(17, 1, 81, 5, '2012-09-19 11:51:46'),
(18, 7, 1, 5, '2012-09-19 11:56:42'),
(19, 23, 81, 5, '2012-09-20 06:34:11'),
(20, 81, 1, 5, '2012-09-21 05:49:34'),
(21, 1, 65, 5, '2012-11-20 11:02:52'),
(22, 1, 7, 5, '2012-11-20 11:03:16'),
(23, 65, 81, 5, '2012-11-26 09:02:10'),
(24, 1, 7, 5, '2012-12-03 08:26:50'),
(25, 1, 65, 5, '2012-12-11 04:58:09'),
(26, 65, 81, 5, '2012-12-11 11:45:26'),
(27, 1, 65, 5, '2013-01-01 05:52:26'),
(28, 81, 1, 5, '2013-03-23 10:21:35'),
(29, 1, 81, 5, '2013-05-23 13:44:31'),
(30, 1, 81, 5, '2013-05-24 10:39:17'),
(32, 1, 41, 5, '2014-03-14 12:23:46'),
(33, 1, 81, 5, '2014-03-15 10:30:46'),
(35, 1, 33, 5, '2014-04-07 05:39:41'),
(36, 1, 17, 5, '2014-04-07 05:39:41'),
(38, 1, 7, 5, '2014-05-08 06:43:11'),
(39, 81, 1, 5, '2014-05-12 07:39:52'),
(40, 1, 7, 5, '2014-05-30 07:39:08'),
(41, 1, 17, 5, '2015-01-31 11:25:48'),
(42, 1, 7, 5, '2015-01-31 11:25:59'),
(43, 1, 19, 5, '2016-06-14 13:40:58'),
(44, 1, 17, 5, '2016-06-16 05:09:54'),
(45, 1, 7, 5, '2016-06-16 11:34:50'),
(46, 1, 81, 5, '2016-06-16 11:48:27'),
(47, 1, 17, 5, '2016-06-20 07:38:32'),
(48, 1, 17, 5, '2016-06-21 13:12:06'),
(49, 1, 61, 5, '2016-06-21 13:12:29'),
(50, 1, 63, 5, '2016-06-28 10:15:10'),
(51, 1, 17, 5, '2016-07-28 05:11:13'),
(52, 1, 33, 5, '2016-07-28 05:11:18');

-- --------------------------------------------------------

--
-- Table structure for table `th_habi`
--

CREATE TABLE IF NOT EXISTS `th_habi` (
  `habi_id` int(11) NOT NULL AUTO_INCREMENT,
  `habi_cdate` timestamp NOT NULL DEFAULT CURRENT_TIMESTAMP,
  `habi_wmilk` int(11) NOT NULL,
  `habi_1milk` int(11) NOT NULL,
  `habi_2milk` int(11) NOT NULL,
  `habi_ffmilk` int(11) NOT NULL,
  `habi_soda` int(11) NOT NULL,
  `habi_dietsoda` int(11) NOT NULL,
  `habi_water` int(11) NOT NULL,
  `habi_fj` int(11) NOT NULL,
  `habi_beer` int(11) NOT NULL,
  `rgs_id_fkx` int(10) unsigned NOT NULL,
  `source_type` varchar(50) DEFAULT 'Self' COMMENT 'Self, Coach',
  `hv_person_id` varchar(10) DEFAULT 'WP' COMMENT 'A-> Android, I->Iphone, W-> Wondows, WP-> Web Portal',
  PRIMARY KEY (`habi_id`)
) ENGINE=InnoDB  DEFAULT CHARSET=latin1 AUTO_INCREMENT=131 ;

--
-- Dumping data for table `th_habi`
--

INSERT INTO `th_habi` (`habi_id`, `habi_cdate`, `habi_wmilk`, `habi_1milk`, `habi_2milk`, `habi_ffmilk`, `habi_soda`, `habi_dietsoda`, `habi_water`, `habi_fj`, `habi_beer`, `rgs_id_fkx`, `source_type`, `hv_person_id`) VALUES
(6, '2012-06-25 06:55:34', 3, 1, 0, 0, 3, 2, 12, 0, 0, 1, 'Self', NULL),
(7, '2012-06-28 12:54:41', 1, 0, 0, 2, 2, 1, 10, 0, 0, 1, 'Self', NULL),
(8, '2012-07-27 07:07:16', 2, 2, 3, 3, 4, 3, 3, 0, 0, 1, 'Self', NULL),
(9, '2012-07-31 09:35:31', 3, 4, 0, 0, 0, 0, 10, 0, 0, 1, 'Self', NULL),
(10, '2012-08-01 11:47:25', 8, 0, 0, 0, 0, 0, 0, 0, 0, 1, 'Self', NULL),
(11, '2012-08-06 09:11:51', 1, 1, 1, 1, 1, 1, 1, 0, 0, 1, 'Self', NULL),
(12, '2012-08-07 12:42:28', 3, 0, 0, 0, 0, 0, 0, 0, 0, 1, 'Self', NULL),
(13, '2012-08-09 07:51:47', 3, 1, 0, 0, 0, 0, 0, 0, 0, 1, 'Self', NULL),
(14, '2012-08-11 12:36:03', 0, 0, 0, 0, 0, 2, 0, 0, 0, 1, 'Self', NULL),
(16, '2012-08-22 08:09:37', 2, 2, 2, 2, 2, 2, 2, 0, 0, 1, 'Self', NULL),
(17, '2012-08-24 08:34:33', 2, 0, 0, 0, 0, 1, 5, 0, 0, 1, 'Self', NULL),
(18, '2012-08-30 13:12:41', 1, 0, 0, 0, 0, 0, 0, 0, 0, 1, 'Self', NULL),
(19, '2012-08-31 12:52:37', 2, 2, 2, 2, 3, 2, 2, 0, 0, 1, 'Self', NULL),
(20, '2012-09-01 08:09:36', 2, 1, 0, 0, 1, 3, 3, 0, 0, 1, 'Self', NULL),
(21, '2012-09-08 05:31:36', 0, 0, 0, 1, 0, 0, 0, 0, 0, 1, 'Self', NULL),
(22, '2012-09-10 12:22:52', 0, 3, 3, 0, 0, 0, 0, 0, 0, 1, 'Self', NULL),
(23, '2012-09-13 05:41:14', 3, 0, 0, 0, 0, 0, 10, 0, 0, 1, 'Self', NULL),
(24, '2012-09-14 11:39:38', 0, 0, 8, 0, 0, 0, 0, 0, 0, 1, 'Self', NULL),
(25, '2012-09-20 08:04:43', 2, 2, 0, 0, 0, 0, 0, 0, 0, 1, 'Self', NULL),
(26, '2012-09-21 07:44:25', 0, 3, 0, 0, 0, 0, 0, 0, 0, 1, 'Self', NULL),
(27, '2012-09-21 12:59:38', 1, 0, 0, 0, 0, 0, 1, 0, 0, 17, 'Self', NULL),
(28, '2012-09-22 10:59:13', 0, 0, 0, 0, 0, 0, 2, 0, 0, 81, 'Self', NULL),
(29, '2012-09-24 11:58:49', 0, 2, 0, 0, 0, 0, 0, 0, 0, 1, 'Self', NULL),
(30, '2012-09-24 13:17:04', 3, 2, 2, 0, 5, 2, 10, 0, 0, 7, 'Self', NULL),
(31, '2012-09-27 05:15:06', 0, 0, 0, 0, 0, 0, 2, 0, 0, 53, 'Self', NULL),
(32, '2012-10-11 11:04:35', 2, 2, 2, 2, 2, 2, 9, 0, 0, 1, 'Self', NULL),
(33, '2012-10-19 13:09:03', 1, 1, 3, 1, 1, 2, 10, 0, 0, 17, 'Self', NULL),
(34, '2012-10-27 09:16:03', 4, 1, 0, 0, 3, 3, 2, 0, 0, 17, 'Self', NULL),
(35, '2012-10-29 12:59:11', 5, 7, 7, 5, 4, 2, 3, 0, 0, 17, 'Self', NULL),
(36, '2012-11-17 09:04:04', 2, 3, 3, 0, 0, 0, 0, 0, 0, 1, 'Self', NULL),
(37, '2012-12-17 10:53:22', 1, 0, 0, 0, 0, 0, 4, 0, 0, 53, 'Self', NULL),
(38, '2012-12-21 10:02:07', 4, 0, 0, 0, 0, 0, 0, 0, 0, 34, 'Self', NULL),
(39, '2013-01-08 09:22:48', 3, 0, 0, 0, 0, 0, 0, 0, 0, 1, 'Self', NULL),
(40, '2013-01-30 09:55:16', 0, 0, 1, 0, 0, 0, 6, 0, 0, 1, 'Self', NULL),
(41, '2013-02-15 05:13:06', 2, 0, 0, 0, 0, 0, 0, 0, 0, 1, 'Self', NULL),
(42, '2013-02-22 05:48:59', 3, 4, 2, 0, 0, 0, 0, 0, 0, 1, 'Self', NULL),
(43, '2013-04-22 13:32:10', 5, 3, 3, 3, 6, 3, 3, 0, 0, 1, 'Self', NULL),
(44, '2013-04-23 11:00:33', 2, 4, 4, 1, 2, 2, 1, 0, 0, 1, 'Self', NULL),
(45, '2013-04-26 13:06:12', 2, 2, 12, 2, 2, 16, 2, 0, 0, 1, 'Self', NULL),
(46, '2013-05-01 09:16:19', 2, 2, 2, 2, 2, 2, 2, 0, 0, 1, 'Self', NULL),
(47, '2013-05-01 12:28:29', 2, 2, 3, 2, 2, 2, 2, 0, 0, 41, 'Self', NULL),
(48, '2013-05-03 12:39:48', 2, 2, 2, 2, 2, 2, 2, 0, 0, 39, 'Self', NULL),
(49, '2013-05-06 11:45:19', 2, 2, 2, 2, 2, 2, 2, 0, 0, 76, 'Self', NULL),
(50, '2013-05-10 05:36:32', 4, 4, 0, 0, 0, 0, 0, 0, 0, 1, 'Self', NULL),
(51, '2013-05-10 13:34:45', 2, 2, 3, 1, 1, 2, 1, 0, 0, 49, 'Self', NULL),
(52, '2013-05-11 05:45:13', 0, 0, 0, 0, 0, 0, 5, 0, 0, 53, 'Self', NULL),
(53, '2013-05-14 05:31:54', 2, 1, 3, 1, 2, 1, 1, 0, 0, 1, 'Self', NULL),
(54, '2013-05-14 08:21:39', 2, 1, 2, 1, 1, 1, 1, 0, 0, 18, 'Self', NULL),
(55, '2013-05-14 12:22:27', 1, 0, 0, 0, 0, 0, 4, 0, 0, 53, 'Self', NULL),
(56, '2013-05-16 08:36:36', 2, 2, 2, 2, 4, 3, 2, 0, 0, 1, 'Self', NULL),
(58, '2013-05-25 06:54:56', 2, 2, 1, 1, 1, 1, 1, 0, 0, 1, 'Self', NULL),
(59, '2013-06-19 12:13:42', 2, 0, 0, 0, 0, 0, 0, 0, 0, 19, 'Self', NULL),
(60, '2013-07-20 08:10:43', 5, 5, 4, 4, 4, 18, 0, 0, 0, 7, 'Self', NULL),
(61, '2013-11-25 14:01:47', 3, 2, 2, 2, 3, 4, 4, 0, 0, 1, 'Self', NULL),
(62, '2013-11-29 13:44:14', 2, 2, 2, 2, 0, 0, 3, 0, 0, 1, 'Self', NULL),
(63, '2013-12-02 14:08:07', 4, 3, 0, 2, 0, 0, 8, 0, 0, 1, 'coach', '41'),
(72, '2013-12-02 18:30:00', 0, 0, 0, 0, 3, 5, 0, 0, 0, 1, 'coach', '41'),
(74, '2013-12-05 07:28:01', 0, 0, 0, 0, 0, 0, 2, 0, 0, 1, 'coach', '41'),
(75, '2013-12-11 05:35:57', 2, 0, 0, 0, 2, 3, 8, 0, 0, 1, 'Self', NULL),
(76, '2013-12-16 11:17:20', 3, 5, 2, 5, 3, 3, 1, 0, 0, 1, 'Self', NULL),
(77, '2014-01-31 11:36:16', 3, 4, 2, 0, 0, 0, 0, 0, 0, 1, 'Self', NULL),
(78, '2014-02-01 06:26:43', 2, 3, 0, 0, 0, 3, 7, 0, 0, 1, 'Self', NULL),
(79, '2014-04-09 04:38:15', 2, 2, 2, 2, 0, 0, 0, 0, 0, 1, 'Self', NULL),
(80, '2013-10-16 05:52:48', 0, 0, 0, 0, 0, 0, 0, 0, 0, 1, 'coach', '41'),
(81, '2014-04-17 12:31:32', 9, 8, 3, 4, 1, 2, 12, 3, 2, 1, 'Self', NULL),
(82, '2014-04-18 08:03:59', 3, 2, 1, 3, 1, 3, 7, 5, 3, 1, 'Self', NULL),
(83, '2014-04-21 06:35:00', 1, 2, 5, 0, 0, 0, 4, 0, 0, 1, 'Self', NULL),
(84, '2014-04-25 12:46:50', 2, 5, 7, 4, 1, 4, 3, 2, 3, 63, 'Self', NULL),
(85, '2014-04-28 04:57:40', 2, 4, 3, 1, 1, 0, 9, 2, 0, 1, 'Self', NULL),
(86, '2014-05-05 13:08:50', 2, 2, 3, 6, 3, 4, 5, 4, 4, 1, 'Self', NULL),
(87, '2014-05-06 12:00:46', 5, 4, 4, 0, 0, 0, 9, 0, 0, 1, 'Self', NULL),
(88, '2014-05-13 07:46:54', 0, 0, 0, 0, 0, 0, 18, 0, 0, 1, 'coach', '41'),
(89, '2014-05-20 12:31:31', 4, 1, 3, 2, 2, 2, 11, 5, 2, 1, 'Self', NULL),
(90, '2014-07-04 07:51:44', 2, 5, 5, 1, 0, 0, 7, 0, 0, 1, 'Self', NULL),
(91, '2014-07-15 14:47:26', 5, 20, 0, 0, 0, 0, 13, 0, 0, 1, 'Self', NULL),
(92, '2014-07-24 11:03:46', 0, 0, 0, 0, 0, 0, 1, 0, 0, 1, 'coach', '41'),
(93, '2014-08-30 12:38:37', 5, 5, 4, 3, 6, 7, 5, 3, 5, 1, 'Self', NULL),
(94, '2015-04-27 04:55:10', 0, 0, 0, 0, 0, 0, 15, 8, 2, 1, 'coach', '98'),
(95, '2015-04-28 05:01:06', 0, 0, 0, 0, 0, 0, 0, 0, 0, 1, 'coach', '41'),
(96, '2015-05-14 05:09:07', 1, 0, 0, 2, 0, 0, 0, 0, 0, 1, 'coach', '41'),
(97, '2015-07-02 10:34:19', 1, 0, 0, 0, 2, 0, 12, 5, 2, 1, 'Self', NULL),
(98, '2016-01-13 07:20:28', 1, 1, 1, 1, 2, 3, 22, 2, 0, 1, 'Self', NULL),
(99, '2016-03-16 10:50:31', 10, 10, 10, 10, 10, 10, 10, 10, 0, 111, 'Self', NULL),
(100, '2016-03-18 12:26:42', 5, 10, 10, 9, 0, 0, 15, 10, 0, 1, 'Self', NULL),
(101, '2016-06-13 10:57:30', 0, 0, 0, 0, 0, 0, 6, 0, 0, 1, 'Self', ''),
(105, '2016-06-15 10:52:40', 0, 0, 0, 0, 0, 0, 6, 0, 0, 1, 'Self', 'A'),
(111, '2016-06-17 10:37:00', 0, 0, 0, 0, 5, 5, 0, 0, 0, 1, 'Self', 'A'),
(114, '2016-06-18 05:48:26', 0, 0, 0, 0, 4, 6, 0, 0, 0, 1, 'Self', 'A'),
(115, '2016-06-20 10:05:13', 4, 3, 2, 1, 0, 0, 0, 0, 0, 1, 'Self', 'A'),
(118, '2016-06-21 07:00:13', 1, 2, 3, 4, 2, 3, 8, 3, 4, 1, 'Self', 'A'),
(119, '2016-06-23 08:46:13', 0, 0, 0, 0, 0, 0, 7, 0, 0, 1, 'Self', 'A'),
(120, '2016-06-24 08:35:55', 0, 0, 0, 0, 0, 0, 6, 0, 0, 1, 'Self', 'A'),
(121, '2016-07-01 11:30:15', 0, 0, 0, 0, 0, 0, 0, 0, 0, 1, 'Self', 'A'),
(122, '2016-07-12 12:19:18', 2, 2, 2, 3, 2, 3, 5, 2, 4, 1, 'Self', 'A'),
(123, '2016-07-27 04:36:30', 2, 0, 0, 0, 0, 1, 5, 0, 0, 132, 'Self', 'A'),
(124, '2016-07-27 05:52:00', 0, 5, 0, 0, 0, 0, 11, 2, 0, 1, 'Self', 'A'),
(125, '2016-07-29 08:27:50', 1, 0, 0, 0, 0, 0, 4, 0, 0, 1, 'Self', 'WP'),
(126, '2016-08-01 05:08:41', 0, 0, 0, 0, 0, 0, 4, 0, 0, 1, 'Self', 'A'),
(127, '2016-08-10 08:53:35', 0, 0, 0, 0, 0, 0, 10, 0, 0, 1, 'Self', 'A'),
(128, '2016-09-17 10:49:59', 0, 0, 0, 0, 0, 0, 18, 0, 0, 1, 'Self', 'A'),
(129, '2016-09-20 11:20:55', 0, 0, 0, 0, 0, 0, 16, 0, 0, 132, 'Self', 'A'),
(130, '2016-11-19 05:25:10', 0, 0, 0, 0, 0, 0, 10, 0, 0, 143, 'Self', 'WP');

-- --------------------------------------------------------

--
-- Table structure for table `th_haip`
--

CREATE TABLE IF NOT EXISTS `th_haip` (
  `haip_id` int(11) NOT NULL AUTO_INCREMENT,
  `haip_ftype` int(11) DEFAULT NULL COMMENT '1->Breakfast, 2->Lunch, 3->Snacks, 4->Dinner',
  `haip_cdate` timestamp NULL DEFAULT CURRENT_TIMESTAMP,
  `haip_msize` int(11) DEFAULT '0',
  `haip_wgrain` float DEFAULT '0',
  `haip_rgrain` float DEFAULT '0',
  `haip_protien` float DEFAULT '0',
  `haip_vegetable` float DEFAULT '0',
  `haip_fruit` float DEFAULT '0',
  `rc_wgrain` float unsigned NOT NULL DEFAULT '0',
  `rc_rgrain` float unsigned NOT NULL DEFAULT '0',
  `rc_protien` float unsigned NOT NULL DEFAULT '0',
  `rc_vegetable` float unsigned NOT NULL DEFAULT '0',
  `rc_fruit` float unsigned NOT NULL DEFAULT '0',
  `recorded_from` tinyint(3) unsigned NOT NULL DEFAULT '0' COMMENT '0-> custom, 1-> Coach Recipe, 2-> Standard Plan Recipe',
  `meal_id` int(10) unsigned NOT NULL,
  `rgs_id_fkx` int(10) unsigned NOT NULL,
  PRIMARY KEY (`haip_id`),
  KEY `rgs_id_fkx` (`rgs_id_fkx`)
) ENGINE=InnoDB  DEFAULT CHARSET=latin1 AUTO_INCREMENT=372 ;

--
-- Dumping data for table `th_haip`
--

INSERT INTO `th_haip` (`haip_id`, `haip_ftype`, `haip_cdate`, `haip_msize`, `haip_wgrain`, `haip_rgrain`, `haip_protien`, `haip_vegetable`, `haip_fruit`, `rc_wgrain`, `rc_rgrain`, `rc_protien`, `rc_vegetable`, `rc_fruit`, `recorded_from`, `meal_id`, `rgs_id_fkx`) VALUES
(48, 1, '2012-06-25 10:47:26', 0, 15, 55, 10, 10, 10, 0, 0, 0, 0, 0, 0, 0, 1),
(49, 3, '2012-06-25 12:55:44', 1, 15, 20, 30, 20, 15, 0, 0, 0, 0, 0, 0, 0, 1),
(52, 1, '2012-06-28 12:53:24', 1, 20, 20, 15, 15, 15, 0, 0, 0, 0, 0, 0, 0, 1),
(53, 2, '2012-06-28 12:53:36', 0, 15, 30, 10, 20, 5, 0, 0, 0, 0, 0, 0, 0, 1),
(54, 3, '2012-06-28 12:53:52', 0, 5, 10, 0, 10, 50, 0, 0, 0, 0, 0, 0, 0, 1),
(55, 4, '2012-06-28 12:54:04', 0, 0, 20, 20, 15, 25, 0, 0, 0, 0, 0, 0, 0, 1),
(56, 1, '2012-07-11 12:45:08', 1, 15, 15, 20, 20, 20, 0, 0, 0, 0, 0, 0, 0, 1),
(57, 1, '2012-07-12 07:09:12', 1, 15, 15, 15, 25, 25, 0, 0, 0, 0, 0, 0, 0, 1),
(58, 1, '2012-07-13 13:19:38', 0, 35, 10, 5, 10, 25, 0, 0, 0, 0, 0, 0, 0, 1),
(59, 2, '2012-07-13 13:20:24', 0, 0, 0, 60, 0, 0, 0, 0, 0, 0, 0, 0, 0, 1),
(60, 3, '2012-07-13 13:21:33', 0, 0, 0, 5, 35, 0, 0, 0, 0, 0, 0, 0, 0, 1),
(61, 4, '2012-07-13 13:22:07', 1, 0, 0, 0, 0, 100, 0, 0, 0, 0, 0, 0, 0, 1),
(62, 1, '2012-07-21 07:30:44', 1, 35, 15, 30, 10, 0, 0, 0, 0, 0, 0, 0, 0, 1),
(63, 2, '2012-07-21 07:31:05', 0, 0, 15, 0, 0, 0, 0, 0, 0, 0, 0, 0, 0, 1),
(64, 1, '2012-07-24 08:16:17', 0, 100, 0, 0, 0, 0, 0, 0, 0, 0, 0, 0, 0, 1),
(65, 2, '2012-07-24 08:16:34', 0, 0, 0, 100, 0, 0, 0, 0, 0, 0, 0, 0, 0, 1),
(66, 3, '2012-07-24 08:19:25', 0, 0, 0, 0, 100, 0, 0, 0, 0, 0, 0, 0, 0, 1),
(67, 4, '2012-07-24 08:19:34', 1, 0, 0, 0, 0, 100, 0, 0, 0, 0, 0, 0, 0, 1),
(68, 1, '2012-07-26 05:04:50', 0, 40, 25, 25, 10, 0, 0, 0, 0, 0, 0, 0, 0, 7),
(69, 2, '2012-07-26 05:06:18', 0, 45, 45, 10, 0, 0, 0, 0, 0, 0, 0, 0, 0, 7),
(70, 3, '2012-07-26 05:06:31', 0, 0, 5, 20, 35, 40, 0, 0, 0, 0, 0, 0, 0, 7),
(71, 4, '2012-07-26 05:06:44', 1, 30, 30, 30, 0, 10, 0, 0, 0, 0, 0, 0, 0, 7),
(72, 1, '2012-07-27 07:15:22', 1, 15, 25, 20, 15, 15, 0, 0, 0, 0, 0, 0, 0, 1),
(73, 1, '2012-07-26 07:08:30', 0, 40, 45, 15, 0, 0, 0, 0, 0, 0, 0, 0, 0, 1),
(74, 2, '2012-07-26 07:15:05', 0, 35, 30, 25, 10, 0, 0, 0, 0, 0, 0, 0, 0, 1),
(75, 3, '2012-07-26 07:22:55', 0, 0, 15, 40, 40, 5, 0, 0, 0, 0, 0, 0, 0, 1),
(76, 4, '2012-07-26 07:23:13', 1, 25, 30, 25, 5, 15, 0, 0, 0, 0, 0, 0, 0, 1),
(77, 1, '2012-07-30 09:21:08', 0, 10, 20, 10, 10, 0, 0, 0, 0, 0, 0, 0, 0, 1),
(78, 2, '2012-07-30 12:47:31', 1, 15, 15, 15, 15, 25, 0, 0, 0, 0, 0, 0, 0, 1),
(79, 1, '2012-07-31 04:39:38', 1, 0, 0, 100, 0, 0, 0, 0, 0, 0, 0, 0, 0, 1),
(89, 1, '2012-08-06 12:23:20', 1, 80, 0, 20, 0, 0, 0, 0, 0, 0, 0, 0, 0, 1),
(90, 3, '2012-08-06 12:36:31', 1, 0, 100, 0, 0, 0, 0, 0, 0, 0, 0, 0, 0, 7),
(91, 2, '2012-08-06 12:41:55', 0, 45, 0, 0, 0, 0, 0, 0, 0, 0, 0, 0, 0, 1),
(92, 3, '2012-08-06 13:28:00', 0, 25, 15, 20, 15, 10, 0, 0, 0, 0, 0, 0, 0, 1),
(94, 2, '2012-08-07 13:07:36', 0, 20, 20, 25, 10, 25, 0, 0, 0, 0, 0, 0, 0, 1),
(96, 1, '2012-08-07 13:31:41', 1, 100, 0, 0, 0, 0, 0, 0, 0, 0, 0, 0, 0, 1),
(97, 3, '2012-08-07 13:08:38', 0, 5, 40, 30, 15, 10, 0, 0, 0, 0, 0, 0, 0, 1),
(98, 4, '2012-08-07 12:16:41', 0, 10, 10, 0, 35, 10, 0, 0, 0, 0, 0, 0, 0, 1),
(99, 1, '2012-08-09 10:15:06', 1, 50, 20, 0, 0, 0, 0, 0, 0, 0, 0, 0, 0, 1),
(100, 1, '2012-08-10 08:48:40', 1, 15, 10, 35, 25, 15, 0, 0, 0, 0, 0, 0, 0, 1),
(101, 1, '2012-08-11 05:52:07', 1, 10, 10, 0, 0, 0, 0, 0, 0, 0, 0, 0, 0, 1),
(102, 1, '2012-08-13 11:43:42', 1, 10, 35, 20, 10, 20, 0, 0, 0, 0, 0, 0, 0, 1),
(103, 1, '2012-08-16 13:09:48', 1, 0, 60, 40, 0, 0, 0, 0, 0, 0, 0, 0, 0, 7),
(104, 2, '2012-08-16 13:10:04', 0, 25, 10, 30, 25, 10, 0, 0, 0, 0, 0, 0, 0, 7),
(105, 3, '2012-08-16 13:10:16', 0, 0, 45, 50, 5, 0, 0, 0, 0, 0, 0, 0, 0, 7),
(106, 4, '2012-08-16 13:10:34', 0, 15, 35, 25, 15, 10, 0, 0, 0, 0, 0, 0, 0, 7),
(107, 1, '2012-08-21 13:01:54', 1, 25, 45, 20, 10, 0, 0, 0, 0, 0, 0, 0, 0, 1),
(108, 1, '2012-08-22 04:58:23', 1, 15, 20, 20, 20, 25, 0, 0, 0, 0, 0, 0, 0, 1),
(109, 2, '2012-08-22 04:58:53', 0, 25, 25, 5, 20, 25, 0, 0, 0, 0, 0, 0, 0, 1),
(110, 3, '2012-08-22 04:59:10', 0, 25, 15, 25, 25, 10, 0, 0, 0, 0, 0, 0, 0, 1),
(111, 4, '2012-08-22 04:59:26', 0, 30, 30, 25, 10, 5, 0, 0, 0, 0, 0, 0, 0, 1),
(112, 1, '2012-08-22 11:35:33', 0, 5, 35, 20, 15, 5, 0, 0, 0, 0, 0, 0, 0, 7),
(113, 2, '2012-08-22 11:35:52', 0, 15, 20, 20, 20, 25, 0, 0, 0, 0, 0, 0, 0, 7),
(114, 3, '2012-08-22 11:36:11', 0, 20, 20, 20, 30, 10, 0, 0, 0, 0, 0, 0, 0, 7),
(115, 4, '2012-08-22 11:36:28', 1, 15, 15, 25, 25, 20, 0, 0, 0, 0, 0, 0, 0, 7),
(116, 1, '2012-08-24 08:22:33', 1, 30, 10, 25, 15, 5, 0, 0, 0, 0, 0, 0, 0, 1),
(117, 1, '2012-08-28 12:35:28', 1, 30, 50, 20, 0, 0, 0, 0, 0, 0, 0, 0, 0, 1),
(118, 1, '2012-09-05 10:50:29', 1, 50, 25, 15, 10, 0, 0, 0, 0, 0, 0, 0, 0, 7),
(119, 1, '2012-09-05 13:12:48', 1, 25, 0, 0, 25, 0, 0, 0, 0, 0, 0, 0, 0, 1),
(120, 1, '2012-09-06 05:00:27', 1, 35, 35, 0, 0, 0, 0, 0, 0, 0, 0, 0, 0, 1),
(121, 1, '2012-09-06 07:03:55', 1, 0, 10, 5, 0, 45, 0, 0, 0, 0, 0, 0, 0, 53),
(122, 1, '2012-09-08 08:57:00', 1, 25, 20, 20, 25, 0, 0, 0, 0, 0, 0, 0, 0, 1),
(123, 1, '2012-09-08 09:00:54', 1, 35, 15, 20, 25, 5, 0, 0, 0, 0, 0, 0, 0, 23),
(124, 2, '2012-09-08 09:38:50', 0, 20, 15, 15, 15, 0, 0, 0, 0, 0, 0, 0, 0, 1),
(125, 1, '2012-09-10 12:20:48', 1, 20, 0, 20, 25, 0, 0, 0, 0, 0, 0, 0, 0, 1),
(126, 2, '2012-09-13 05:40:37', 1, 10, 20, 25, 20, 25, 0, 0, 0, 0, 0, 0, 0, 1),
(127, 1, '2012-09-14 07:25:07', 1, 15, 20, 15, 20, 20, 0, 0, 0, 0, 0, 0, 0, 1),
(128, 2, '2012-09-14 07:25:46', 0, 5, 5, 10, 5, 5, 0, 0, 0, 0, 0, 0, 0, 1),
(129, 1, '2012-09-18 08:37:51', 1, 30, 25, 15, 20, 10, 0, 0, 0, 0, 0, 0, 0, 1),
(132, 1, '2012-09-22 11:00:39', 0, 10, 5, 5, 5, 0, 0, 0, 0, 0, 0, 0, 0, 81),
(133, 2, '2012-09-22 11:01:19', 0, 25, 5, 15, 10, 0, 0, 0, 0, 0, 0, 0, 0, 81),
(134, 3, '2012-09-22 11:01:46', 0, 5, 5, 15, 0, 0, 0, 0, 0, 0, 0, 0, 0, 81),
(135, 4, '2012-09-22 11:02:12', 1, 35, 10, 15, 20, 0, 0, 0, 0, 0, 0, 0, 0, 81),
(136, 1, '2012-09-22 11:37:47', 1, 10, 20, 15, 20, 10, 0, 0, 0, 0, 0, 0, 0, 7),
(137, 1, '2012-09-22 11:38:10', 1, 20, 35, 35, 5, 5, 0, 0, 0, 0, 0, 0, 0, 65),
(138, 2, '2012-09-22 11:38:50', 0, 5, 5, 70, 10, 10, 0, 0, 0, 0, 0, 0, 0, 65),
(139, 3, '2012-09-22 11:40:19', 0, 15, 15, 15, 40, 15, 0, 0, 0, 0, 0, 0, 0, 65),
(140, 4, '2012-09-22 11:40:39', 0, 15, 15, 20, 30, 20, 0, 0, 0, 0, 0, 0, 0, 65),
(141, 1, '2012-09-24 11:57:58', 1, 20, 0, 20, 60, 0, 0, 0, 0, 0, 0, 0, 0, 1),
(142, 1, '2012-09-25 11:48:32', 1, 0, 0, 0, 60, 0, 0, 0, 0, 0, 0, 0, 0, 7),
(143, 1, '2012-09-27 05:12:39', 1, 10, 5, 20, 15, 0, 0, 0, 0, 0, 0, 0, 0, 53),
(144, 3, '2012-10-05 08:55:23', 1, 50, 50, 0, 0, 0, 0, 0, 0, 0, 0, 0, 0, 1),
(145, 3, '2012-10-05 12:06:56', 1, 25, 25, 15, 15, 20, 0, 0, 0, 0, 0, 0, 0, 23),
(146, 2, '2012-10-09 10:32:11', 1, 20, 35, 35, 5, 5, 0, 0, 0, 0, 0, 0, 0, 81),
(147, 2, '2012-10-11 07:33:49', 0, 0, 0, 50, 25, 25, 0, 0, 0, 0, 0, 0, 0, 1),
(148, 1, '2012-10-11 11:30:40', 1, 25, 20, 15, 15, 25, 0, 0, 0, 0, 0, 0, 0, 1),
(149, 3, '2012-10-11 11:03:54', 0, 5, 20, 30, 30, 5, 0, 0, 0, 0, 0, 0, 0, 1),
(150, 4, '2012-10-11 11:30:24', 0, 5, 25, 15, 20, 0, 0, 0, 0, 0, 0, 0, 0, 1),
(151, 2, '2012-10-12 07:32:48', 1, 0, 0, 5, 0, 0, 0, 0, 0, 0, 0, 0, 0, 1),
(162, 1, '2012-10-13 11:44:57', 1, 15, 25, 10, 20, 25, 0, 0, 0, 0, 0, 0, 0, 17),
(163, 2, '2012-10-13 11:46:58', 0, 5, 5, 15, 15, 35, 0, 0, 0, 0, 0, 0, 0, 17),
(164, 1, '2012-10-15 12:51:49', 0, 20, 10, 20, 15, 15, 0, 0, 0, 0, 0, 0, 0, 17),
(165, 2, '2012-10-15 11:56:44', 1, 30, 15, 30, 15, 10, 0, 0, 0, 0, 0, 0, 0, 17),
(166, 2, '2012-10-15 13:04:29', 1, 0, 80, 0, 0, 0, 0, 0, 0, 0, 0, 0, 0, 1),
(167, 1, '2012-10-16 04:13:17', 0, 15, 20, 15, 20, 15, 0, 0, 0, 0, 0, 0, 0, 17),
(168, 2, '2012-10-16 05:57:40', 0, 20, 15, 15, 20, 10, 0, 0, 0, 0, 0, 0, 0, 17),
(169, 3, '2012-10-16 05:21:40', 1, 0, 40, 60, 0, 0, 0, 0, 0, 0, 0, 0, 0, 17),
(170, 1, '2012-10-18 05:01:19', 1, 25, 15, 30, 10, 10, 0, 0, 0, 0, 0, 0, 0, 17),
(171, 1, '2012-10-22 11:50:21', 1, 15, 10, 35, 20, 10, 0, 0, 0, 0, 0, 0, 0, 1),
(172, 1, '2012-10-25 11:17:54', 1, 25, 10, 10, 15, 25, 0, 0, 0, 0, 0, 0, 0, 1),
(173, 1, '2012-10-26 06:53:58', 1, 60, 25, 0, 0, 0, 0, 0, 0, 0, 0, 0, 0, 81),
(174, 1, '2012-10-27 09:14:05', 1, 25, 30, 40, 5, 0, 0, 0, 0, 0, 0, 0, 0, 17),
(175, 1, '2012-10-30 09:09:59', 1, 30, 15, 25, 10, 10, 0, 0, 0, 0, 0, 0, 0, 17),
(176, 1, '2012-11-09 09:49:12', 0, 0, 0, 0, 0, 0, 0, 0, 0, 0, 0, 0, 0, 1),
(177, 4, '2012-11-09 09:52:03', 1, 50, 25, 20, 0, 0, 0, 0, 0, 0, 0, 0, 0, 1),
(178, 2, '2012-11-09 10:05:25', 0, 0, 40, 0, 0, 0, 0, 0, 0, 0, 0, 0, 0, 1),
(179, 3, '2012-11-09 10:05:35', 0, 0, 55, 0, 0, 0, 0, 0, 0, 0, 0, 0, 0, 1),
(180, 1, '2012-11-10 07:26:38', 0, 25, 0, 0, 15, 0, 0, 0, 0, 0, 0, 0, 0, 1),
(181, 2, '2012-11-10 07:22:58', 0, 20, 30, 15, 0, 0, 0, 0, 0, 0, 0, 0, 0, 1),
(182, 3, '2012-11-10 07:23:41', 0, 20, 15, 15, 25, 10, 0, 0, 0, 0, 0, 0, 0, 1),
(183, 4, '2012-11-10 07:24:00', 1, 0, 15, 45, 25, 0, 0, 0, 0, 0, 0, 0, 0, 1),
(184, 1, '2012-11-17 08:46:38', 0, 15, 15, 10, 15, 10, 0, 0, 0, 0, 0, 0, 0, 1),
(185, 2, '2012-11-17 08:46:54', 0, 10, 15, 10, 10, 10, 0, 0, 0, 0, 0, 0, 0, 1),
(186, 3, '2012-11-17 08:47:06', 0, 0, 20, 15, 15, 15, 0, 0, 0, 0, 0, 0, 0, 1),
(187, 4, '2012-11-17 08:47:24', 1, 15, 15, 20, 15, 20, 0, 0, 0, 0, 0, 0, 0, 1),
(188, 1, '2012-12-01 08:06:44', 1, 20, 10, 20, 10, 15, 0, 0, 0, 0, 0, 0, 0, 17),
(189, 1, '2012-12-03 07:59:02', 1, 10, 15, 15, 15, 10, 0, 0, 0, 0, 0, 0, 0, 17),
(190, 2, '2012-12-03 07:51:46', 0, 25, 5, 20, 10, 0, 0, 0, 0, 0, 0, 0, 0, 17),
(191, 2, '2012-12-03 09:22:21', 1, 0, 0, 0, 0, 0, 0, 0, 0, 0, 0, 0, 0, 7),
(192, 1, '2012-12-03 11:35:11', 1, 50, 0, 20, 0, 0, 0, 0, 0, 0, 0, 0, 0, 81),
(193, 1, '2012-12-04 04:25:35', 1, 25, 15, 10, 15, 20, 0, 0, 0, 0, 0, 0, 0, 17),
(194, 1, '2012-12-07 10:15:30', 1, 0, 0, 0, 0, 0, 0, 0, 0, 0, 0, 0, 0, 1),
(195, 1, '2012-12-11 10:34:59', 1, 15, 20, 15, 15, 35, 0, 0, 0, 0, 0, 0, 0, 65),
(196, 2, '2012-12-11 10:35:28', 0, 15, 5, 5, 5, 70, 0, 0, 0, 0, 0, 0, 0, 65),
(197, 3, '2012-12-11 10:35:42', 0, 0, 0, 0, 0, 100, 0, 0, 0, 0, 0, 0, 0, 65),
(198, 4, '2012-12-11 10:37:34', 0, 0, 0, 100, 0, 0, 0, 0, 0, 0, 0, 0, 0, 65),
(199, 1, '2012-12-14 05:49:26', 1, 30, 35, 10, 20, 5, 0, 0, 0, 0, 0, 0, 0, 1),
(200, 1, '2012-12-14 06:03:08', 1, 30, 20, 20, 10, 20, 0, 0, 0, 0, 0, 0, 0, 81),
(201, 2, '2012-12-14 06:08:38', 0, 50, 15, 20, 10, 5, 0, 0, 0, 0, 0, 0, 0, 1),
(202, 3, '2012-12-14 06:09:12', 0, 10, 20, 10, 30, 30, 0, 0, 0, 0, 0, 0, 0, 1),
(203, 4, '2012-12-14 06:09:42', 0, 10, 10, 35, 20, 25, 0, 0, 0, 0, 0, 0, 0, 1),
(204, 1, '2012-12-14 13:05:16', 1, 20, 20, 20, 20, 20, 0, 0, 0, 0, 0, 0, 0, 7),
(205, 1, '2012-12-17 10:32:20', 1, 30, 0, 25, 30, 15, 0, 0, 0, 0, 0, 0, 0, 34),
(206, 1, '2012-12-17 10:50:49', 1, 0, 0, 0, 0, 40, 0, 0, 0, 0, 0, 0, 0, 53),
(207, 2, '2012-12-17 10:51:19', 0, 0, 0, 15, 0, 0, 0, 0, 0, 0, 0, 0, 0, 53),
(208, 1, '2012-12-17 11:44:15', 1, 55, 0, 0, 0, 0, 0, 0, 0, 0, 0, 0, 0, 1),
(209, 1, '2012-12-21 09:51:53', 1, 50, 15, 10, 10, 10, 0, 0, 0, 0, 0, 0, 0, 34),
(210, 2, '2012-12-21 09:55:26', 0, 10, 15, 0, 0, 0, 0, 0, 0, 0, 0, 0, 0, 34),
(211, 1, '2012-12-21 10:15:11', 1, 0, 0, 0, 0, 0, 0, 0, 0, 0, 0, 0, 0, 1),
(212, 1, '2013-01-08 09:21:58', 1, 10, 15, 5, 0, 0, 0, 0, 0, 0, 0, 0, 0, 1),
(213, 1, '2013-01-10 05:01:03', 1, 15, 25, 30, 15, 10, 0, 0, 0, 0, 0, 0, 0, 1),
(214, 1, '2013-01-24 08:48:55', 1, 40, 0, 0, 0, 0, 0, 0, 0, 0, 0, 0, 0, 1),
(215, 1, '2013-01-30 09:54:41', 1, 35, 20, 15, 10, 20, 0, 0, 0, 0, 0, 0, 0, 1),
(216, 2, '2013-01-30 10:11:46', 0, 15, 15, 10, 10, 10, 0, 0, 0, 0, 0, 0, 0, 1),
(217, 3, '2013-01-30 10:12:08', 0, 5, 5, 5, 5, 10, 0, 0, 0, 0, 0, 0, 0, 1),
(218, 4, '2013-01-30 10:12:49', 0, 10, 10, 20, 15, 5, 0, 0, 0, 0, 0, 0, 0, 1),
(219, 1, '2013-02-07 07:44:03', 1, 100, 0, 0, 0, 0, 0, 0, 0, 0, 0, 0, 0, 1),
(220, 2, '2013-02-07 07:44:14', 0, 50, 0, 50, 0, 0, 0, 0, 0, 0, 0, 0, 0, 1),
(221, 3, '2013-02-07 07:44:26', 0, 50, 0, 0, 0, 50, 0, 0, 0, 0, 0, 0, 0, 1),
(222, 4, '2013-02-07 07:44:36', 0, 50, 0, 0, 50, 0, 0, 0, 0, 0, 0, 0, 0, 1),
(223, 1, '2013-03-15 06:04:59', 1, 30, 10, 30, 0, 20, 0, 0, 0, 0, 0, 0, 0, 53),
(224, 1, '2013-03-29 11:12:11', 0, 15, 15, 15, 15, 30, 0, 0, 0, 0, 0, 0, 0, 1),
(225, 2, '2013-03-29 11:14:23', 1, 10, 15, 20, 25, 25, 0, 0, 0, 0, 0, 0, 0, 1),
(226, 3, '2013-03-29 11:15:14', 0, 0, 0, 15, 20, 25, 0, 0, 0, 0, 0, 0, 0, 1),
(227, 4, '2013-03-29 11:15:34', 0, 15, 15, 20, 15, 10, 0, 0, 0, 0, 0, 0, 0, 1),
(228, 1, '2013-04-22 08:59:09', 0, 15, 25, 15, 10, 10, 0, 0, 0, 0, 0, 0, 0, 1),
(229, 2, '2013-04-22 09:00:08', 0, 15, 15, 15, 0, 35, 0, 0, 0, 0, 0, 0, 0, 1),
(230, 3, '2013-04-22 13:29:15', 1, 10, 15, 20, 15, 30, 0, 0, 0, 0, 0, 0, 0, 1),
(231, 1, '2013-04-23 11:02:37', 0, 10, 10, 15, 5, 5, 0, 0, 0, 0, 0, 0, 0, 1),
(232, 2, '2013-04-23 11:02:54', 0, 15, 15, 15, 15, 15, 0, 0, 0, 0, 0, 0, 0, 1),
(233, 3, '2013-04-23 11:03:16', 1, 10, 10, 15, 10, 50, 0, 0, 0, 0, 0, 0, 0, 1),
(234, 1, '2013-04-26 13:01:51', 0, 15, 15, 15, 15, 25, 0, 0, 0, 0, 0, 0, 0, 1),
(235, 2, '2013-04-26 07:53:45', 0, 15, 25, 30, 10, 10, 0, 0, 0, 0, 0, 0, 0, 1),
(236, 3, '2013-04-26 07:54:00', 0, 15, 10, 10, 10, 15, 0, 0, 0, 0, 0, 0, 0, 1),
(237, 4, '2013-04-26 13:02:07', 1, 15, 15, 25, 10, 30, 0, 0, 0, 0, 0, 0, 0, 1),
(238, 1, '2013-04-29 09:34:13', 1, 20, 30, 40, 10, 0, 0, 0, 0, 0, 0, 0, 0, 1),
(239, 1, '2013-05-01 09:16:01', 1, 15, 5, 10, 10, 55, 0, 0, 0, 0, 0, 0, 0, 1),
(240, 1, '2013-05-01 12:27:57', 1, 15, 15, 15, 15, 15, 0, 0, 0, 0, 0, 0, 0, 41),
(241, 1, '2013-05-03 12:41:54', 1, 15, 15, 15, 15, 15, 0, 0, 0, 0, 0, 0, 0, 39),
(242, 1, '2013-05-06 05:50:35', 1, 25, 0, 50, 10, 15, 0, 0, 0, 0, 0, 0, 0, 19),
(243, 2, '2013-05-06 05:56:44', 0, 0, 0, 25, 0, 0, 0, 0, 0, 0, 0, 0, 0, 19),
(244, 1, '2013-05-06 12:59:14', 0, 50, 0, 0, 0, 0, 0, 0, 0, 0, 0, 0, 0, 39),
(245, 1, '2013-05-06 11:43:58', 1, 15, 15, 15, 15, 15, 0, 0, 0, 0, 0, 0, 0, 76),
(246, 2, '2013-05-06 13:00:19', 0, 75, 0, 0, 0, 0, 0, 0, 0, 0, 0, 0, 0, 39),
(247, 3, '2013-05-06 12:12:54', 0, 0, 0, 0, 0, 75, 0, 0, 0, 0, 0, 0, 0, 39),
(248, 4, '2013-05-06 12:13:06', 1, 0, 0, 0, 0, 75, 0, 0, 0, 0, 0, 0, 0, 39),
(249, 1, '2013-05-09 03:17:45', 1, 25, 0, 50, 0, 10, 0, 0, 0, 0, 0, 0, 0, 1),
(250, 1, '2013-05-10 07:41:59', 0, 15, 15, 15, 15, 15, 0, 0, 0, 0, 0, 0, 0, 49),
(251, 1, '2013-05-10 11:08:05', 1, 10, 10, 10, 0, 0, 0, 0, 0, 0, 0, 0, 0, 41),
(252, 1, '2013-05-10 11:59:07', 1, 10, 10, 10, 15, 30, 0, 0, 0, 0, 0, 0, 0, 1),
(253, 2, '2013-05-10 12:01:14', 0, 0, 15, 15, 0, 0, 0, 0, 0, 0, 0, 0, 0, 1),
(254, 3, '2013-05-10 12:01:29', 0, 15, 10, 15, 15, 0, 0, 0, 0, 0, 0, 0, 0, 1),
(255, 4, '2013-05-10 12:01:48', 0, 10, 15, 15, 10, 10, 0, 0, 0, 0, 0, 0, 0, 1),
(256, 2, '2013-05-10 13:34:32', 1, 15, 15, 15, 20, 15, 0, 0, 0, 0, 0, 0, 0, 49),
(257, 1, '2013-05-11 05:44:05', 1, 10, 5, 5, 0, 0, 0, 0, 0, 0, 0, 0, 0, 53),
(258, 1, '2013-05-14 05:31:37', 1, 10, 15, 10, 15, 10, 0, 0, 0, 0, 0, 0, 0, 1),
(259, 1, '2013-05-14 08:21:06', 1, 10, 15, 15, 10, 15, 0, 0, 0, 0, 0, 0, 0, 18),
(260, 1, '2013-05-14 12:20:01', 0, 10, 0, 10, 10, 10, 0, 0, 0, 0, 0, 0, 0, 53),
(261, 2, '2013-05-14 12:20:40', 0, 20, 20, 20, 15, 10, 0, 0, 0, 0, 0, 0, 0, 53),
(262, 3, '2013-05-14 12:21:46', 0, 20, 20, 25, 30, 0, 0, 0, 0, 0, 0, 0, 0, 53),
(263, 4, '2013-05-14 12:22:08', 1, 35, 40, 20, 5, 0, 0, 0, 0, 0, 0, 0, 0, 53),
(264, 1, '2013-05-15 05:47:23', 1, 40, 0, 25, 0, 0, 0, 0, 0, 0, 0, 0, 0, 1),
(265, 1, '2013-05-16 08:33:49', 1, 15, 15, 15, 15, 15, 0, 0, 0, 0, 0, 0, 0, 1),
(270, 1, '2013-05-25 06:53:59', 1, 15, 15, 15, 15, 15, 0, 0, 0, 0, 0, 0, 0, 1),
(271, 1, '2013-05-30 12:43:32', 1, 25, 15, 50, 0, 10, 0, 0, 0, 0, 0, 0, 0, 1),
(272, 1, '2013-06-06 11:23:44', 1, 25, 20, 15, 20, 15, 0, 0, 0, 0, 0, 0, 0, 1),
(273, 1, '2013-06-08 13:21:43', 1, 35, 0, 30, 0, 0, 0, 0, 0, 0, 0, 0, 0, 1),
(274, 1, '2013-06-13 09:14:41', 1, 25, 20, 30, 15, 0, 0, 0, 0, 0, 0, 0, 0, 1),
(275, 1, '2013-11-25 05:41:05', 0, 15, 45, 20, 0, 0, 0, 0, 0, 0, 0, 0, 0, 1),
(276, 2, '2013-11-25 12:23:20', 1, 30, 30, 10, 25, 0, 0, 0, 0, 0, 0, 0, 0, 1),
(277, 1, '2013-11-26 08:58:58', 1, 25, 25, 20, 10, 15, 0, 0, 0, 0, 0, 0, 0, 1),
(278, 1, '2013-11-28 11:12:23', 1, 25, 0, 0, 15, 0, 0, 0, 0, 0, 0, 0, 0, 1),
(279, 1, '2013-11-29 13:43:05', 0, 10, 15, 25, 15, 0, 0, 0, 0, 0, 0, 0, 0, 1),
(280, 2, '2013-11-29 13:42:51', 0, 15, 30, 20, 25, 10, 0, 0, 0, 0, 0, 0, 0, 1),
(281, 4, '2013-11-29 13:43:44', 1, 25, 20, 35, 20, 0, 0, 0, 0, 0, 0, 0, 0, 1),
(282, 1, '2013-12-06 06:34:22', 1, 20, 20, 30, 25, 0, 0, 0, 0, 0, 0, 0, 0, 10),
(283, 2, '2013-12-06 06:34:43', 0, 15, 20, 20, 30, 10, 0, 0, 0, 0, 0, 0, 0, 10),
(284, 1, '2014-01-22 12:00:06', 1, 15, 10, 30, 0, 0, 0, 0, 0, 0, 0, 0, 0, 10),
(285, 1, '2014-04-05 06:23:20', 1, 15, 20, 20, 0, 0, 0, 0, 0, 0, 0, 0, 0, 1),
(286, 2, '2014-04-05 06:25:00', 0, 0, 0, 0, 0, 55, 0, 0, 0, 0, 0, 0, 0, 1),
(287, 1, '2014-04-07 08:51:39', 0, 30, 0, 0, 15, 0, 0, 0, 0, 0, 0, 0, 0, 1),
(288, 3, '2014-04-07 12:17:37', 1, 0, 0, 0, 0, 80, 0, 0, 0, 0, 0, 0, 0, 1),
(289, 2, '2014-04-11 12:10:17', 0, 10, 5, 25, 5, 15, 0, 0, 0, 0, 0, 0, 0, 1),
(290, 4, '2014-04-11 12:30:48', 0, 10, 0, 10, 25, 25, 0, 0, 0, 0, 0, 0, 0, 1),
(291, 3, '2014-04-11 12:34:24', 0, 15, 10, 0, 25, 25, 0, 0, 0, 0, 0, 0, 0, 1),
(292, 1, '2014-04-11 12:35:12', 1, 25, 0, 25, 25, 25, 0, 0, 0, 0, 0, 0, 0, 1),
(293, 4, '2014-04-12 06:21:36', 1, 30, 5, 25, 15, 25, 0, 0, 0, 0, 0, 0, 0, 1),
(294, 2, '2014-04-12 06:22:11', 0, 15, 0, 30, 5, 25, 0, 0, 0, 0, 0, 0, 0, 1),
(295, 3, '2014-04-12 06:28:55', 0, 10, 0, 0, 80, 0, 0, 0, 0, 0, 0, 0, 0, 1),
(296, 1, '2014-04-12 06:29:18', 0, 0, 0, 0, 5, 95, 0, 0, 0, 0, 0, 0, 0, 1),
(297, 1, '2014-04-14 11:28:47', 0, 20, 0, 25, 15, 25, 0, 0, 0, 0, 0, 0, 0, 1),
(298, 2, '2014-04-14 11:29:03', 0, 10, 0, 15, 20, 30, 0, 0, 0, 0, 0, 0, 0, 1),
(299, 3, '2014-04-14 11:29:15', 0, 30, 0, 15, 15, 30, 0, 0, 0, 0, 0, 0, 0, 1),
(300, 4, '2014-04-14 11:29:26', 1, 25, 0, 15, 20, 40, 0, 0, 0, 0, 0, 0, 0, 1),
(301, 2, '2014-04-15 07:37:29', 1, 20, 5, 15, 20, 35, 0, 0, 0, 0, 0, 0, 0, 1),
(302, 1, '2014-04-15 07:38:06', 0, 0, 0, 5, 0, 5, 0, 0, 0, 0, 0, 0, 0, 1),
(303, 3, '2014-04-28 04:55:23', 1, 15, 0, 25, 25, 25, 0, 0, 0, 0, 0, 0, 0, 1),
(304, 1, '2014-05-13 11:02:21', 1, 10, 0, 15, 15, 15, 0, 0, 0, 0, 0, 0, 0, 1),
(305, 1, '2014-06-18 14:00:34', 1, 20, 0, 30, 35, 0, 0, 0, 0, 0, 0, 0, 0, 1),
(306, 1, '2014-07-04 07:49:32', 1, 10, 5, 10, 25, 45, 0, 0, 0, 0, 0, 0, 0, 1),
(307, 1, '2014-09-17 04:49:23', 1, 25, 5, 10, 40, 20, 0, 0, 0, 0, 0, 0, 0, 81),
(308, 3, '2014-09-17 10:34:02', 0, 20, 0, 15, 40, 20, 0, 0, 0, 0, 0, 0, 0, 81),
(309, 4, '2014-09-17 10:34:17', 0, 25, 0, 25, 10, 25, 0, 0, 0, 0, 0, 0, 0, 81),
(310, 2, '2014-09-17 10:35:18', 0, 5, 0, 10, 15, 20, 0, 0, 0, 0, 0, 0, 0, 81),
(311, 4, '2015-04-30 07:21:52', 1, 20, 15, 5, 25, 0, 0, 0, 0, 0, 0, 0, 0, 1),
(312, 2, '2015-05-08 12:16:40', 1, 25, 15, 50, 0, 0, 0, 0, 0, 0, 0, 0, 0, 1),
(321, 1, '2015-05-26 10:22:34', 1, 25, 15, 10, 10, 10, 25, 5, 10, 10, 0, 1, 5, 1),
(322, 1, '2015-05-27 04:37:20', 1, 15, 5, 15, 20, 0, 15, 5, 15, 20, 0, 1, 9, 1),
(323, 2, '2015-05-27 04:54:34', 0, 20, 0, 10, 0, 10, 20, 0, 10, 0, 0, 1, 10, 1),
(324, 1, '2015-06-01 05:09:03', 1, 10, 0, 15, 10, 0, 10, 0, 15, 10, 0, 1, 1, 1),
(325, 1, '2015-06-25 10:14:40', 1, 5, 0, 10, 5, 0, 5, 0, 10, 5, 0, 1, 13, 1),
(326, 1, '2015-07-02 10:29:05', 1, 25, 5, 10, 15, 10, 0, 0, 0, 0, 0, 0, 0, 1),
(327, 2, '2015-07-02 10:29:45', 0, 10, 5, 10, 0, 40, 0, 0, 0, 0, 0, 0, 0, 1),
(328, 1, '2015-08-10 08:09:39', 1, 10, 25, 5, 5, 10, 0, 0, 0, 0, 0, 0, 0, 94),
(329, 1, '2016-02-20 05:03:41', 1, 0, 0, 40, 5, 3, 0, 0, 40, 5, 3, 1, 229, 1),
(330, 1, '2016-03-07 12:04:29', 1, 0, 0, 0, 0, 0, 0, 0, 0, 0, 0, 1, 233, 1),
(332, 1, '2016-03-17 10:50:45', 1, 5, 0, 5, 10, 0, 5, 0, 5, 10, 0, 2, 245, 1),
(333, 1, '2016-03-18 10:20:43', 1, 25, 5, 20, 20, 0, 25, 5, 20, 20, 0, 1, 45, 111),
(334, 2, '2016-03-18 10:38:25', 0, 20, 0, 10, 0, 0, 20, 0, 10, 0, 0, 1, 46, 111),
(335, 3, '2016-03-18 10:41:01', 0, 0, 0, 15, 15, 0, 0, 0, 15, 15, 0, 1, 47, 111),
(336, 4, '2016-03-18 10:41:26', 0, 0, 0, 0, 0, 0, 0, 0, 0, 0, 0, 1, 48, 111),
(337, 1, '2016-03-18 11:19:42', 1, 0, 0, 0, 0, 0, 0, 0, 0, 0, 0, 2, 5, 1),
(338, 1, '2016-03-17 11:44:05', 1, 25, 5, 20, 25, 0, 25, 5, 20, 25, 0, 1, 41, 111),
(339, 3, '2016-03-17 11:44:33', 0, 0, 0, 15, 15, 0, 0, 0, 15, 15, 0, 1, 43, 111),
(340, 1, '2016-03-16 11:46:26', 1, 25, 5, 25, 20, 0, 25, 5, 25, 20, 0, 1, 37, 111),
(341, 2, '2016-03-16 11:46:37', 0, 20, 0, 10, 0, 0, 20, 0, 10, 0, 0, 1, 38, 111),
(342, 1, '2016-03-26 12:55:33', 1, 0, 0, 0, 0, 0, 0, 0, 0, 0, 0, 1, 113, 1),
(343, 1, '2016-04-18 13:00:54', 1, 0, 0, 0, 0, 0, 0, 0, 0, 0, 0, 1, 233, 1),
(344, 1, '2016-04-29 08:31:17', 1, 0, 0, 40, 5, 3, 0, 0, 40, 5, 3, 1, 229, 1),
(345, 1, '2016-06-09 09:55:36', 1, 0, 0, 0, 0, 0, 0, 0, 0, 0, 0, 2, 253, 1),
(346, 1, '2016-07-01 05:25:53', 1, 0, 0, 0, 0, 0, 0, 0, 0, 0, 0, 2, 253, 1),
(347, 1, '2016-07-27 09:48:55', 0, 0, 0, 0, 0, 0, 0, 0, 0, 0, 0, 2, 317, 132),
(348, 2, '2016-07-27 09:49:35', 1, 0, 0, 10, 10, 0, 0, 0, 10, 10, 0, 2, 282, 132),
(349, 1, '2016-07-27 12:41:27', 1, 10, 0, 0, 15, 0, 10, 0, 0, 15, 0, 1, 241, 1),
(350, 1, '2016-08-01 05:20:08', 1, 5, 0, 5, 10, 0, 5, 0, 5, 10, 0, 1, 233, 1),
(351, 1, '2016-08-24 05:01:37', 1, 20, 0, 10, 15, 0, 20, 0, 10, 15, 0, 1, 241, 1),
(352, 1, '2016-08-26 11:08:15', 1, 0, 0, 40, 5, 3, 0, 0, 40, 5, 3, 1, 229, 1),
(353, 1, '2016-09-03 06:26:01', 1, 0, 0, 40, 5, 3, 0, 0, 40, 5, 3, 1, 113, 1),
(355, 1, '2016-09-05 06:07:54', 1, 5, 0, 5, 10, 0, 5, 0, 5, 10, 0, 1, 233, 1),
(356, 1, '2016-09-07 10:09:25', 1, 50, 0, 40, 15, 0, 50, 0, 40, 15, 0, 1, 569, 1),
(357, 1, '2016-09-08 07:09:34', 1, 0, 0, 15, 15, 0, 0, 0, 15, 15, 0, 1, 573, 1),
(358, 1, '2016-09-10 06:39:20', 1, 5, 0, 45, 15, 3, 5, 0, 45, 15, 3, 1, 113, 1),
(359, 1, '2016-09-14 06:39:47', 1, 10, 40, 0, 10, 0, 0, 0, 0, 0, 0, 0, 0, 1),
(360, 1, '2016-09-17 08:28:34', 0, 5, 0, 60, 10, 0, 0, 0, 0, 0, 0, 1, 113, 1),
(361, 2, '2016-09-17 12:24:13', 0, 14, 1, 37, 33, 15, 0, 0, 0, 0, 0, 0, 0, 0),
(362, 2, '2016-09-17 12:24:46', 0, 21, 0, 0, 0, 0, 0, 0, 0, 0, 0, 0, 0, 0),
(363, 2, '2016-09-17 12:25:34', 0, 0, 0, 0, 0, 29, 0, 0, 0, 0, 0, 0, 0, 0),
(364, 2, '2016-09-17 12:26:39', 0, 0, 30, 32, 0, 24, 0, 0, 0, 0, 0, 0, 0, 1),
(365, 3, '2016-09-17 12:35:34', 1, 50, 0, 13, 37, 0, 0, 0, 0, 0, 0, 0, 0, 1),
(366, 4, '2016-09-17 12:35:46', 0, 40, 12, 9, 0, 17, 0, 0, 0, 0, 0, 0, 0, 1),
(367, 4, '2016-09-19 13:14:05', 1, 10, 21, 27, 35, 7, 0, 0, 0, 0, 0, 0, 0, 1),
(368, 1, '2016-09-20 11:01:53', 1, 19, 17, 38, 18, 8, 0, 0, 0, 0, 0, 0, 0, 132),
(369, 1, '2016-09-20 11:07:28', 1, 35, 23, 14, 10, 7, 0, 0, 0, 0, 0, 0, 0, 1),
(370, 1, '2016-09-21 06:02:52', 1, 0, 0, 0, 25, 50, 0, 0, 0, 0, 0, 0, 0, 132),
(371, 3, '2016-09-21 11:15:36', 0, 0, 0, 0, 0, 50, 0, 0, 0, 0, 0, 0, 0, 132);

-- --------------------------------------------------------

--
-- Table structure for table `th_haip_diet`
--

CREATE TABLE IF NOT EXISTS `th_haip_diet` (
  `id` int(11) NOT NULL AUTO_INCREMENT,
  `rgs_id_fkx` int(10) unsigned NOT NULL,
  `title` varchar(70) NOT NULL,
  `description` text,
  `start_date` date NOT NULL,
  `end_date` date NOT NULL,
  `sch_type` varchar(5) NOT NULL DEFAULT 'F',
  `for_val` varchar(4) NOT NULL,
  `for_unit` varchar(15) NOT NULL,
  `frequency` varchar(25) NOT NULL,
  `classification` varchar(4) NOT NULL DEFAULT 'QN' COMMENT 'QN or QL',
  `diet_source` varchar(2) NOT NULL COMMENT 'A-> Admin',
  `diet_source_id` int(11) NOT NULL COMMENT 'Diet Template ID',
  `version_date` date NOT NULL,
  `status` varchar(10) NOT NULL DEFAULT 'Active',
  `created` timestamp NOT NULL DEFAULT CURRENT_TIMESTAMP,
  PRIMARY KEY (`id`)
) ENGINE=InnoDB  DEFAULT CHARSET=latin1 AUTO_INCREMENT=23 ;

--
-- Dumping data for table `th_haip_diet`
--

INSERT INTO `th_haip_diet` (`id`, `rgs_id_fkx`, `title`, `description`, `start_date`, `end_date`, `sch_type`, `for_val`, `for_unit`, `frequency`, `classification`, `diet_source`, `diet_source_id`, `version_date`, `status`, `created`) VALUES
(1, 1, 'my diet plan', 'mokmiomnjnu', '2016-03-17', '2016-05-17', 'F', '61', 'days', '', 'QN', 'A', 39, '2016-03-10', 'Inactive', '2016-03-18 09:50:45'),
(2, 111, 'Healthy Diet Nutrition', 'Healthy Diet Nutrition', '2016-03-15', '2016-03-20', 'F', '2', 'days', '', 'QN', 'A', 1, '0000-00-00', 'Active', '2016-03-18 09:59:13'),
(3, 1, 'Health Nutrition Diet 1', 'Follow carefully the nutritons 1', '2016-03-24', '2016-06-15', 'F', '67', 'days', '', 'QN', 'A', 20, '2016-03-22', 'Inactive', '2016-03-22 05:32:37'),
(5, 1, 'Health Nutrition Diet 1', 'Follow carefully the nutritons 1', '2016-03-24', '2016-07-04', 'F', '67', 'days', '', 'QN', 'A', 20, '2016-03-26', 'Inactive', '2016-03-26 11:45:29'),
(6, 115, 'my diet plan', 'mokmiomnjnu', '2016-05-28', '2016-08-15', 'F', '74', 'days', '', 'QN', 'A', 39, '2016-03-10', 'Inactive', '2016-05-28 06:10:47'),
(7, 115, 'Healthy Diet Nutrition', 'Healthy Diet Nutrition', '2016-05-28', '2016-08-15', 'F', '79', 'days', '', 'QN', 'A', 1, '0000-00-00', 'Inactive', '2016-05-28 08:18:56'),
(8, 115, 'my diet plan', 'mokmiomnjnu', '2016-05-28', '2016-08-15', 'F', '79', 'days', '', 'QN', 'A', 39, '2016-03-10', 'Inactive', '2016-05-28 08:27:57'),
(9, 115, 'Healthy Diet Nutrition', 'Healthy Diet Nutrition', '2016-05-28', '2016-08-15', 'F', '79', 'days', '', 'QN', 'A', 1, '0000-00-00', 'Inactive', '2016-05-28 08:52:20'),
(10, 115, 'my diet plan', 'mokmiomnjnu', '2016-05-28', '2016-08-15', 'F', '79', 'days', '', 'QN', 'A', 39, '2016-03-10', 'Active', '2016-05-28 10:44:36'),
(11, 1, 'Healthy Diet Nutrition', 'Healthy Diet Nutrition', '2016-06-09', '2016-10-03', 'F', '25', 'days', '', 'QN', 'A', 1, '0000-00-00', 'Inactive', '2016-06-09 08:30:09'),
(12, 132, 'Healthy Diet Nutrition', 'Healthy Diet Nutrition', '2016-07-27', '2016-08-11', 'F', '15', 'days', '', 'QN', 'A', 1, '0000-00-00', 'Inactive', '2016-07-27 07:28:07'),
(13, 132, 'my diet plan', 'mokmiomnjnu', '2016-07-27', '2016-09-30', 'F', '15', 'days', '', 'QN', 'A', 39, '2016-03-10', 'Active', '2016-07-27 11:28:09'),
(14, 1, 'Health Nutrition Diet 1', 'Follow carefully the nutritons 1', '0000-00-00', '0000-00-00', 'F', '0', 'days', '', 'QN', 'A', 21, '2016-09-07', 'Inactive', '2016-09-07 08:42:29'),
(15, 1, 'Health Nutrition Diet 1', 'Follow carefully the nutritons 1', '0000-00-00', '0000-00-00', 'F', '0', 'days', '', 'QN', 'A', 21, '0000-00-00', 'Inactive', '2016-09-07 08:42:31'),
(16, 1, 'Health Nutrition Diet 1', 'Follow carefully the nutritons 1', '0000-00-00', '0000-00-00', 'F', '0', 'days', '', 'QN', 'A', 21, '0000-00-00', 'Inactive', '2016-09-07 08:42:34'),
(17, 1, 'Health Nutrition Diet 1', 'Follow carefully the nutritons 1', '2016-09-07', '2016-10-03', 'F', '26', 'days', '', 'QN', 'A', 20, '2016-03-26', 'Inactive', '2016-09-07 09:57:23'),
(18, 1, 'Health Nutrition Diet 1', 'Follow carefully the nutritons 1', '2016-09-07', '2016-10-03', 'F', '26', 'days', '', 'QN', 'A', 20, '2016-03-26', 'Inactive', '2016-09-07 09:57:26'),
(19, 1, 'Healthy Diet Nutrition', 'Healthy Diet Nutrition', '2016-09-07', '2016-10-03', 'F', '26', 'days', '', 'QN', 'A', 1, '0000-00-00', 'Inactive', '2016-09-07 09:58:03'),
(20, 1, 'Healthy Diet Nutrition', 'Healthy Diet Nutrition', '2016-09-07', '2016-10-03', 'F', '26', 'days', '', 'QN', 'A', 1, '0000-00-00', 'Inactive', '2016-09-07 09:58:06'),
(21, 1, 'Health Nutrition Diet 1', 'Follow carefully the nutritons 1', '2016-09-07', '2016-10-03', 'F', '26', 'days', '', 'QN', 'A', 20, '2016-03-26', 'Inactive', '2016-09-07 10:02:01'),
(22, 1, 'Health Nutrition Diet 1', 'Follow carefully the nutritons 1', '2016-09-07', '2016-12-25', 'F', '26', 'days', '', 'QN', 'A', 20, '2016-03-26', 'Active', '2016-09-07 10:03:57');

-- --------------------------------------------------------

--
-- Table structure for table `th_haip_diet_data`
--

CREATE TABLE IF NOT EXISTS `th_haip_diet_data` (
  `id` int(11) NOT NULL AUTO_INCREMENT,
  `diet_id` int(11) NOT NULL,
  `rgs_id_fkx` int(10) unsigned NOT NULL,
  `type` varchar(5) NOT NULL,
  `met_data` varchar(10) DEFAULT NULL COMMENT 'F-> Followed, N->Not Followed,C-> Custom, M->Mixed, P->Partial',
  `due_date` date NOT NULL,
  `recorded` varchar(5) NOT NULL DEFAULT 'Yes',
  `created` timestamp NOT NULL DEFAULT CURRENT_TIMESTAMP,
  PRIMARY KEY (`id`),
  KEY `met_id` (`diet_id`)
) ENGINE=InnoDB  DEFAULT CHARSET=latin1 AUTO_INCREMENT=19 ;

--
-- Dumping data for table `th_haip_diet_data`
--

INSERT INTO `th_haip_diet_data` (`id`, `diet_id`, `rgs_id_fkx`, `type`, `met_data`, `due_date`, `recorded`, `created`) VALUES
(1, 2, 111, 'bf', 'F', '2016-03-18', 'Yes', '2016-03-18 10:35:43'),
(2, 2, 111, 'ln', 'F', '2016-03-18', 'Yes', '2016-03-18 10:38:25'),
(3, 2, 111, 'sn', 'F', '2016-03-18', 'Yes', '2016-03-18 10:41:01'),
(4, 2, 111, 'dn', 'F', '2016-03-18', 'Yes', '2016-03-18 10:41:26'),
(5, 1, 1, 'bf', 'N', '2016-03-18', 'Yes', '2016-03-18 11:19:42'),
(6, 2, 111, 'bf', 'F', '2016-03-17', 'Yes', '2016-03-17 11:44:05'),
(7, 2, 111, 'sn', 'F', '2016-03-17', 'Yes', '2016-03-17 11:44:33'),
(8, 2, 111, 'bf', 'F', '2016-03-16', 'Yes', '2016-03-16 11:46:26'),
(9, 2, 111, 'ln', 'F', '2016-03-16', 'Yes', '2016-03-16 11:46:37'),
(10, 11, 1, 'bf', 'P', '2016-06-09', 'Yes', '2016-06-09 09:55:36'),
(11, 0, 1, 'bf', 'N', '2016-06-09', 'Yes', '2016-06-09 10:03:13'),
(12, 11, 1, 'bf', 'N', '2016-07-01', 'Yes', '2016-07-01 05:25:53'),
(13, 12, 132, 'bf', 'P', '2016-07-27', 'Yes', '2016-07-27 09:48:55'),
(14, 0, 132, 'ln', 'F', '2016-07-27', 'Yes', '2016-07-27 09:49:35'),
(15, 0, 132, 'bf', 'N', '2016-07-27', 'Yes', '2016-07-27 09:50:18'),
(16, 13, 132, 'bf', 'P', '2016-07-27', 'Yes', '2016-07-27 11:28:30'),
(17, 22, 1, 'bf', 'P', '2016-09-07', 'Yes', '2016-09-07 10:09:41'),
(18, 22, 1, 'bf', 'P', '2016-09-08', 'Yes', '2016-09-08 07:26:11');

-- --------------------------------------------------------

--
-- Table structure for table `th_haip_diet_meal`
--

CREATE TABLE IF NOT EXISTS `th_haip_diet_meal` (
  `id` int(11) NOT NULL AUTO_INCREMENT,
  `diet_id` int(11) NOT NULL,
  `day` varchar(2) NOT NULL,
  `type` varchar(10) NOT NULL,
  `source` varchar(10) NOT NULL,
  `created` timestamp NOT NULL DEFAULT CURRENT_TIMESTAMP,
  PRIMARY KEY (`id`),
  KEY `met_id` (`diet_id`)
) ENGINE=InnoDB  DEFAULT CHARSET=latin1 AUTO_INCREMENT=589 ;

--
-- Dumping data for table `th_haip_diet_meal`
--

INSERT INTO `th_haip_diet_meal` (`id`, `diet_id`, `day`, `type`, `source`, `created`) VALUES
(1, 1, '6', 'bf', 'self', '2016-03-18 09:50:45'),
(2, 1, '6', 'ln', 'self', '2016-03-18 09:50:46'),
(3, 1, '6', 'sn', 'self', '2016-03-18 09:50:46'),
(4, 1, '6', 'dn', 'self', '2016-03-18 09:50:46'),
(5, 1, '5', 'bf', 'self', '2016-03-18 09:50:46'),
(6, 1, '5', 'ln', 'self', '2016-03-18 09:50:46'),
(7, 1, '5', 'sn', 'self', '2016-03-18 09:50:46'),
(8, 1, '5', 'dn', 'self', '2016-03-18 09:50:46'),
(9, 1, '1', 'bf', '5_bf', '2016-03-18 09:50:46'),
(10, 1, '1', 'ln', 'self', '2016-03-18 09:50:46'),
(11, 1, '1', 'sn', 'self', '2016-03-18 09:50:46'),
(12, 1, '1', 'dn', 'self', '2016-03-18 09:50:47'),
(13, 1, '2', 'bf', '5_bf', '2016-03-18 09:50:47'),
(14, 1, '2', 'ln', 'self', '2016-03-18 09:50:47'),
(15, 1, '2', 'sn', 'self', '2016-03-18 09:50:47'),
(16, 1, '2', 'dn', 'self', '2016-03-18 09:50:47'),
(17, 1, '7', 'bf', '5_bf', '2016-03-18 09:50:47'),
(18, 1, '7', 'ln', 'self', '2016-03-18 09:50:47'),
(19, 1, '7', 'sn', 'self', '2016-03-18 09:50:47'),
(20, 1, '7', 'dn', 'self', '2016-03-18 09:50:47'),
(21, 1, '3', 'bf', 'self', '2016-03-18 09:50:47'),
(22, 1, '3', 'ln', '', '2016-03-18 09:50:47'),
(23, 1, '3', 'sn', '5_sn', '2016-03-18 09:50:48'),
(24, 1, '3', 'dn', 'self', '2016-03-18 09:50:48'),
(25, 1, '4', 'bf', '', '2016-03-18 09:50:48'),
(26, 1, '4', 'ln', '', '2016-03-18 09:50:48'),
(27, 1, '4', 'sn', '', '2016-03-18 09:50:48'),
(28, 1, '4', 'dn', '', '2016-03-18 09:50:48'),
(29, 2, '1', 'bf', 'self', '2016-03-18 09:59:14'),
(30, 2, '1', 'ln', 'self', '2016-03-18 09:59:14'),
(31, 2, '1', 'sn', 'self', '2016-03-18 09:59:14'),
(32, 2, '1', 'dn', 'self', '2016-03-18 09:59:14'),
(33, 2, '2', 'bf', 'self', '2016-03-18 09:59:14'),
(34, 2, '2', 'ln', 'self', '2016-03-18 09:59:14'),
(35, 2, '2', 'sn', 'self', '2016-03-18 09:59:14'),
(36, 2, '2', 'dn', 'self', '2016-03-18 09:59:14'),
(37, 2, '3', 'bf', 'self', '2016-03-18 09:59:15'),
(38, 2, '3', 'ln', 'self', '2016-03-18 09:59:15'),
(39, 2, '3', 'sn', 'self', '2016-03-18 09:59:15'),
(40, 2, '3', 'dn', 'self', '2016-03-18 09:59:15'),
(41, 2, '4', 'bf', 'self', '2016-03-18 09:59:15'),
(42, 2, '4', 'ln', 'self', '2016-03-18 09:59:15'),
(43, 2, '4', 'sn', 'self', '2016-03-18 09:59:15'),
(44, 2, '4', 'dn', 'self', '2016-03-18 09:59:15'),
(45, 2, '5', 'bf', 'self', '2016-03-18 09:59:15'),
(46, 2, '5', 'ln', 'self', '2016-03-18 09:59:16'),
(47, 2, '5', 'sn', 'self', '2016-03-18 09:59:16'),
(48, 2, '5', 'dn', 'self', '2016-03-18 09:59:16'),
(49, 2, '6', 'bf', 'self', '2016-03-18 09:59:16'),
(50, 2, '6', 'ln', 'self', '2016-03-18 09:59:16'),
(51, 2, '6', 'sn', 'self', '2016-03-18 09:59:16'),
(52, 2, '6', 'dn', 'self', '2016-03-18 09:59:16'),
(53, 2, '7', 'bf', 'self', '2016-03-18 09:59:16'),
(54, 2, '7', 'ln', 'self', '2016-03-18 09:59:16'),
(55, 2, '7', 'sn', 'self', '2016-03-18 09:59:17'),
(56, 2, '7', 'dn', 'self', '2016-03-18 09:59:17'),
(57, 3, '1', 'bf', 'self', '2016-03-22 05:32:37'),
(58, 3, '1', 'ln', 'self', '2016-03-22 05:32:37'),
(59, 3, '1', 'sn', 'self', '2016-03-22 05:32:37'),
(60, 3, '1', 'dn', 'self', '2016-03-22 05:32:37'),
(61, 3, '2', 'bf', 'self', '2016-03-22 05:32:37'),
(62, 3, '2', 'ln', 'self', '2016-03-22 05:32:38'),
(63, 3, '2', 'sn', 'self', '2016-03-22 05:32:38'),
(64, 3, '2', 'dn', 'self', '2016-03-22 05:32:38'),
(65, 3, '3', 'bf', 'self', '2016-03-22 05:32:38'),
(66, 3, '3', 'ln', 'self', '2016-03-22 05:32:38'),
(67, 3, '3', 'sn', 'self', '2016-03-22 05:32:38'),
(68, 3, '3', 'dn', 'self', '2016-03-22 05:32:38'),
(69, 3, '4', 'bf', 'self', '2016-03-22 05:32:38'),
(70, 3, '4', 'ln', 'self', '2016-03-22 05:32:38'),
(71, 3, '4', 'sn', 'self', '2016-03-22 05:32:38'),
(72, 3, '4', 'dn', 'self', '2016-03-22 05:32:38'),
(73, 3, '5', 'bf', 'self', '2016-03-22 05:32:39'),
(74, 3, '5', 'ln', 'self', '2016-03-22 05:32:39'),
(75, 3, '5', 'sn', 'self', '2016-03-22 05:32:39'),
(76, 3, '5', 'dn', 'self', '2016-03-22 05:32:39'),
(77, 3, '6', 'bf', 'self', '2016-03-22 05:32:39'),
(78, 3, '6', 'ln', 'self', '2016-03-22 05:32:39'),
(79, 3, '6', 'sn', 'self', '2016-03-22 05:32:39'),
(80, 3, '6', 'dn', 'self', '2016-03-22 05:32:39'),
(81, 3, '7', 'bf', 'self', '2016-03-22 05:32:39'),
(82, 3, '7', 'ln', 'self', '2016-03-22 05:32:39'),
(83, 3, '7', 'sn', 'self', '2016-03-22 05:32:40'),
(84, 3, '7', 'dn', 'self', '2016-03-22 05:32:40'),
(85, 6, '6', 'bf', 'self', '2016-05-24 05:31:38'),
(86, 6, '6', 'ln', 'self', '2016-05-24 05:31:39'),
(87, 6, '6', 'sn', 'self', '2016-05-24 05:31:39'),
(88, 6, '6', 'dn', 'self', '2016-05-24 05:31:39'),
(89, 6, '5', 'bf', 'self', '2016-05-24 05:31:39'),
(90, 6, '5', 'ln', 'self', '2016-05-24 05:31:39'),
(91, 6, '5', 'sn', 'self', '2016-05-24 05:31:39'),
(92, 6, '5', 'dn', 'self', '2016-05-24 05:31:39'),
(93, 6, '1', 'bf', '5_bf', '2016-05-24 05:31:39'),
(94, 6, '1', 'ln', 'self', '2016-05-24 05:31:39'),
(95, 6, '1', 'sn', 'self', '2016-05-24 05:31:39'),
(96, 6, '1', 'dn', 'self', '2016-05-24 05:31:40'),
(97, 6, '2', 'bf', '5_bf', '2016-05-24 05:31:40'),
(98, 6, '2', 'ln', 'self', '2016-05-24 05:31:40'),
(99, 6, '2', 'sn', 'self', '2016-05-24 05:31:40'),
(100, 6, '2', 'dn', 'self', '2016-05-24 05:31:40'),
(101, 6, '7', 'bf', '5_bf', '2016-05-24 05:31:40'),
(102, 6, '7', 'ln', 'self', '2016-05-24 05:31:40'),
(103, 6, '7', 'sn', 'self', '2016-05-24 05:31:40'),
(104, 6, '7', 'dn', 'self', '2016-05-24 05:31:40'),
(105, 6, '3', 'bf', 'self', '2016-05-24 05:31:40'),
(106, 6, '3', 'ln', '', '2016-05-24 05:31:40'),
(107, 6, '3', 'sn', '5_sn', '2016-05-24 05:31:41'),
(108, 6, '3', 'dn', 'self', '2016-05-24 05:31:41'),
(109, 6, '4', 'bf', '', '2016-05-24 05:31:41'),
(110, 6, '4', 'ln', '', '2016-05-24 05:31:41'),
(111, 6, '4', 'sn', '', '2016-05-24 05:31:41'),
(112, 6, '4', 'dn', '', '2016-05-24 05:31:41'),
(113, 6, '6', 'bf', 'self', '2016-05-28 06:10:48'),
(114, 6, '6', 'ln', 'self', '2016-05-28 06:10:48'),
(115, 6, '6', 'sn', 'self', '2016-05-28 06:10:48'),
(116, 6, '6', 'dn', 'self', '2016-05-28 06:10:48'),
(117, 6, '5', 'bf', 'self', '2016-05-28 06:10:48'),
(118, 6, '5', 'ln', 'self', '2016-05-28 06:10:48'),
(119, 6, '5', 'sn', 'self', '2016-05-28 06:10:48'),
(120, 6, '5', 'dn', 'self', '2016-05-28 06:10:48'),
(121, 6, '1', 'bf', '5_bf', '2016-05-28 06:10:48'),
(122, 6, '1', 'ln', 'self', '2016-05-28 06:10:49'),
(123, 6, '1', 'sn', 'self', '2016-05-28 06:10:49'),
(124, 6, '1', 'dn', 'self', '2016-05-28 06:10:49'),
(125, 6, '2', 'bf', '5_bf', '2016-05-28 06:10:49'),
(126, 6, '2', 'ln', 'self', '2016-05-28 06:10:49'),
(127, 6, '2', 'sn', 'self', '2016-05-28 06:10:49'),
(128, 6, '2', 'dn', 'self', '2016-05-28 06:10:49'),
(129, 6, '7', 'bf', '5_bf', '2016-05-28 06:10:49'),
(130, 6, '7', 'ln', 'self', '2016-05-28 06:10:49'),
(131, 6, '7', 'sn', 'self', '2016-05-28 06:10:49'),
(132, 6, '7', 'dn', 'self', '2016-05-28 06:10:50'),
(133, 6, '3', 'bf', 'self', '2016-05-28 06:10:50'),
(134, 6, '3', 'ln', '', '2016-05-28 06:10:50'),
(135, 6, '3', 'sn', '5_sn', '2016-05-28 06:10:50'),
(136, 6, '3', 'dn', 'self', '2016-05-28 06:10:50'),
(137, 6, '4', 'bf', '', '2016-05-28 06:10:50'),
(138, 6, '4', 'ln', '', '2016-05-28 06:10:50'),
(139, 6, '4', 'sn', '', '2016-05-28 06:10:50'),
(140, 6, '4', 'dn', '', '2016-05-28 06:10:50'),
(141, 7, '1', 'bf', 'self', '2016-05-28 08:18:56'),
(142, 7, '1', 'ln', 'self', '2016-05-28 08:18:56'),
(143, 7, '1', 'sn', 'self', '2016-05-28 08:18:57'),
(144, 7, '1', 'dn', 'self', '2016-05-28 08:18:57'),
(145, 7, '2', 'bf', 'self', '2016-05-28 08:18:57'),
(146, 7, '2', 'ln', 'self', '2016-05-28 08:18:57'),
(147, 7, '2', 'sn', 'self', '2016-05-28 08:18:57'),
(148, 7, '2', 'dn', 'self', '2016-05-28 08:18:57'),
(149, 7, '3', 'bf', 'self', '2016-05-28 08:18:57'),
(150, 7, '3', 'ln', 'self', '2016-05-28 08:18:57'),
(151, 7, '3', 'sn', 'self', '2016-05-28 08:18:57'),
(152, 7, '3', 'dn', 'self', '2016-05-28 08:18:57'),
(153, 7, '4', 'bf', 'self', '2016-05-28 08:18:57'),
(154, 7, '4', 'ln', 'self', '2016-05-28 08:18:58'),
(155, 7, '4', 'sn', 'self', '2016-05-28 08:18:58'),
(156, 7, '4', 'dn', 'self', '2016-05-28 08:18:58'),
(157, 7, '5', 'bf', 'self', '2016-05-28 08:18:58'),
(158, 7, '5', 'ln', 'self', '2016-05-28 08:18:58'),
(159, 7, '5', 'sn', 'self', '2016-05-28 08:18:58'),
(160, 7, '5', 'dn', 'self', '2016-05-28 08:18:58'),
(161, 7, '6', 'bf', 'self', '2016-05-28 08:18:59'),
(162, 7, '6', 'ln', 'self', '2016-05-28 08:18:59'),
(163, 7, '6', 'sn', 'self', '2016-05-28 08:18:59'),
(164, 7, '6', 'dn', 'self', '2016-05-28 08:18:59'),
(165, 7, '7', 'bf', 'self', '2016-05-28 08:18:59'),
(166, 7, '7', 'ln', 'self', '2016-05-28 08:18:59'),
(167, 7, '7', 'sn', 'self', '2016-05-28 08:18:59'),
(168, 7, '7', 'dn', 'self', '2016-05-28 08:18:59'),
(169, 8, '6', 'bf', 'self', '2016-05-28 08:27:58'),
(170, 8, '6', 'ln', 'self', '2016-05-28 08:27:58'),
(171, 8, '6', 'sn', 'self', '2016-05-28 08:27:58'),
(172, 8, '6', 'dn', 'self', '2016-05-28 08:27:58'),
(173, 8, '5', 'bf', 'self', '2016-05-28 08:27:58'),
(174, 8, '5', 'ln', 'self', '2016-05-28 08:27:58'),
(175, 8, '5', 'sn', 'self', '2016-05-28 08:27:58'),
(176, 8, '5', 'dn', 'self', '2016-05-28 08:27:58'),
(177, 8, '1', 'bf', '5_bf', '2016-05-28 08:27:58'),
(178, 8, '1', 'ln', 'self', '2016-05-28 08:27:58'),
(179, 8, '1', 'sn', 'self', '2016-05-28 08:27:58'),
(180, 8, '1', 'dn', 'self', '2016-05-28 08:27:58'),
(181, 8, '2', 'bf', '5_bf', '2016-05-28 08:27:59'),
(182, 8, '2', 'ln', 'self', '2016-05-28 08:27:59'),
(183, 8, '2', 'sn', 'self', '2016-05-28 08:27:59'),
(184, 8, '2', 'dn', 'self', '2016-05-28 08:27:59'),
(185, 8, '7', 'bf', '5_bf', '2016-05-28 08:27:59'),
(186, 8, '7', 'ln', 'self', '2016-05-28 08:27:59'),
(187, 8, '7', 'sn', 'self', '2016-05-28 08:27:59'),
(188, 8, '7', 'dn', 'self', '2016-05-28 08:27:59'),
(189, 8, '3', 'bf', 'self', '2016-05-28 08:27:59'),
(190, 8, '3', 'ln', '', '2016-05-28 08:27:59'),
(191, 8, '3', 'sn', '5_sn', '2016-05-28 08:27:59'),
(192, 8, '3', 'dn', 'self', '2016-05-28 08:27:59'),
(193, 8, '4', 'bf', '', '2016-05-28 08:27:59'),
(194, 8, '4', 'ln', '', '2016-05-28 08:27:59'),
(195, 8, '4', 'sn', '', '2016-05-28 08:28:00'),
(196, 8, '4', 'dn', '', '2016-05-28 08:28:00'),
(197, 9, '1', 'bf', 'self', '2016-05-28 08:52:20'),
(198, 9, '1', 'ln', 'self', '2016-05-28 08:52:21'),
(199, 9, '1', 'sn', 'self', '2016-05-28 08:52:21'),
(200, 9, '1', 'dn', 'self', '2016-05-28 08:52:21'),
(201, 9, '2', 'bf', 'self', '2016-05-28 08:52:21'),
(202, 9, '2', 'ln', 'self', '2016-05-28 08:52:21'),
(203, 9, '2', 'sn', 'self', '2016-05-28 08:52:21'),
(204, 9, '2', 'dn', 'self', '2016-05-28 08:52:21'),
(205, 9, '3', 'bf', 'self', '2016-05-28 08:52:21'),
(206, 9, '3', 'ln', 'self', '2016-05-28 08:52:21'),
(207, 9, '3', 'sn', 'self', '2016-05-28 08:52:21'),
(208, 9, '3', 'dn', 'self', '2016-05-28 08:52:21'),
(209, 9, '4', 'bf', 'self', '2016-05-28 08:52:21'),
(210, 9, '4', 'ln', 'self', '2016-05-28 08:52:22'),
(211, 9, '4', 'sn', 'self', '2016-05-28 08:52:22'),
(212, 9, '4', 'dn', 'self', '2016-05-28 08:52:22'),
(213, 9, '5', 'bf', 'self', '2016-05-28 08:52:22'),
(214, 9, '5', 'ln', 'self', '2016-05-28 08:52:22'),
(215, 9, '5', 'sn', 'self', '2016-05-28 08:52:22'),
(216, 9, '5', 'dn', 'self', '2016-05-28 08:52:22'),
(217, 9, '6', 'bf', 'self', '2016-05-28 08:52:22'),
(218, 9, '6', 'ln', 'self', '2016-05-28 08:52:22'),
(219, 9, '6', 'sn', 'self', '2016-05-28 08:52:22'),
(220, 9, '6', 'dn', 'self', '2016-05-28 08:52:23'),
(221, 9, '7', 'bf', 'self', '2016-05-28 08:52:23'),
(222, 9, '7', 'ln', 'self', '2016-05-28 08:52:23'),
(223, 9, '7', 'sn', 'self', '2016-05-28 08:52:23'),
(224, 9, '7', 'dn', 'self', '2016-05-28 08:52:23'),
(225, 10, '6', 'bf', 'self', '2016-05-28 10:44:36'),
(226, 10, '6', 'ln', 'self', '2016-05-28 10:44:36'),
(227, 10, '6', 'sn', 'self', '2016-05-28 10:44:37'),
(228, 10, '6', 'dn', 'self', '2016-05-28 10:44:37'),
(229, 10, '5', 'bf', 'self', '2016-05-28 10:44:37'),
(230, 10, '5', 'ln', 'self', '2016-05-28 10:44:37'),
(231, 10, '5', 'sn', 'self', '2016-05-28 10:44:37'),
(232, 10, '5', 'dn', 'self', '2016-05-28 10:44:37'),
(233, 10, '1', 'bf', '5_bf', '2016-05-28 10:44:37'),
(234, 10, '1', 'ln', 'self', '2016-05-28 10:44:37'),
(235, 10, '1', 'sn', 'self', '2016-05-28 10:44:38'),
(236, 10, '1', 'dn', 'self', '2016-05-28 10:44:38'),
(237, 10, '2', 'bf', '5_bf', '2016-05-28 10:44:38'),
(238, 10, '2', 'ln', 'self', '2016-05-28 10:44:38'),
(239, 10, '2', 'sn', 'self', '2016-05-28 10:44:38'),
(240, 10, '2', 'dn', 'self', '2016-05-28 10:44:38'),
(241, 10, '7', 'bf', '5_bf', '2016-05-28 10:44:38'),
(242, 10, '7', 'ln', 'self', '2016-05-28 10:44:38'),
(243, 10, '7', 'sn', 'self', '2016-05-28 10:44:38'),
(244, 10, '7', 'dn', 'self', '2016-05-28 10:44:38'),
(245, 10, '3', 'bf', 'self', '2016-05-28 10:44:38'),
(246, 10, '3', 'ln', '', '2016-05-28 10:44:38'),
(247, 10, '3', 'sn', '5_sn', '2016-05-28 10:44:38'),
(248, 10, '3', 'dn', 'self', '2016-05-28 10:44:39'),
(249, 10, '4', 'bf', '', '2016-05-28 10:44:39'),
(250, 10, '4', 'ln', '', '2016-05-28 10:44:39'),
(251, 10, '4', 'sn', '', '2016-05-28 10:44:39'),
(252, 10, '4', 'dn', '', '2016-05-28 10:44:39'),
(253, 11, '1', 'bf', 'self', '2016-06-09 08:30:09'),
(254, 11, '1', 'ln', 'self', '2016-06-09 08:30:10'),
(255, 11, '1', 'sn', 'self', '2016-06-09 08:30:10'),
(256, 11, '1', 'dn', 'self', '2016-06-09 08:30:10'),
(257, 11, '2', 'bf', 'self', '2016-06-09 08:30:10'),
(258, 11, '2', 'ln', 'self', '2016-06-09 08:30:10'),
(259, 11, '2', 'sn', 'self', '2016-06-09 08:30:10'),
(260, 11, '2', 'dn', 'self', '2016-06-09 08:30:11'),
(261, 11, '3', 'bf', 'self', '2016-06-09 08:30:11'),
(262, 11, '3', 'ln', 'self', '2016-06-09 08:30:11'),
(263, 11, '3', 'sn', 'self', '2016-06-09 08:30:11'),
(264, 11, '3', 'dn', 'self', '2016-06-09 08:30:11'),
(265, 11, '4', 'bf', 'self', '2016-06-09 08:30:11'),
(266, 11, '4', 'ln', 'self', '2016-06-09 08:30:11'),
(267, 11, '4', 'sn', 'self', '2016-06-09 08:30:11'),
(268, 11, '4', 'dn', 'self', '2016-06-09 08:30:12'),
(269, 11, '5', 'bf', 'self', '2016-06-09 08:30:12'),
(270, 11, '5', 'ln', 'self', '2016-06-09 08:30:12'),
(271, 11, '5', 'sn', 'self', '2016-06-09 08:30:12'),
(272, 11, '5', 'dn', 'self', '2016-06-09 08:30:12'),
(273, 11, '6', 'bf', 'self', '2016-06-09 08:30:13'),
(274, 11, '6', 'ln', 'self', '2016-06-09 08:30:13'),
(275, 11, '6', 'sn', 'self', '2016-06-09 08:30:14'),
(276, 11, '6', 'dn', 'self', '2016-06-09 08:30:14'),
(277, 11, '7', 'bf', 'self', '2016-06-09 08:30:14'),
(278, 11, '7', 'ln', 'self', '2016-06-09 08:30:14'),
(279, 11, '7', 'sn', 'self', '2016-06-09 08:30:14'),
(280, 11, '7', 'dn', 'self', '2016-06-09 08:30:14'),
(281, 12, '1', 'bf', 'self', '2016-07-27 07:28:07'),
(282, 12, '1', 'ln', 'self', '2016-07-27 07:28:07'),
(283, 12, '1', 'sn', 'self', '2016-07-27 07:28:07'),
(284, 12, '1', 'dn', 'self', '2016-07-27 07:28:07'),
(285, 12, '2', 'bf', 'self', '2016-07-27 07:28:08'),
(286, 12, '2', 'ln', 'self', '2016-07-27 07:28:08'),
(287, 12, '2', 'sn', 'self', '2016-07-27 07:28:08'),
(288, 12, '2', 'dn', 'self', '2016-07-27 07:28:08'),
(289, 12, '3', 'bf', 'self', '2016-07-27 07:28:08'),
(290, 12, '3', 'ln', 'self', '2016-07-27 07:28:08'),
(291, 12, '3', 'sn', 'self', '2016-07-27 07:28:08'),
(292, 12, '3', 'dn', 'self', '2016-07-27 07:28:08'),
(293, 12, '4', 'bf', 'self', '2016-07-27 07:28:08'),
(294, 12, '4', 'ln', 'self', '2016-07-27 07:28:09'),
(295, 12, '4', 'sn', 'self', '2016-07-27 07:28:09'),
(296, 12, '4', 'dn', 'self', '2016-07-27 07:28:09'),
(297, 12, '5', 'bf', 'self', '2016-07-27 07:28:09'),
(298, 12, '5', 'ln', 'self', '2016-07-27 07:28:09'),
(299, 12, '5', 'sn', 'self', '2016-07-27 07:28:10'),
(300, 12, '5', 'dn', 'self', '2016-07-27 07:28:10'),
(301, 12, '6', 'bf', 'self', '2016-07-27 07:28:10'),
(302, 12, '6', 'ln', 'self', '2016-07-27 07:28:10'),
(303, 12, '6', 'sn', 'self', '2016-07-27 07:28:10'),
(304, 12, '6', 'dn', 'self', '2016-07-27 07:28:10'),
(305, 12, '7', 'bf', 'self', '2016-07-27 07:28:10'),
(306, 12, '7', 'ln', 'self', '2016-07-27 07:28:11'),
(307, 12, '7', 'sn', 'self', '2016-07-27 07:28:11'),
(308, 12, '7', 'dn', 'self', '2016-07-27 07:28:11'),
(309, 13, '6', 'bf', 'self', '2016-07-27 11:28:09'),
(310, 13, '6', 'ln', 'self', '2016-07-27 11:28:09'),
(311, 13, '6', 'sn', 'self', '2016-07-27 11:28:10'),
(312, 13, '6', 'dn', 'self', '2016-07-27 11:28:10'),
(313, 13, '5', 'bf', 'self', '2016-07-27 11:28:10'),
(314, 13, '5', 'ln', 'self', '2016-07-27 11:28:10'),
(315, 13, '5', 'sn', 'self', '2016-07-27 11:28:10'),
(316, 13, '5', 'dn', 'self', '2016-07-27 11:28:10'),
(317, 13, '1', 'bf', '5_bf', '2016-07-27 11:28:10'),
(318, 13, '1', 'ln', 'self', '2016-07-27 11:28:10'),
(319, 13, '1', 'sn', 'self', '2016-07-27 11:28:10'),
(320, 13, '1', 'dn', 'self', '2016-07-27 11:28:11'),
(321, 13, '2', 'bf', '5_bf', '2016-07-27 11:28:11'),
(322, 13, '2', 'ln', 'self', '2016-07-27 11:28:11'),
(323, 13, '2', 'sn', 'self', '2016-07-27 11:28:11'),
(324, 13, '2', 'dn', 'self', '2016-07-27 11:28:11'),
(325, 13, '7', 'bf', '5_bf', '2016-07-27 11:28:11'),
(326, 13, '7', 'ln', 'self', '2016-07-27 11:28:11'),
(327, 13, '7', 'sn', 'self', '2016-07-27 11:28:11'),
(328, 13, '7', 'dn', 'self', '2016-07-27 11:28:11'),
(329, 13, '3', 'bf', 'self', '2016-07-27 11:28:11'),
(330, 13, '3', 'ln', '', '2016-07-27 11:28:12'),
(331, 13, '3', 'sn', '5_sn', '2016-07-27 11:28:12'),
(332, 13, '3', 'dn', 'self', '2016-07-27 11:28:12'),
(333, 13, '4', 'bf', '', '2016-07-27 11:28:12'),
(334, 13, '4', 'ln', '', '2016-07-27 11:28:12'),
(335, 13, '4', 'sn', '', '2016-07-27 11:28:12'),
(336, 13, '4', 'dn', '', '2016-07-27 11:28:12'),
(337, 14, '1', 'bf', 'self', '2016-09-07 08:42:29'),
(338, 14, '1', 'ln', 'self', '2016-09-07 08:42:29'),
(339, 14, '1', 'sn', 'self', '2016-09-07 08:42:29'),
(340, 14, '1', 'dn', 'self', '2016-09-07 08:42:29'),
(341, 14, '2', 'bf', 'self', '2016-09-07 08:42:29'),
(342, 14, '2', 'ln', 'self', '2016-09-07 08:42:29'),
(343, 14, '2', 'sn', 'self', '2016-09-07 08:42:29'),
(344, 14, '2', 'dn', 'self', '2016-09-07 08:42:29'),
(345, 14, '3', 'bf', 'self', '2016-09-07 08:42:29'),
(346, 14, '3', 'ln', 'self', '2016-09-07 08:42:30'),
(347, 14, '3', 'sn', 'self', '2016-09-07 08:42:30'),
(348, 14, '3', 'dn', 'self', '2016-09-07 08:42:30'),
(349, 14, '4', 'bf', 'self', '2016-09-07 08:42:30'),
(350, 14, '4', 'ln', 'self', '2016-09-07 08:42:30'),
(351, 14, '4', 'sn', 'self', '2016-09-07 08:42:30'),
(352, 14, '4', 'dn', 'self', '2016-09-07 08:42:30'),
(353, 14, '5', 'bf', 'self', '2016-09-07 08:42:30'),
(354, 14, '5', 'ln', 'self', '2016-09-07 08:42:30'),
(355, 14, '5', 'sn', 'self', '2016-09-07 08:42:30'),
(356, 14, '5', 'dn', 'self', '2016-09-07 08:42:30'),
(357, 14, '6', 'bf', 'self', '2016-09-07 08:42:30'),
(358, 14, '6', 'ln', 'self', '2016-09-07 08:42:30'),
(359, 14, '6', 'sn', 'self', '2016-09-07 08:42:31'),
(360, 14, '6', 'dn', 'self', '2016-09-07 08:42:31'),
(361, 14, '7', 'bf', 'self', '2016-09-07 08:42:31'),
(362, 14, '7', 'ln', 'self', '2016-09-07 08:42:31'),
(363, 14, '7', 'sn', 'self', '2016-09-07 08:42:31'),
(364, 14, '7', 'dn', 'self', '2016-09-07 08:42:31'),
(365, 15, '1', 'bf', 'self', '2016-09-07 08:42:31'),
(366, 15, '1', 'ln', 'self', '2016-09-07 08:42:31'),
(367, 15, '1', 'sn', 'self', '2016-09-07 08:42:31'),
(368, 15, '1', 'dn', 'self', '2016-09-07 08:42:31'),
(369, 15, '2', 'bf', 'self', '2016-09-07 08:42:32'),
(370, 15, '2', 'ln', 'self', '2016-09-07 08:42:32'),
(371, 15, '2', 'sn', 'self', '2016-09-07 08:42:32'),
(372, 15, '2', 'dn', 'self', '2016-09-07 08:42:32'),
(373, 15, '3', 'bf', 'self', '2016-09-07 08:42:32'),
(374, 15, '3', 'ln', 'self', '2016-09-07 08:42:32'),
(375, 15, '3', 'sn', 'self', '2016-09-07 08:42:32'),
(376, 15, '3', 'dn', 'self', '2016-09-07 08:42:32'),
(377, 15, '4', 'bf', 'self', '2016-09-07 08:42:32'),
(378, 15, '4', 'ln', 'self', '2016-09-07 08:42:32'),
(379, 15, '4', 'sn', 'self', '2016-09-07 08:42:32'),
(380, 15, '4', 'dn', 'self', '2016-09-07 08:42:32'),
(381, 15, '5', 'bf', 'self', '2016-09-07 08:42:32'),
(382, 15, '5', 'ln', 'self', '2016-09-07 08:42:32'),
(383, 15, '5', 'sn', 'self', '2016-09-07 08:42:33'),
(384, 15, '5', 'dn', 'self', '2016-09-07 08:42:33'),
(385, 15, '6', 'bf', 'self', '2016-09-07 08:42:33'),
(386, 15, '6', 'ln', 'self', '2016-09-07 08:42:33'),
(387, 15, '6', 'sn', 'self', '2016-09-07 08:42:33'),
(388, 15, '6', 'dn', 'self', '2016-09-07 08:42:33'),
(389, 15, '7', 'bf', 'self', '2016-09-07 08:42:33'),
(390, 15, '7', 'ln', 'self', '2016-09-07 08:42:33'),
(391, 15, '7', 'sn', 'self', '2016-09-07 08:42:33'),
(392, 15, '7', 'dn', 'self', '2016-09-07 08:42:33'),
(393, 16, '1', 'bf', 'self', '2016-09-07 08:42:34'),
(394, 16, '1', 'ln', 'self', '2016-09-07 08:42:34'),
(395, 16, '1', 'sn', 'self', '2016-09-07 08:42:34'),
(396, 16, '1', 'dn', 'self', '2016-09-07 08:42:34'),
(397, 16, '2', 'bf', 'self', '2016-09-07 08:42:34'),
(398, 16, '2', 'ln', 'self', '2016-09-07 08:42:34'),
(399, 16, '2', 'sn', 'self', '2016-09-07 08:42:35'),
(400, 16, '2', 'dn', 'self', '2016-09-07 08:42:35'),
(401, 16, '3', 'bf', 'self', '2016-09-07 08:42:35'),
(402, 16, '3', 'ln', 'self', '2016-09-07 08:42:35'),
(403, 16, '3', 'sn', 'self', '2016-09-07 08:42:35'),
(404, 16, '3', 'dn', 'self', '2016-09-07 08:42:35'),
(405, 16, '4', 'bf', 'self', '2016-09-07 08:42:35'),
(406, 16, '4', 'ln', 'self', '2016-09-07 08:42:35'),
(407, 16, '4', 'sn', 'self', '2016-09-07 08:42:35'),
(408, 16, '4', 'dn', 'self', '2016-09-07 08:42:35'),
(409, 16, '5', 'bf', 'self', '2016-09-07 08:42:36'),
(410, 16, '5', 'ln', 'self', '2016-09-07 08:42:36'),
(411, 16, '5', 'sn', 'self', '2016-09-07 08:42:36'),
(412, 16, '5', 'dn', 'self', '2016-09-07 08:42:36'),
(413, 16, '6', 'bf', 'self', '2016-09-07 08:42:36'),
(414, 16, '6', 'ln', 'self', '2016-09-07 08:42:36'),
(415, 16, '6', 'sn', 'self', '2016-09-07 08:42:36'),
(416, 16, '6', 'dn', 'self', '2016-09-07 08:42:36'),
(417, 16, '7', 'bf', 'self', '2016-09-07 08:42:36'),
(418, 16, '7', 'ln', 'self', '2016-09-07 08:42:36'),
(419, 16, '7', 'sn', 'self', '2016-09-07 08:42:37'),
(420, 16, '7', 'dn', 'self', '2016-09-07 08:42:37'),
(421, 17, '1', 'bf', 'self', '2016-09-07 09:57:23'),
(422, 17, '1', 'ln', 'self', '2016-09-07 09:57:23'),
(423, 17, '1', 'sn', 'self', '2016-09-07 09:57:23'),
(424, 17, '1', 'dn', 'self', '2016-09-07 09:57:23'),
(425, 17, '2', 'bf', 'self', '2016-09-07 09:57:23'),
(426, 17, '2', 'ln', 'self', '2016-09-07 09:57:24'),
(427, 17, '2', 'sn', 'self', '2016-09-07 09:57:24'),
(428, 17, '2', 'dn', 'self', '2016-09-07 09:57:24'),
(429, 17, '3', 'bf', 'self', '2016-09-07 09:57:24'),
(430, 17, '3', 'ln', 'self', '2016-09-07 09:57:24'),
(431, 17, '3', 'sn', 'self', '2016-09-07 09:57:24'),
(432, 17, '3', 'dn', 'self', '2016-09-07 09:57:24'),
(433, 17, '4', 'bf', 'self', '2016-09-07 09:57:24'),
(434, 17, '4', 'ln', 'self', '2016-09-07 09:57:25'),
(435, 17, '4', 'sn', 'self', '2016-09-07 09:57:25'),
(436, 17, '4', 'dn', 'self', '2016-09-07 09:57:25'),
(437, 17, '5', 'bf', 'self', '2016-09-07 09:57:25'),
(438, 17, '5', 'ln', 'self', '2016-09-07 09:57:25'),
(439, 17, '5', 'sn', 'self', '2016-09-07 09:57:25'),
(440, 17, '5', 'dn', 'self', '2016-09-07 09:57:25'),
(441, 17, '6', 'bf', 'self', '2016-09-07 09:57:25'),
(442, 17, '6', 'ln', 'self', '2016-09-07 09:57:25'),
(443, 17, '6', 'sn', 'self', '2016-09-07 09:57:25'),
(444, 17, '6', 'dn', 'self', '2016-09-07 09:57:25'),
(445, 17, '7', 'bf', 'self', '2016-09-07 09:57:25'),
(446, 17, '7', 'ln', 'self', '2016-09-07 09:57:26'),
(447, 17, '7', 'sn', 'self', '2016-09-07 09:57:26'),
(448, 17, '7', 'dn', 'self', '2016-09-07 09:57:26'),
(449, 18, '1', 'bf', 'self', '2016-09-07 09:57:26'),
(450, 18, '1', 'ln', 'self', '2016-09-07 09:57:26'),
(451, 18, '1', 'sn', 'self', '2016-09-07 09:57:27'),
(452, 18, '1', 'dn', 'self', '2016-09-07 09:57:27'),
(453, 18, '2', 'bf', 'self', '2016-09-07 09:57:27'),
(454, 18, '2', 'ln', 'self', '2016-09-07 09:57:27'),
(455, 18, '2', 'sn', 'self', '2016-09-07 09:57:27'),
(456, 18, '2', 'dn', 'self', '2016-09-07 09:57:27'),
(457, 18, '3', 'bf', 'self', '2016-09-07 09:57:27'),
(458, 18, '3', 'ln', 'self', '2016-09-07 09:57:27'),
(459, 18, '3', 'sn', 'self', '2016-09-07 09:57:27'),
(460, 18, '3', 'dn', 'self', '2016-09-07 09:57:27'),
(461, 18, '4', 'bf', 'self', '2016-09-07 09:57:27'),
(462, 18, '4', 'ln', 'self', '2016-09-07 09:57:28'),
(463, 18, '4', 'sn', 'self', '2016-09-07 09:57:28'),
(464, 18, '4', 'dn', 'self', '2016-09-07 09:57:28'),
(465, 18, '5', 'bf', 'self', '2016-09-07 09:57:28'),
(466, 18, '5', 'ln', 'self', '2016-09-07 09:57:28'),
(467, 18, '5', 'sn', 'self', '2016-09-07 09:57:28'),
(468, 18, '5', 'dn', 'self', '2016-09-07 09:57:28'),
(469, 18, '6', 'bf', 'self', '2016-09-07 09:57:28'),
(470, 18, '6', 'ln', 'self', '2016-09-07 09:57:28'),
(471, 18, '6', 'sn', 'self', '2016-09-07 09:57:28'),
(472, 18, '6', 'dn', 'self', '2016-09-07 09:57:28'),
(473, 18, '7', 'bf', 'self', '2016-09-07 09:57:29'),
(474, 18, '7', 'ln', 'self', '2016-09-07 09:57:29'),
(475, 18, '7', 'sn', 'self', '2016-09-07 09:57:29'),
(476, 18, '7', 'dn', 'self', '2016-09-07 09:57:29'),
(477, 19, '1', 'bf', 'self', '2016-09-07 09:58:03'),
(478, 19, '1', 'ln', 'self', '2016-09-07 09:58:03'),
(479, 19, '1', 'sn', 'self', '2016-09-07 09:58:04'),
(480, 19, '1', 'dn', 'self', '2016-09-07 09:58:04'),
(481, 19, '2', 'bf', 'self', '2016-09-07 09:58:04'),
(482, 19, '2', 'ln', 'self', '2016-09-07 09:58:04'),
(483, 19, '2', 'sn', 'self', '2016-09-07 09:58:04'),
(484, 19, '2', 'dn', 'self', '2016-09-07 09:58:04'),
(485, 19, '3', 'bf', 'self', '2016-09-07 09:58:04'),
(486, 19, '3', 'ln', 'self', '2016-09-07 09:58:04'),
(487, 19, '3', 'sn', 'self', '2016-09-07 09:58:04'),
(488, 19, '3', 'dn', 'self', '2016-09-07 09:58:04'),
(489, 19, '4', 'bf', 'self', '2016-09-07 09:58:05'),
(490, 19, '4', 'ln', 'self', '2016-09-07 09:58:05'),
(491, 19, '4', 'sn', 'self', '2016-09-07 09:58:05'),
(492, 19, '4', 'dn', 'self', '2016-09-07 09:58:05'),
(493, 19, '5', 'bf', 'self', '2016-09-07 09:58:05'),
(494, 19, '5', 'ln', 'self', '2016-09-07 09:58:05'),
(495, 19, '5', 'sn', 'self', '2016-09-07 09:58:05'),
(496, 19, '5', 'dn', 'self', '2016-09-07 09:58:05'),
(497, 19, '6', 'bf', 'self', '2016-09-07 09:58:05'),
(498, 19, '6', 'ln', 'self', '2016-09-07 09:58:06'),
(499, 19, '6', 'sn', 'self', '2016-09-07 09:58:06'),
(500, 19, '6', 'dn', 'self', '2016-09-07 09:58:06'),
(501, 19, '7', 'bf', 'self', '2016-09-07 09:58:06'),
(502, 19, '7', 'ln', 'self', '2016-09-07 09:58:06'),
(503, 19, '7', 'sn', 'self', '2016-09-07 09:58:06'),
(504, 19, '7', 'dn', 'self', '2016-09-07 09:58:06'),
(505, 20, '1', 'bf', 'self', '2016-09-07 09:58:06'),
(506, 20, '1', 'ln', 'self', '2016-09-07 09:58:07'),
(507, 20, '1', 'sn', 'self', '2016-09-07 09:58:07'),
(508, 20, '1', 'dn', 'self', '2016-09-07 09:58:07'),
(509, 20, '2', 'bf', 'self', '2016-09-07 09:58:07'),
(510, 20, '2', 'ln', 'self', '2016-09-07 09:58:07'),
(511, 20, '2', 'sn', 'self', '2016-09-07 09:58:07'),
(512, 20, '2', 'dn', 'self', '2016-09-07 09:58:07'),
(513, 20, '3', 'bf', 'self', '2016-09-07 09:58:07'),
(514, 20, '3', 'ln', 'self', '2016-09-07 09:58:07'),
(515, 20, '3', 'sn', 'self', '2016-09-07 09:58:08'),
(516, 20, '3', 'dn', 'self', '2016-09-07 09:58:08'),
(517, 20, '4', 'bf', 'self', '2016-09-07 09:58:08'),
(518, 20, '4', 'ln', 'self', '2016-09-07 09:58:08'),
(519, 20, '4', 'sn', 'self', '2016-09-07 09:58:08'),
(520, 20, '4', 'dn', 'self', '2016-09-07 09:58:08'),
(521, 20, '5', 'bf', 'self', '2016-09-07 09:58:08'),
(522, 20, '5', 'ln', 'self', '2016-09-07 09:58:08'),
(523, 20, '5', 'sn', 'self', '2016-09-07 09:58:09'),
(524, 20, '5', 'dn', 'self', '2016-09-07 09:58:09'),
(525, 20, '6', 'bf', 'self', '2016-09-07 09:58:09'),
(526, 20, '6', 'ln', 'self', '2016-09-07 09:58:09'),
(527, 20, '6', 'sn', 'self', '2016-09-07 09:58:09'),
(528, 20, '6', 'dn', 'self', '2016-09-07 09:58:09'),
(529, 20, '7', 'bf', 'self', '2016-09-07 09:58:09'),
(530, 20, '7', 'ln', 'self', '2016-09-07 09:58:09'),
(531, 20, '7', 'sn', 'self', '2016-09-07 09:58:10'),
(532, 20, '7', 'dn', 'self', '2016-09-07 09:58:10'),
(533, 21, '1', 'bf', 'self', '2016-09-07 10:02:01'),
(534, 21, '1', 'ln', 'self', '2016-09-07 10:02:01'),
(535, 21, '1', 'sn', 'self', '2016-09-07 10:02:01'),
(536, 21, '1', 'dn', 'self', '2016-09-07 10:02:01'),
(537, 21, '2', 'bf', 'self', '2016-09-07 10:02:01'),
(538, 21, '2', 'ln', 'self', '2016-09-07 10:02:02'),
(539, 21, '2', 'sn', 'self', '2016-09-07 10:02:02'),
(540, 21, '2', 'dn', 'self', '2016-09-07 10:02:02'),
(541, 21, '3', 'bf', 'self', '2016-09-07 10:02:02'),
(542, 21, '3', 'ln', 'self', '2016-09-07 10:02:02'),
(543, 21, '3', 'sn', 'self', '2016-09-07 10:02:02'),
(544, 21, '3', 'dn', 'self', '2016-09-07 10:02:02'),
(545, 21, '4', 'bf', 'self', '2016-09-07 10:02:02'),
(546, 21, '4', 'ln', 'self', '2016-09-07 10:02:02'),
(547, 21, '4', 'sn', 'self', '2016-09-07 10:02:02'),
(548, 21, '4', 'dn', 'self', '2016-09-07 10:02:03'),
(549, 21, '5', 'bf', 'self', '2016-09-07 10:02:03'),
(550, 21, '5', 'ln', 'self', '2016-09-07 10:02:03'),
(551, 21, '5', 'sn', 'self', '2016-09-07 10:02:03'),
(552, 21, '5', 'dn', 'self', '2016-09-07 10:02:03'),
(553, 21, '6', 'bf', 'self', '2016-09-07 10:02:03'),
(554, 21, '6', 'ln', 'self', '2016-09-07 10:02:03'),
(555, 21, '6', 'sn', 'self', '2016-09-07 10:02:03'),
(556, 21, '6', 'dn', 'self', '2016-09-07 10:02:03'),
(557, 21, '7', 'bf', 'self', '2016-09-07 10:02:03'),
(558, 21, '7', 'ln', 'self', '2016-09-07 10:02:03'),
(559, 21, '7', 'sn', 'self', '2016-09-07 10:02:03'),
(560, 21, '7', 'dn', 'self', '2016-09-07 10:02:04'),
(561, 22, '1', 'bf', 'self', '2016-09-07 10:03:58'),
(562, 22, '1', 'ln', 'self', '2016-09-07 10:03:58'),
(563, 22, '1', 'sn', 'self', '2016-09-07 10:03:58'),
(564, 22, '1', 'dn', 'self', '2016-09-07 10:03:58'),
(565, 22, '2', 'bf', 'self', '2016-09-07 10:03:58'),
(566, 22, '2', 'ln', 'self', '2016-09-07 10:03:58'),
(567, 22, '2', 'sn', 'self', '2016-09-07 10:03:58'),
(568, 22, '2', 'dn', 'self', '2016-09-07 10:03:58'),
(569, 22, '3', 'bf', 'self', '2016-09-07 10:03:58'),
(570, 22, '3', 'ln', 'self', '2016-09-07 10:03:59'),
(571, 22, '3', 'sn', 'self', '2016-09-07 10:03:59'),
(572, 22, '3', 'dn', 'self', '2016-09-07 10:03:59'),
(573, 22, '4', 'bf', 'self', '2016-09-07 10:03:59'),
(574, 22, '4', 'ln', 'self', '2016-09-07 10:03:59'),
(575, 22, '4', 'sn', 'self', '2016-09-07 10:03:59'),
(576, 22, '4', 'dn', 'self', '2016-09-07 10:03:59'),
(577, 22, '5', 'bf', 'self', '2016-09-07 10:03:59'),
(578, 22, '5', 'ln', 'self', '2016-09-07 10:03:59'),
(579, 22, '5', 'sn', 'self', '2016-09-07 10:03:59'),
(580, 22, '5', 'dn', 'self', '2016-09-07 10:03:59'),
(581, 22, '6', 'bf', 'self', '2016-09-07 10:03:59'),
(582, 22, '6', 'ln', 'self', '2016-09-07 10:04:00'),
(583, 22, '6', 'sn', 'self', '2016-09-07 10:04:00'),
(584, 22, '6', 'dn', 'self', '2016-09-07 10:04:00'),
(585, 22, '7', 'bf', 'self', '2016-09-07 10:04:00'),
(586, 22, '7', 'ln', 'self', '2016-09-07 10:04:00'),
(587, 22, '7', 'sn', 'self', '2016-09-07 10:04:00'),
(588, 22, '7', 'dn', 'self', '2016-09-07 10:04:00');

-- --------------------------------------------------------

--
-- Table structure for table `th_haip_diet_recipe_recording`
--

CREATE TABLE IF NOT EXISTS `th_haip_diet_recipe_recording` (
  `id` int(11) NOT NULL AUTO_INCREMENT,
  `meal_id` int(11) NOT NULL,
  `rc_id` int(10) unsigned NOT NULL,
  `followed` varchar(2) DEFAULT NULL COMMENT 'Y-> Yes, N->No',
  `due_date` date NOT NULL,
  `source_type` varchar(4) NOT NULL DEFAULT 'S' COMMENT 'S-> Self, C-> Coach',
  `source_id` varchar(4) NOT NULL DEFAULT 'WP' COMMENT 'A->Android, I-> Iphone, WA-> Windows App, WP-> Web Portal, or Coach ID',
  `created` timestamp NOT NULL DEFAULT CURRENT_TIMESTAMP,
  PRIMARY KEY (`id`),
  KEY `met_id` (`meal_id`),
  KEY `meal_id` (`meal_id`)
) ENGINE=InnoDB  DEFAULT CHARSET=latin1 AUTO_INCREMENT=30 ;

--
-- Dumping data for table `th_haip_diet_recipe_recording`
--

INSERT INTO `th_haip_diet_recipe_recording` (`id`, `meal_id`, `rc_id`, `followed`, `due_date`, `source_type`, `source_id`, `created`) VALUES
(1, 45, 18, 'Y', '2016-03-18', 'S', 'WP', '2016-03-18 10:35:43'),
(2, 45, 13, 'Y', '2016-03-18', 'S', 'WP', '2016-03-18 10:35:49'),
(3, 46, 13, 'Y', '2016-03-18', 'S', 'WP', '2016-03-18 10:38:24'),
(4, 45, 12, 'Y', '2016-03-18', 'S', 'WP', '2016-03-18 10:40:45'),
(5, 47, 18, 'Y', '2016-03-18', 'S', 'WP', '2016-03-18 10:41:01'),
(6, 48, 17, 'Y', '2016-03-18', 'S', 'WP', '2016-03-18 10:41:26'),
(7, 5, 12, 'N', '2016-03-18', 'S', 'A', '2016-03-18 11:19:42'),
(8, 41, 18, 'Y', '2016-03-17', 'S', 'WP', '2016-03-17 11:44:05'),
(9, 41, 12, 'Y', '2016-03-17', 'S', 'WP', '2016-03-17 11:44:09'),
(10, 41, 26, 'Y', '2016-03-17', 'S', 'WP', '2016-03-17 11:44:12'),
(11, 41, 23, 'Y', '2016-03-17', 'S', 'WP', '2016-03-17 11:44:18'),
(12, 41, 13, 'Y', '2016-03-17', 'S', 'WP', '2016-03-17 11:44:22'),
(13, 43, 18, 'Y', '2016-03-17', 'S', 'WP', '2016-03-17 11:44:33'),
(14, 37, 18, 'Y', '2016-03-16', 'S', 'WP', '2016-03-16 11:46:25'),
(15, 37, 13, 'Y', '2016-03-16', 'S', 'WP', '2016-03-16 11:46:28'),
(16, 37, 12, 'Y', '2016-03-16', 'S', 'WP', '2016-03-16 11:46:30'),
(17, 37, 23, 'Y', '2016-03-16', 'S', 'WP', '2016-03-16 11:46:33'),
(18, 38, 13, 'Y', '2016-03-16', 'S', 'WP', '2016-03-16 11:46:37'),
(19, 253, 18, 'N', '2016-06-09', 'S', 'A', '2016-06-09 09:55:36'),
(20, 253, 18, 'N', '2016-07-01', 'S', 'A', '2016-07-01 05:25:53'),
(21, 281, 18, 'Y', '2016-07-27', 'S', 'A', '2016-07-27 09:48:55'),
(22, 281, 12, 'Y', '2016-07-27', 'S', 'A', '2016-07-27 09:49:19'),
(23, 282, 18, 'Y', '2016-07-27', 'S', 'A', '2016-07-27 09:49:35'),
(24, 281, 13, 'Y', '2016-07-27', 'S', 'A', '2016-07-27 09:49:50'),
(25, 281, 23, 'N', '2016-07-27', 'S', 'A', '2016-07-27 09:51:08'),
(26, 317, 12, 'N', '2016-07-27', 'S', 'A', '2016-07-27 11:28:30'),
(27, 569, 18, 'Y', '2016-09-07', 'S', 'WP', '2016-09-07 10:09:41'),
(28, 569, 13, 'Y', '2016-09-07', 'S', 'WP', '2016-09-07 10:10:02'),
(29, 573, 18, 'Y', '2016-09-08', 'S', 'WP', '2016-09-08 07:26:11');

-- --------------------------------------------------------

--
-- Table structure for table `th_haip_meal_recipe`
--

CREATE TABLE IF NOT EXISTS `th_haip_meal_recipe` (
  `id` int(11) NOT NULL AUTO_INCREMENT,
  `meal_id` int(11) NOT NULL,
  `recipe_id` int(11) NOT NULL,
  `rserving` varchar(10) NOT NULL,
  `created` timestamp NOT NULL DEFAULT CURRENT_TIMESTAMP,
  PRIMARY KEY (`id`),
  KEY `meal_id` (`meal_id`)
) ENGINE=InnoDB  DEFAULT CHARSET=latin1 AUTO_INCREMENT=484 ;

--
-- Dumping data for table `th_haip_meal_recipe`
--

INSERT INTO `th_haip_meal_recipe` (`id`, `meal_id`, `recipe_id`, `rserving`, `created`) VALUES
(1, 5, 12, '1', '2016-03-18 09:50:46'),
(2, 5, 18, '1', '2016-03-18 09:50:46'),
(3, 6, 28, '1', '2016-03-18 09:50:46'),
(4, 7, 18, '1', '2016-03-18 09:50:46'),
(5, 8, 12, '1', '2016-03-18 09:50:46'),
(6, 9, 12, '1', '2016-03-18 09:50:46'),
(7, 9, 18, '1', '2016-03-18 09:50:46'),
(8, 13, 12, '1', '2016-03-18 09:50:47'),
(9, 13, 18, '1', '2016-03-18 09:50:47'),
(10, 17, 12, '1', '2016-03-18 09:50:47'),
(11, 17, 18, '1', '2016-03-18 09:50:47'),
(12, 21, 28, '1', '2016-03-18 09:50:47'),
(13, 23, 18, '1', '2016-03-18 09:50:48'),
(14, 24, 24, '1', '2016-03-18 09:50:48'),
(15, 29, 18, '2', '2016-03-18 09:59:14'),
(16, 29, 13, '1', '2016-03-18 09:59:14'),
(17, 29, 12, '1', '2016-03-18 09:59:14'),
(18, 29, 23, '2', '2016-03-18 09:59:14'),
(19, 30, 18, '2', '2016-03-18 09:59:14'),
(20, 33, 18, '2', '2016-03-18 09:59:14'),
(21, 33, 13, '2', '2016-03-18 09:59:14'),
(22, 33, 12, '1', '2016-03-18 09:59:14'),
(23, 34, 18, '2', '2016-03-18 09:59:14'),
(24, 37, 18, '2', '2016-03-18 09:59:15'),
(25, 37, 13, '1', '2016-03-18 09:59:15'),
(26, 37, 12, '1', '2016-03-18 09:59:15'),
(27, 37, 23, '2', '2016-03-18 09:59:15'),
(28, 38, 13, '2', '2016-03-18 09:59:15'),
(29, 41, 18, '1', '2016-03-18 09:59:15'),
(30, 41, 13, '1', '2016-03-18 09:59:15'),
(31, 41, 12, '1', '2016-03-18 09:59:15'),
(32, 41, 23, '1', '2016-03-18 09:59:15'),
(33, 41, 26, '1', '2016-03-18 09:59:15'),
(34, 43, 18, '3', '2016-03-18 09:59:15'),
(35, 45, 18, '2', '2016-03-18 09:59:16'),
(36, 45, 13, '2', '2016-03-18 09:59:16'),
(37, 45, 12, '1', '2016-03-18 09:59:16'),
(38, 46, 13, '2', '2016-03-18 09:59:16'),
(39, 47, 18, '3', '2016-03-18 09:59:16'),
(40, 48, 17, '5', '2016-03-18 09:59:16'),
(41, 49, 18, '2', '2016-03-18 09:59:16'),
(42, 49, 13, '1', '2016-03-18 09:59:16'),
(43, 49, 12, '1', '2016-03-18 09:59:16'),
(44, 53, 18, '2', '2016-03-18 09:59:16'),
(45, 53, 13, '1', '2016-03-18 09:59:16'),
(46, 53, 12, '1', '2016-03-18 09:59:16'),
(47, 56, 18, '3', '2016-03-18 09:59:17'),
(48, 57, 18, '2', '2016-03-22 05:32:37'),
(49, 57, 13, '5', '2016-03-22 05:32:37'),
(50, 57, 12, '4', '2016-03-22 05:32:37'),
(51, 61, 18, '2', '2016-03-22 05:32:38'),
(52, 61, 13, '5', '2016-03-22 05:32:38'),
(53, 61, 12, '4', '2016-03-22 05:32:38'),
(54, 62, 18, '2', '2016-03-22 05:32:38'),
(55, 65, 18, '3', '2016-03-22 05:32:38'),
(56, 65, 13, '5', '2016-03-22 05:32:38'),
(57, 65, 12, '2', '2016-03-22 05:32:38'),
(58, 69, 18, '3', '2016-03-22 05:32:38'),
(59, 69, 13, '5', '2016-03-22 05:32:38'),
(60, 69, 12, '4', '2016-03-22 05:32:38'),
(61, 76, 17, '5', '2016-03-22 05:32:39'),
(62, 77, 18, '2', '2016-03-22 05:32:39'),
(63, 77, 13, '5', '2016-03-22 05:32:39'),
(64, 77, 12, '4', '2016-03-22 05:32:39'),
(65, 81, 18, '2', '2016-03-22 05:32:39'),
(66, 81, 13, '5', '2016-03-22 05:32:39'),
(67, 81, 12, '4', '2016-03-22 05:32:39'),
(68, 84, 18, '3', '2016-03-22 05:32:40'),
(69, 89, 12, '1', '2016-05-24 05:31:39'),
(70, 89, 18, '1', '2016-05-24 05:31:39'),
(71, 90, 28, '1', '2016-05-24 05:31:39'),
(72, 91, 18, '1', '2016-05-24 05:31:39'),
(73, 92, 12, '1', '2016-05-24 05:31:39'),
(74, 93, 12, '1', '2016-05-24 05:31:39'),
(75, 93, 18, '1', '2016-05-24 05:31:39'),
(76, 97, 12, '1', '2016-05-24 05:31:40'),
(77, 97, 18, '1', '2016-05-24 05:31:40'),
(78, 101, 12, '1', '2016-05-24 05:31:40'),
(79, 101, 18, '1', '2016-05-24 05:31:40'),
(80, 105, 28, '1', '2016-05-24 05:31:40'),
(81, 107, 18, '1', '2016-05-24 05:31:41'),
(82, 108, 24, '1', '2016-05-24 05:31:41'),
(83, 117, 12, '1', '2016-05-28 06:10:48'),
(84, 117, 18, '1', '2016-05-28 06:10:48'),
(85, 118, 28, '1', '2016-05-28 06:10:48'),
(86, 119, 18, '1', '2016-05-28 06:10:48'),
(87, 120, 12, '1', '2016-05-28 06:10:48'),
(88, 121, 12, '1', '2016-05-28 06:10:48'),
(89, 121, 18, '1', '2016-05-28 06:10:48'),
(90, 125, 12, '1', '2016-05-28 06:10:49'),
(91, 125, 18, '1', '2016-05-28 06:10:49'),
(92, 129, 12, '1', '2016-05-28 06:10:49'),
(93, 129, 18, '1', '2016-05-28 06:10:49'),
(94, 133, 28, '1', '2016-05-28 06:10:50'),
(95, 135, 18, '1', '2016-05-28 06:10:50'),
(96, 136, 24, '1', '2016-05-28 06:10:50'),
(97, 141, 18, '2', '2016-05-28 08:18:56'),
(98, 141, 13, '1', '2016-05-28 08:18:56'),
(99, 141, 12, '1', '2016-05-28 08:18:56'),
(100, 141, 23, '2', '2016-05-28 08:18:56'),
(101, 142, 18, '2', '2016-05-28 08:18:57'),
(102, 145, 18, '2', '2016-05-28 08:18:57'),
(103, 145, 13, '2', '2016-05-28 08:18:57'),
(104, 145, 12, '1', '2016-05-28 08:18:57'),
(105, 146, 18, '2', '2016-05-28 08:18:57'),
(106, 149, 18, '2', '2016-05-28 08:18:57'),
(107, 149, 13, '1', '2016-05-28 08:18:57'),
(108, 149, 12, '1', '2016-05-28 08:18:57'),
(109, 149, 23, '2', '2016-05-28 08:18:57'),
(110, 150, 13, '2', '2016-05-28 08:18:57'),
(111, 153, 18, '1', '2016-05-28 08:18:58'),
(112, 153, 13, '1', '2016-05-28 08:18:58'),
(113, 153, 12, '1', '2016-05-28 08:18:58'),
(114, 153, 23, '1', '2016-05-28 08:18:58'),
(115, 153, 26, '1', '2016-05-28 08:18:58'),
(116, 155, 18, '3', '2016-05-28 08:18:58'),
(117, 157, 18, '2', '2016-05-28 08:18:58'),
(118, 157, 13, '2', '2016-05-28 08:18:58'),
(119, 157, 12, '1', '2016-05-28 08:18:58'),
(120, 158, 13, '2', '2016-05-28 08:18:58'),
(121, 159, 18, '3', '2016-05-28 08:18:58'),
(122, 160, 17, '5', '2016-05-28 08:18:58'),
(123, 161, 18, '2', '2016-05-28 08:18:59'),
(124, 161, 13, '1', '2016-05-28 08:18:59'),
(125, 161, 12, '1', '2016-05-28 08:18:59'),
(126, 165, 18, '2', '2016-05-28 08:18:59'),
(127, 165, 13, '1', '2016-05-28 08:18:59'),
(128, 165, 12, '1', '2016-05-28 08:18:59'),
(129, 168, 18, '3', '2016-05-28 08:18:59'),
(130, 173, 12, '1', '2016-05-28 08:27:58'),
(131, 173, 18, '1', '2016-05-28 08:27:58'),
(132, 174, 28, '1', '2016-05-28 08:27:58'),
(133, 175, 18, '1', '2016-05-28 08:27:58'),
(134, 176, 12, '1', '2016-05-28 08:27:58'),
(135, 177, 12, '1', '2016-05-28 08:27:58'),
(136, 177, 18, '1', '2016-05-28 08:27:58'),
(137, 181, 12, '1', '2016-05-28 08:27:59'),
(138, 181, 18, '1', '2016-05-28 08:27:59'),
(139, 185, 12, '1', '2016-05-28 08:27:59'),
(140, 185, 18, '1', '2016-05-28 08:27:59'),
(141, 189, 28, '1', '2016-05-28 08:27:59'),
(142, 191, 18, '1', '2016-05-28 08:27:59'),
(143, 192, 24, '1', '2016-05-28 08:27:59'),
(144, 197, 18, '2', '2016-05-28 08:52:21'),
(145, 197, 13, '1', '2016-05-28 08:52:21'),
(146, 197, 12, '1', '2016-05-28 08:52:21'),
(147, 197, 23, '2', '2016-05-28 08:52:21'),
(148, 198, 18, '2', '2016-05-28 08:52:21'),
(149, 201, 18, '2', '2016-05-28 08:52:21'),
(150, 201, 13, '2', '2016-05-28 08:52:21'),
(151, 201, 12, '1', '2016-05-28 08:52:21'),
(152, 202, 18, '2', '2016-05-28 08:52:21'),
(153, 205, 18, '2', '2016-05-28 08:52:21'),
(154, 205, 13, '1', '2016-05-28 08:52:21'),
(155, 205, 12, '1', '2016-05-28 08:52:21'),
(156, 205, 23, '2', '2016-05-28 08:52:21'),
(157, 206, 13, '2', '2016-05-28 08:52:21'),
(158, 209, 18, '1', '2016-05-28 08:52:22'),
(159, 209, 13, '1', '2016-05-28 08:52:22'),
(160, 209, 12, '1', '2016-05-28 08:52:22'),
(161, 209, 23, '1', '2016-05-28 08:52:22'),
(162, 209, 26, '1', '2016-05-28 08:52:22'),
(163, 211, 18, '3', '2016-05-28 08:52:22'),
(164, 213, 18, '2', '2016-05-28 08:52:22'),
(165, 213, 13, '2', '2016-05-28 08:52:22'),
(166, 213, 12, '1', '2016-05-28 08:52:22'),
(167, 214, 13, '2', '2016-05-28 08:52:22'),
(168, 215, 18, '3', '2016-05-28 08:52:22'),
(169, 216, 17, '5', '2016-05-28 08:52:22'),
(170, 217, 18, '2', '2016-05-28 08:52:22'),
(171, 217, 13, '1', '2016-05-28 08:52:22'),
(172, 217, 12, '1', '2016-05-28 08:52:22'),
(173, 221, 18, '2', '2016-05-28 08:52:23'),
(174, 221, 13, '1', '2016-05-28 08:52:23'),
(175, 221, 12, '1', '2016-05-28 08:52:23'),
(176, 224, 18, '3', '2016-05-28 08:52:23'),
(177, 229, 12, '1', '2016-05-28 10:44:37'),
(178, 229, 18, '1', '2016-05-28 10:44:37'),
(179, 230, 28, '1', '2016-05-28 10:44:37'),
(180, 231, 18, '1', '2016-05-28 10:44:37'),
(181, 232, 12, '1', '2016-05-28 10:44:37'),
(182, 233, 12, '1', '2016-05-28 10:44:37'),
(183, 233, 18, '1', '2016-05-28 10:44:37'),
(184, 237, 12, '1', '2016-05-28 10:44:38'),
(185, 237, 18, '1', '2016-05-28 10:44:38'),
(186, 241, 12, '1', '2016-05-28 10:44:38'),
(187, 241, 18, '1', '2016-05-28 10:44:38'),
(188, 245, 28, '1', '2016-05-28 10:44:38'),
(189, 247, 18, '1', '2016-05-28 10:44:38'),
(190, 248, 24, '1', '2016-05-28 10:44:39'),
(191, 253, 18, '2', '2016-06-09 08:30:09'),
(192, 253, 13, '1', '2016-06-09 08:30:09'),
(193, 253, 12, '1', '2016-06-09 08:30:09'),
(194, 253, 23, '2', '2016-06-09 08:30:09'),
(195, 254, 18, '2', '2016-06-09 08:30:10'),
(196, 257, 18, '2', '2016-06-09 08:30:10'),
(197, 257, 13, '2', '2016-06-09 08:30:10'),
(198, 257, 12, '1', '2016-06-09 08:30:10'),
(199, 258, 18, '2', '2016-06-09 08:30:10'),
(200, 261, 18, '2', '2016-06-09 08:30:11'),
(201, 261, 13, '1', '2016-06-09 08:30:11'),
(202, 261, 12, '1', '2016-06-09 08:30:11'),
(203, 261, 23, '2', '2016-06-09 08:30:11'),
(204, 262, 13, '2', '2016-06-09 08:30:11'),
(205, 265, 18, '1', '2016-06-09 08:30:11'),
(206, 265, 13, '1', '2016-06-09 08:30:11'),
(207, 265, 12, '1', '2016-06-09 08:30:11'),
(208, 265, 23, '1', '2016-06-09 08:30:11'),
(209, 265, 26, '1', '2016-06-09 08:30:11'),
(210, 267, 18, '3', '2016-06-09 08:30:12'),
(211, 269, 18, '2', '2016-06-09 08:30:12'),
(212, 269, 13, '2', '2016-06-09 08:30:12'),
(213, 269, 12, '1', '2016-06-09 08:30:12'),
(214, 270, 13, '2', '2016-06-09 08:30:12'),
(215, 271, 18, '3', '2016-06-09 08:30:12'),
(216, 272, 17, '5', '2016-06-09 08:30:13'),
(217, 273, 18, '2', '2016-06-09 08:30:13'),
(218, 273, 13, '1', '2016-06-09 08:30:13'),
(219, 273, 12, '1', '2016-06-09 08:30:13'),
(220, 277, 18, '2', '2016-06-09 08:30:14'),
(221, 277, 13, '1', '2016-06-09 08:30:14'),
(222, 277, 12, '1', '2016-06-09 08:30:14'),
(223, 280, 18, '3', '2016-06-09 08:30:14'),
(224, 281, 18, '2', '2016-07-27 07:28:07'),
(225, 281, 13, '1', '2016-07-27 07:28:07'),
(226, 281, 12, '1', '2016-07-27 07:28:07'),
(227, 281, 23, '2', '2016-07-27 07:28:07'),
(228, 282, 18, '2', '2016-07-27 07:28:07'),
(229, 285, 18, '2', '2016-07-27 07:28:08'),
(230, 285, 13, '2', '2016-07-27 07:28:08'),
(231, 285, 12, '1', '2016-07-27 07:28:08'),
(232, 286, 18, '2', '2016-07-27 07:28:08'),
(233, 289, 18, '2', '2016-07-27 07:28:08'),
(234, 289, 13, '1', '2016-07-27 07:28:08'),
(235, 289, 12, '1', '2016-07-27 07:28:08'),
(236, 289, 23, '2', '2016-07-27 07:28:08'),
(237, 290, 13, '2', '2016-07-27 07:28:08'),
(238, 293, 18, '1', '2016-07-27 07:28:09'),
(239, 293, 13, '1', '2016-07-27 07:28:09'),
(240, 293, 12, '1', '2016-07-27 07:28:09'),
(241, 293, 23, '1', '2016-07-27 07:28:09'),
(242, 293, 26, '1', '2016-07-27 07:28:09'),
(243, 295, 18, '3', '2016-07-27 07:28:09'),
(244, 297, 18, '2', '2016-07-27 07:28:09'),
(245, 297, 13, '2', '2016-07-27 07:28:09'),
(246, 297, 12, '1', '2016-07-27 07:28:09'),
(247, 298, 13, '2', '2016-07-27 07:28:10'),
(248, 299, 18, '3', '2016-07-27 07:28:10'),
(249, 300, 17, '5', '2016-07-27 07:28:10'),
(250, 301, 18, '2', '2016-07-27 07:28:10'),
(251, 301, 13, '1', '2016-07-27 07:28:10'),
(252, 301, 12, '1', '2016-07-27 07:28:10'),
(253, 305, 18, '2', '2016-07-27 07:28:11'),
(254, 305, 13, '1', '2016-07-27 07:28:11'),
(255, 305, 12, '1', '2016-07-27 07:28:11'),
(256, 308, 18, '3', '2016-07-27 07:28:11'),
(257, 313, 12, '1', '2016-07-27 11:28:10'),
(258, 313, 18, '1', '2016-07-27 11:28:10'),
(259, 314, 28, '1', '2016-07-27 11:28:10'),
(260, 315, 18, '1', '2016-07-27 11:28:10'),
(261, 316, 12, '1', '2016-07-27 11:28:10'),
(262, 317, 12, '1', '2016-07-27 11:28:10'),
(263, 317, 18, '1', '2016-07-27 11:28:10'),
(264, 321, 12, '1', '2016-07-27 11:28:11'),
(265, 321, 18, '1', '2016-07-27 11:28:11'),
(266, 325, 12, '1', '2016-07-27 11:28:11'),
(267, 325, 18, '1', '2016-07-27 11:28:11'),
(268, 329, 28, '1', '2016-07-27 11:28:11'),
(269, 331, 18, '1', '2016-07-27 11:28:12'),
(270, 332, 24, '1', '2016-07-27 11:28:12'),
(271, 337, 18, '2', '2016-09-07 08:42:29'),
(272, 337, 13, '5', '2016-09-07 08:42:29'),
(273, 337, 12, '4', '2016-09-07 08:42:29'),
(274, 341, 18, '2', '2016-09-07 08:42:29'),
(275, 341, 13, '5', '2016-09-07 08:42:29'),
(276, 341, 12, '4', '2016-09-07 08:42:29'),
(277, 342, 18, '2', '2016-09-07 08:42:29'),
(278, 345, 18, '3', '2016-09-07 08:42:30'),
(279, 345, 13, '5', '2016-09-07 08:42:30'),
(280, 345, 12, '2', '2016-09-07 08:42:30'),
(281, 349, 18, '3', '2016-09-07 08:42:30'),
(282, 349, 13, '5', '2016-09-07 08:42:30'),
(283, 349, 12, '4', '2016-09-07 08:42:30'),
(284, 356, 17, '5', '2016-09-07 08:42:30'),
(285, 357, 18, '2', '2016-09-07 08:42:30'),
(286, 357, 13, '5', '2016-09-07 08:42:30'),
(287, 357, 12, '4', '2016-09-07 08:42:30'),
(288, 361, 18, '2', '2016-09-07 08:42:31'),
(289, 361, 13, '5', '2016-09-07 08:42:31'),
(290, 361, 12, '4', '2016-09-07 08:42:31'),
(291, 364, 18, '3', '2016-09-07 08:42:31'),
(292, 365, 18, '2', '2016-09-07 08:42:31'),
(293, 365, 13, '5', '2016-09-07 08:42:31'),
(294, 365, 12, '4', '2016-09-07 08:42:31'),
(295, 369, 18, '2', '2016-09-07 08:42:32'),
(296, 369, 13, '5', '2016-09-07 08:42:32'),
(297, 369, 12, '4', '2016-09-07 08:42:32'),
(298, 370, 18, '2', '2016-09-07 08:42:32'),
(299, 373, 18, '3', '2016-09-07 08:42:32'),
(300, 373, 13, '5', '2016-09-07 08:42:32'),
(301, 373, 12, '2', '2016-09-07 08:42:32'),
(302, 377, 18, '3', '2016-09-07 08:42:32'),
(303, 377, 13, '5', '2016-09-07 08:42:32'),
(304, 377, 12, '4', '2016-09-07 08:42:32'),
(305, 384, 17, '5', '2016-09-07 08:42:33'),
(306, 385, 18, '2', '2016-09-07 08:42:33'),
(307, 385, 13, '5', '2016-09-07 08:42:33'),
(308, 385, 12, '4', '2016-09-07 08:42:33'),
(309, 389, 18, '2', '2016-09-07 08:42:33'),
(310, 389, 13, '5', '2016-09-07 08:42:33'),
(311, 389, 12, '4', '2016-09-07 08:42:33'),
(312, 392, 18, '3', '2016-09-07 08:42:34'),
(313, 393, 18, '2', '2016-09-07 08:42:34'),
(314, 393, 13, '5', '2016-09-07 08:42:34'),
(315, 393, 12, '4', '2016-09-07 08:42:34'),
(316, 397, 18, '2', '2016-09-07 08:42:34'),
(317, 397, 13, '5', '2016-09-07 08:42:34'),
(318, 397, 12, '4', '2016-09-07 08:42:34'),
(319, 398, 18, '2', '2016-09-07 08:42:34'),
(320, 401, 18, '3', '2016-09-07 08:42:35'),
(321, 401, 13, '5', '2016-09-07 08:42:35'),
(322, 401, 12, '2', '2016-09-07 08:42:35'),
(323, 405, 18, '3', '2016-09-07 08:42:35'),
(324, 405, 13, '5', '2016-09-07 08:42:35'),
(325, 405, 12, '4', '2016-09-07 08:42:35'),
(326, 412, 17, '5', '2016-09-07 08:42:36'),
(327, 413, 18, '2', '2016-09-07 08:42:36'),
(328, 413, 13, '5', '2016-09-07 08:42:36'),
(329, 413, 12, '4', '2016-09-07 08:42:36'),
(330, 417, 18, '2', '2016-09-07 08:42:36'),
(331, 417, 13, '5', '2016-09-07 08:42:36'),
(332, 417, 12, '4', '2016-09-07 08:42:36'),
(333, 420, 18, '3', '2016-09-07 08:42:37'),
(334, 421, 18, '2', '2016-09-07 09:57:23'),
(335, 421, 13, '5', '2016-09-07 09:57:23'),
(336, 421, 12, '4', '2016-09-07 09:57:23'),
(337, 425, 18, '2', '2016-09-07 09:57:24'),
(338, 425, 13, '5', '2016-09-07 09:57:24'),
(339, 425, 12, '4', '2016-09-07 09:57:24'),
(340, 426, 18, '2', '2016-09-07 09:57:24'),
(341, 429, 18, '3', '2016-09-07 09:57:24'),
(342, 429, 13, '5', '2016-09-07 09:57:24'),
(343, 429, 12, '2', '2016-09-07 09:57:24'),
(344, 433, 18, '3', '2016-09-07 09:57:24'),
(345, 433, 13, '5', '2016-09-07 09:57:24'),
(346, 433, 12, '4', '2016-09-07 09:57:24'),
(347, 440, 17, '5', '2016-09-07 09:57:25'),
(348, 441, 18, '2', '2016-09-07 09:57:25'),
(349, 441, 13, '5', '2016-09-07 09:57:25'),
(350, 441, 12, '4', '2016-09-07 09:57:25'),
(351, 445, 18, '2', '2016-09-07 09:57:26'),
(352, 445, 13, '5', '2016-09-07 09:57:26'),
(353, 445, 12, '4', '2016-09-07 09:57:26'),
(354, 448, 18, '3', '2016-09-07 09:57:26'),
(355, 449, 18, '2', '2016-09-07 09:57:26'),
(356, 449, 13, '5', '2016-09-07 09:57:26'),
(357, 449, 12, '4', '2016-09-07 09:57:26'),
(358, 453, 18, '2', '2016-09-07 09:57:27'),
(359, 453, 13, '5', '2016-09-07 09:57:27'),
(360, 453, 12, '4', '2016-09-07 09:57:27'),
(361, 454, 18, '2', '2016-09-07 09:57:27'),
(362, 457, 18, '3', '2016-09-07 09:57:27'),
(363, 457, 13, '5', '2016-09-07 09:57:27'),
(364, 457, 12, '2', '2016-09-07 09:57:27'),
(365, 461, 18, '3', '2016-09-07 09:57:28'),
(366, 461, 13, '5', '2016-09-07 09:57:28'),
(367, 461, 12, '4', '2016-09-07 09:57:28'),
(368, 468, 17, '5', '2016-09-07 09:57:28'),
(369, 469, 18, '2', '2016-09-07 09:57:28'),
(370, 469, 13, '5', '2016-09-07 09:57:28'),
(371, 469, 12, '4', '2016-09-07 09:57:28'),
(372, 473, 18, '2', '2016-09-07 09:57:29'),
(373, 473, 13, '5', '2016-09-07 09:57:29'),
(374, 473, 12, '4', '2016-09-07 09:57:29'),
(375, 476, 18, '3', '2016-09-07 09:57:29'),
(376, 477, 18, '2', '2016-09-07 09:58:03'),
(377, 477, 13, '1', '2016-09-07 09:58:03'),
(378, 477, 12, '1', '2016-09-07 09:58:03'),
(379, 477, 23, '2', '2016-09-07 09:58:03'),
(380, 478, 18, '2', '2016-09-07 09:58:03'),
(381, 481, 18, '2', '2016-09-07 09:58:04'),
(382, 481, 13, '2', '2016-09-07 09:58:04'),
(383, 481, 12, '1', '2016-09-07 09:58:04'),
(384, 482, 18, '2', '2016-09-07 09:58:04'),
(385, 485, 18, '2', '2016-09-07 09:58:04'),
(386, 485, 13, '1', '2016-09-07 09:58:04'),
(387, 485, 12, '1', '2016-09-07 09:58:04'),
(388, 485, 23, '2', '2016-09-07 09:58:04'),
(389, 486, 13, '2', '2016-09-07 09:58:04'),
(390, 489, 18, '1', '2016-09-07 09:58:05'),
(391, 489, 13, '1', '2016-09-07 09:58:05'),
(392, 489, 12, '1', '2016-09-07 09:58:05'),
(393, 489, 23, '1', '2016-09-07 09:58:05'),
(394, 489, 26, '1', '2016-09-07 09:58:05'),
(395, 491, 18, '3', '2016-09-07 09:58:05'),
(396, 493, 18, '2', '2016-09-07 09:58:05'),
(397, 493, 13, '2', '2016-09-07 09:58:05'),
(398, 493, 12, '1', '2016-09-07 09:58:05'),
(399, 494, 13, '2', '2016-09-07 09:58:05'),
(400, 495, 18, '3', '2016-09-07 09:58:05'),
(401, 496, 17, '5', '2016-09-07 09:58:05'),
(402, 497, 18, '2', '2016-09-07 09:58:06'),
(403, 497, 13, '1', '2016-09-07 09:58:06'),
(404, 497, 12, '1', '2016-09-07 09:58:06'),
(405, 501, 18, '2', '2016-09-07 09:58:06'),
(406, 501, 13, '1', '2016-09-07 09:58:06'),
(407, 501, 12, '1', '2016-09-07 09:58:06'),
(408, 504, 18, '3', '2016-09-07 09:58:06'),
(409, 505, 18, '2', '2016-09-07 09:58:07'),
(410, 505, 13, '1', '2016-09-07 09:58:07'),
(411, 505, 12, '1', '2016-09-07 09:58:07'),
(412, 505, 23, '2', '2016-09-07 09:58:07'),
(413, 506, 18, '2', '2016-09-07 09:58:07'),
(414, 509, 18, '2', '2016-09-07 09:58:07'),
(415, 509, 13, '2', '2016-09-07 09:58:07'),
(416, 509, 12, '1', '2016-09-07 09:58:07'),
(417, 510, 18, '2', '2016-09-07 09:58:07'),
(418, 513, 18, '2', '2016-09-07 09:58:07'),
(419, 513, 13, '1', '2016-09-07 09:58:07'),
(420, 513, 12, '1', '2016-09-07 09:58:07'),
(421, 513, 23, '2', '2016-09-07 09:58:07'),
(422, 514, 13, '2', '2016-09-07 09:58:08'),
(423, 517, 18, '1', '2016-09-07 09:58:08'),
(424, 517, 13, '1', '2016-09-07 09:58:08'),
(425, 517, 12, '1', '2016-09-07 09:58:08'),
(426, 517, 23, '1', '2016-09-07 09:58:08'),
(427, 517, 26, '1', '2016-09-07 09:58:08'),
(428, 519, 18, '3', '2016-09-07 09:58:08'),
(429, 521, 18, '2', '2016-09-07 09:58:08'),
(430, 521, 13, '2', '2016-09-07 09:58:08'),
(431, 521, 12, '1', '2016-09-07 09:58:08'),
(432, 522, 13, '2', '2016-09-07 09:58:09'),
(433, 523, 18, '3', '2016-09-07 09:58:09'),
(434, 524, 17, '5', '2016-09-07 09:58:09'),
(435, 525, 18, '2', '2016-09-07 09:58:09'),
(436, 525, 13, '1', '2016-09-07 09:58:09'),
(437, 525, 12, '1', '2016-09-07 09:58:09'),
(438, 529, 18, '2', '2016-09-07 09:58:09'),
(439, 529, 13, '1', '2016-09-07 09:58:09'),
(440, 529, 12, '1', '2016-09-07 09:58:09'),
(441, 532, 18, '3', '2016-09-07 09:58:10'),
(442, 533, 18, '2', '2016-09-07 10:02:01'),
(443, 533, 13, '5', '2016-09-07 10:02:01'),
(444, 533, 12, '4', '2016-09-07 10:02:01'),
(445, 537, 18, '2', '2016-09-07 10:02:02'),
(446, 537, 13, '5', '2016-09-07 10:02:02'),
(447, 537, 12, '4', '2016-09-07 10:02:02'),
(448, 538, 18, '2', '2016-09-07 10:02:02'),
(449, 541, 18, '3', '2016-09-07 10:02:02'),
(450, 541, 13, '5', '2016-09-07 10:02:02'),
(451, 541, 12, '2', '2016-09-07 10:02:02'),
(452, 545, 18, '3', '2016-09-07 10:02:02'),
(453, 545, 13, '5', '2016-09-07 10:02:02'),
(454, 545, 12, '4', '2016-09-07 10:02:02'),
(455, 552, 17, '5', '2016-09-07 10:02:03'),
(456, 553, 18, '2', '2016-09-07 10:02:03'),
(457, 553, 13, '5', '2016-09-07 10:02:03'),
(458, 553, 12, '4', '2016-09-07 10:02:03'),
(459, 557, 18, '2', '2016-09-07 10:02:03'),
(460, 557, 13, '5', '2016-09-07 10:02:03'),
(461, 557, 12, '4', '2016-09-07 10:02:03'),
(462, 560, 18, '3', '2016-09-07 10:02:04'),
(463, 561, 18, '2', '2016-09-07 10:03:58'),
(464, 561, 13, '5', '2016-09-07 10:03:58'),
(465, 561, 12, '4', '2016-09-07 10:03:58'),
(466, 565, 18, '2', '2016-09-07 10:03:58'),
(467, 565, 13, '5', '2016-09-07 10:03:58'),
(468, 565, 12, '4', '2016-09-07 10:03:58'),
(469, 566, 18, '2', '2016-09-07 10:03:58'),
(470, 569, 18, '3', '2016-09-07 10:03:58'),
(471, 569, 13, '5', '2016-09-07 10:03:58'),
(472, 569, 12, '2', '2016-09-07 10:03:58'),
(473, 573, 18, '3', '2016-09-07 10:03:59'),
(474, 573, 13, '5', '2016-09-07 10:03:59'),
(475, 573, 12, '4', '2016-09-07 10:03:59'),
(476, 580, 17, '5', '2016-09-07 10:03:59'),
(477, 581, 18, '2', '2016-09-07 10:04:00'),
(478, 581, 13, '5', '2016-09-07 10:04:00'),
(479, 581, 12, '4', '2016-09-07 10:04:00'),
(480, 585, 18, '2', '2016-09-07 10:04:00'),
(481, 585, 13, '5', '2016-09-07 10:04:00'),
(482, 585, 12, '4', '2016-09-07 10:04:00'),
(483, 588, 18, '3', '2016-09-07 10:04:00');

-- --------------------------------------------------------

--
-- Table structure for table `th_haip_sug`
--

CREATE TABLE IF NOT EXISTS `th_haip_sug` (
  `haip_id` int(11) NOT NULL AUTO_INCREMENT,
  `haip_cdate` timestamp NULL DEFAULT CURRENT_TIMESTAMP,
  `haip_wgrain` float DEFAULT '0',
  `haip_rgrain` float DEFAULT '0',
  `haip_protien` float DEFAULT '0',
  `haip_vegetable` float DEFAULT '0',
  `haip_fruit` float DEFAULT '0',
  `rgs_id_fkx` int(10) unsigned NOT NULL,
  `nut_id_fkx` int(11) DEFAULT NULL COMMENT 'nutrienist id from tulasi user table',
  `start_date` date DEFAULT NULL,
  `end_date` date DEFAULT NULL,
  `haip_status` varchar(5) DEFAULT NULL COMMENT 'online:ol  offline:of  (participant request status)',
  `tc_requestid_fkx` int(11) DEFAULT NULL COMMENT 'request id from tc_askdoc table',
  `tc_requestid_old` int(11) DEFAULT NULL COMMENT 'previous request id',
  PRIMARY KEY (`haip_id`),
  KEY `rgs_id_fkx` (`rgs_id_fkx`)
) ENGINE=InnoDB  DEFAULT CHARSET=latin1 AUTO_INCREMENT=7 ;

--
-- Dumping data for table `th_haip_sug`
--

INSERT INTO `th_haip_sug` (`haip_id`, `haip_cdate`, `haip_wgrain`, `haip_rgrain`, `haip_protien`, `haip_vegetable`, `haip_fruit`, `rgs_id_fkx`, `nut_id_fkx`, `start_date`, `end_date`, `haip_status`, `tc_requestid_fkx`, `tc_requestid_old`) VALUES
(1, '2014-09-18 04:35:14', 30, 0, 15, 20, 35, 1, 41, '2013-11-27', '2014-10-15', NULL, NULL, NULL),
(2, '2013-04-18 07:16:56', 20, 0, 35, 15, 25, 81, 41, '2013-04-02', '2013-04-24', NULL, NULL, NULL),
(3, '2013-06-08 05:32:04', 40, 0, 30, 15, 10, 1, 70, '2013-06-08', '2014-01-15', NULL, NULL, NULL),
(4, '2013-08-02 11:10:27', 35, 0, 20, 25, 5, 7, 41, '2013-08-02', '2013-08-09', NULL, NULL, NULL),
(5, '2014-01-14 05:10:52', 15, 0, 25, 25, 25, 39, 41, '2014-01-14', '2014-02-14', NULL, NULL, NULL),
(6, '2014-04-05 08:54:43', 10, 0, 30, 15, 20, 10, 41, '2014-04-05', '2014-05-05', NULL, NULL, NULL);

-- --------------------------------------------------------

--
-- Table structure for table `th_hams`
--

CREATE TABLE IF NOT EXISTS `th_hams` (
  `hams_id` int(11) NOT NULL AUTO_INCREMENT,
  `hams_cdate` timestamp NULL DEFAULT CURRENT_TIMESTAMP,
  `hams_daytype` int(11) DEFAULT NULL COMMENT '1-Pre Night, 2-Morning,3-Afternoon,4-Evening',
  `hams_moodtype` int(11) DEFAULT NULL COMMENT '0-Great, 1-Good, 2-Okey, 3-Down',
  `rgs_id_fkx` int(10) unsigned NOT NULL,
  `source_type` varchar(20) DEFAULT 'Self',
  `hv_person_id` varchar(30) DEFAULT NULL,
  PRIMARY KEY (`hams_id`),
  KEY `rgs_id_fkx` (`rgs_id_fkx`)
) ENGINE=InnoDB  DEFAULT CHARSET=latin1 AUTO_INCREMENT=280 ;

--
-- Dumping data for table `th_hams`
--

INSERT INTO `th_hams` (`hams_id`, `hams_cdate`, `hams_daytype`, `hams_moodtype`, `rgs_id_fkx`, `source_type`, `hv_person_id`) VALUES
(11, '2012-06-25 10:48:30', 1, 1, 1, '', ''),
(12, '2012-06-25 10:48:45', 2, 1, 1, '', ''),
(13, '2012-06-25 10:48:54', 3, 2, 1, '', ''),
(14, '2012-06-25 10:49:01', 4, 3, 1, '', ''),
(19, '2012-06-28 12:55:37', 1, 0, 1, '', ''),
(20, '2012-06-28 12:55:51', 2, 1, 1, '', ''),
(21, '2012-06-28 12:55:57', 3, 1, 1, '', ''),
(22, '2012-06-28 12:56:05', 4, 0, 1, '', ''),
(23, '2012-07-21 07:32:36', 1, 3, 1, '', ''),
(24, '2012-07-27 07:06:48', 1, 1, 1, '', ''),
(25, '2012-07-31 08:01:52', 1, 0, 1, '', ''),
(26, '2012-07-31 08:02:03', 2, 1, 1, '', ''),
(27, '2012-08-01 05:08:51', 1, 1, 1, '', ''),
(28, '2012-08-03 09:32:09', 1, 1, 1, '', ''),
(29, '2012-08-04 11:14:37', 1, 0, 1, '', ''),
(30, '2012-08-04 11:14:49', 2, 0, 1, '', ''),
(31, '2012-08-04 11:14:58', NULL, 2, 1, '', ''),
(32, '2012-08-04 11:15:07', NULL, 2, 1, '', ''),
(33, '2012-08-04 11:17:08', 4, 0, 1, '', ''),
(34, '2012-08-04 11:17:16', NULL, 1, 1, '', ''),
(35, '2012-08-04 12:51:10', NULL, 0, 1, '', ''),
(36, '2012-08-04 12:52:18', NULL, 0, 1, '', ''),
(37, '2012-08-04 12:54:08', NULL, 0, 1, '', ''),
(38, '2012-08-04 12:54:33', NULL, 0, 1, '', ''),
(39, '2012-08-06 05:46:25', NULL, 1, 1, '', ''),
(40, '2012-08-10 11:26:35', 4, 3, 1, '', ''),
(41, '2012-08-10 11:26:49', 1, 1, 1, '', ''),
(42, '2012-08-10 11:27:14', 2, 3, 1, '', ''),
(43, '2012-08-10 11:27:49', NULL, 0, 1, '', ''),
(44, '2012-08-11 12:30:14', NULL, 1, 1, '', ''),
(45, '2012-08-11 12:30:23', 2, 1, 1, '', ''),
(46, '2012-08-14 08:11:08', 1, 3, 7, '', ''),
(47, '2012-08-14 08:24:13', 1, 2, 7, '', ''),
(48, '2012-08-14 08:47:07', 4, 0, 7, '', ''),
(49, '2012-08-14 08:47:24', NULL, 0, 7, '', ''),
(50, '2012-08-14 08:47:52', NULL, 2, 7, '', ''),
(51, '2012-08-16 11:31:37', NULL, 1, 7, '', ''),
(52, '2012-08-16 11:31:45', 1, 1, 7, '', ''),
(53, '2012-08-22 08:10:25', 1, 2, 1, '', ''),
(54, '2012-08-22 08:10:37', 2, 2, 1, '', ''),
(55, '2012-08-22 08:10:44', NULL, 1, 1, '', ''),
(56, '2012-08-22 08:10:52', 4, 0, 1, '', ''),
(57, '2012-08-24 09:35:17', 1, 1, 1, '', ''),
(58, '2012-08-27 11:23:19', NULL, 1, 1, '', ''),
(59, '2012-08-29 12:52:38', NULL, 1, 1, '', ''),
(60, '2012-08-29 12:52:50', 2, 1, 1, '', ''),
(61, '2012-08-29 12:54:32', NULL, 1, 1, '', ''),
(62, '2012-09-17 12:30:58', 2, 1, 7, '', ''),
(63, '2012-09-17 12:31:17', 1, 2, 81, '', ''),
(64, '2012-09-17 12:32:43', 2, 1, 81, '', ''),
(65, '2012-09-17 12:38:26', NULL, 3, 81, '', ''),
(66, '2012-09-17 12:39:11', 4, 0, 81, '', ''),
(67, '2012-09-18 06:21:16', 1, 0, 1, '', ''),
(69, '2012-09-22 10:57:00', 4, 3, 81, '', ''),
(70, '2012-09-22 10:57:34', NULL, 2, 81, '', ''),
(71, '2012-09-22 10:57:46', NULL, 2, 81, '', ''),
(72, '2012-09-22 10:57:57', NULL, 2, 81, '', ''),
(73, '2012-09-22 10:58:17', 2, 1, 81, '', ''),
(74, '2012-09-22 10:58:31', NULL, 2, 81, '', ''),
(75, '2012-09-22 10:58:50', 1, 2, 81, '', ''),
(76, '2012-09-22 11:35:31', 1, 0, 65, '', ''),
(77, '2012-09-22 11:35:57', 2, 0, 65, '', ''),
(78, '2012-09-22 11:36:09', NULL, 3, 65, '', ''),
(79, '2012-09-22 11:36:23', NULL, 3, 65, '', ''),
(80, '2012-09-22 11:36:42', 4, 3, 65, '', ''),
(81, '2012-09-22 11:36:52', NULL, 3, 65, '', ''),
(82, '2012-09-22 11:39:06', 2, 2, 7, '', ''),
(83, '2012-09-24 11:59:23', 1, 1, 1, '', ''),
(84, '2012-09-24 13:37:01', 1, 1, 7, '', ''),
(85, '2012-09-26 09:27:20', 3, 1, 1, '', ''),
(86, '2012-09-26 10:59:15', 1, 1, 1, '', ''),
(87, '2012-09-26 11:04:30', 2, 0, 1, '', ''),
(88, '2012-09-26 11:10:18', 4, 1, 1, '', ''),
(89, '2012-09-27 05:16:22', 1, 1, 53, '', ''),
(90, '2012-09-27 05:16:36', 2, 2, 53, '', ''),
(91, '2012-10-03 11:11:14', 4, 1, 23, '', ''),
(92, '2012-10-11 11:32:16', 1, 0, 1, '', ''),
(93, '2012-10-11 12:20:54', 3, 1, 1, '', ''),
(94, '2012-10-11 12:33:36', 2, 1, 1, '', ''),
(95, '2012-10-11 12:33:43', 4, 1, 1, '', ''),
(96, '2012-10-17 11:07:06', 1, 1, 17, '', ''),
(97, '2012-10-17 12:55:35', 2, 0, 17, '', ''),
(98, '2012-10-18 12:40:35', 1, 2, 17, '', ''),
(99, '2012-10-18 05:08:55', 1, 1, 81, '', ''),
(100, '2012-10-18 09:33:48', 2, 1, 17, '', ''),
(101, '2012-10-26 08:29:44', 1, 0, 17, '', ''),
(102, '2012-10-27 09:18:17', 1, 2, 17, '', ''),
(103, '2012-11-05 05:32:38', 1, 1, 1, '', ''),
(104, '2012-11-05 05:32:46', 2, 0, 1, '', ''),
(105, '2012-11-05 08:11:39', 3, 1, 1, '', ''),
(106, '2012-11-05 08:57:18', 1, 0, 81, '', ''),
(107, '2012-11-05 08:57:29', 2, 1, 81, '', ''),
(108, '2012-11-05 08:57:38', 3, 1, 81, '', ''),
(109, '2012-11-05 10:39:06', 2, 0, 17, '', ''),
(110, '2012-11-05 11:48:34', 4, 1, 17, '', ''),
(111, '2012-11-05 11:48:48', 3, 1, 17, '', ''),
(112, '2012-11-05 11:48:58', 1, 0, 17, '', ''),
(113, '2012-11-06 04:26:44', 1, 3, 17, '', ''),
(114, '2012-11-06 04:38:16', 2, 1, 17, '', ''),
(115, '2012-11-06 13:25:13', 1, 2, 1, '', ''),
(116, '2012-11-07 06:08:30', 1, 2, 1, '', ''),
(117, '2012-11-07 06:10:55', 1, 0, 32, '', ''),
(118, '2012-11-07 07:05:54', 1, 2, 17, '', ''),
(119, '2012-11-07 07:29:56', 2, 0, 1, '', ''),
(120, '2012-11-07 08:12:25', 2, 1, 32, '', ''),
(121, '2012-11-08 08:55:20', 1, 2, 1, '', ''),
(122, '2012-11-08 13:02:23', 2, 0, 1, '', ''),
(123, '2012-11-08 13:02:34', 3, 1, 1, '', ''),
(124, '2012-11-08 13:02:43', 4, 2, 1, '', ''),
(125, '2012-11-09 10:12:39', 3, 0, 1, '', ''),
(126, '2012-11-09 10:13:11', 1, 0, 1, '', ''),
(127, '2012-11-17 09:16:28', 2, 0, 1, '', ''),
(128, '2012-11-17 09:16:51', 1, 0, 1, '', ''),
(129, '2012-12-03 12:57:27', 1, 0, 7, '', ''),
(130, '2012-12-03 12:57:48', 2, 0, 7, '', ''),
(131, '2012-12-03 12:57:56', 3, 1, 7, '', ''),
(132, '2012-12-03 12:58:07', 4, 1, 7, '', ''),
(133, '2012-12-08 12:50:23', 3, 1, 1, '', ''),
(134, '2012-12-08 12:50:33', 2, 1, 1, '', ''),
(135, '2012-12-08 12:50:44', 4, 1, 1, '', ''),
(136, '2012-12-08 12:50:59', 1, 0, 1, '', ''),
(137, '2012-12-10 05:01:48', 2, 2, 81, '', ''),
(138, '2012-12-10 05:02:06', 1, 3, 81, '', ''),
(139, '2012-12-11 11:02:28', 2, 3, 65, '', ''),
(140, '2012-12-11 11:03:17', 1, 2, 65, '', ''),
(141, '2012-12-11 11:03:59', 3, 0, 65, '', ''),
(142, '2012-12-15 05:25:09', 0, 0, 17, '', ''),
(143, '2012-12-15 10:39:11', 2, 3, 17, '', ''),
(144, '2012-12-15 11:49:40', 3, 0, 17, '', ''),
(145, '2012-12-15 12:23:15', 1, 2, 17, '', ''),
(146, '2012-12-15 12:23:38', 4, 1, 17, '', ''),
(147, '2012-12-17 10:56:52', 2, 1, 53, '', ''),
(148, '2012-12-17 10:57:30', 3, 2, 53, '', ''),
(149, '2012-12-17 10:59:46', 1, 2, 53, '', ''),
(150, '2012-12-18 10:43:03', 3, 1, 17, '', ''),
(151, '2012-12-18 10:43:25', 1, 2, 17, '', ''),
(152, '2013-01-30 09:56:33', 3, 1, 1, '', ''),
(153, '2013-01-30 09:56:50', 2, 0, 1, '', ''),
(154, '2013-01-30 09:57:04', 1, 0, 1, '', ''),
(155, '2013-02-07 07:45:50', 1, 0, 53, '', ''),
(156, '2013-04-09 12:45:27', 2, 3, 65, '', ''),
(157, '2013-04-23 05:57:42', 2, 3, 1, '', ''),
(158, '2013-04-23 11:11:01', 3, 0, 1, '', ''),
(159, '2013-04-25 11:25:59', 2, 3, 1, '', ''),
(160, '2013-04-25 11:26:09', 3, 2, 1, '', ''),
(161, '2013-04-25 11:30:53', 4, 2, 1, '', ''),
(162, '2013-04-26 13:02:59', 2, 0, 1, '', ''),
(163, '2013-04-26 13:03:11', 3, 1, 1, '', ''),
(164, '2013-04-26 13:03:21', 4, 1, 1, '', ''),
(165, '2013-04-26 13:50:12', 1, 3, 1, '', ''),
(166, '2013-04-29 11:29:09', 2, 1, 1, '', ''),
(167, '2013-05-01 09:16:43', 2, 0, 1, '', ''),
(168, '2013-05-01 13:37:15', 2, 0, 41, '', ''),
(169, '2013-05-01 13:37:47', 3, 0, 41, '', ''),
(170, '2013-05-01 13:38:10', 4, 0, 41, '', ''),
(171, '2013-05-03 09:24:46', 2, 0, 39, '', ''),
(172, '2013-05-03 09:24:56', 3, 1, 39, '', ''),
(173, '2013-05-03 10:36:53', 2, 1, 1, '', ''),
(174, '2013-05-03 10:37:29', 3, 2, 1, '', ''),
(175, '2013-05-03 10:39:57', 2, 0, 41, '', ''),
(176, '2013-05-03 10:41:12', 3, 0, 41, '', ''),
(177, '2013-05-03 10:43:29', 1, 2, 41, '', ''),
(178, '2013-05-07 08:09:01', 2, 1, 39, '', ''),
(179, '2013-05-07 08:09:12', 3, 2, 39, '', ''),
(180, '2013-05-09 03:20:18', 2, 1, 1, '', ''),
(181, '2013-05-09 03:20:36', 1, 0, 1, '', ''),
(182, '2013-05-09 09:19:40', 2, 1, 81, '', ''),
(183, '2013-05-09 09:19:50', 1, 2, 81, '', ''),
(184, '2013-05-09 09:20:04', 3, 2, 81, '', ''),
(185, '2013-05-09 10:23:54', 2, 0, 56, '', ''),
(186, '2013-05-09 10:24:08', 3, 0, 56, '', ''),
(187, '2013-05-09 11:55:05', 2, 1, 53, '', ''),
(188, '2013-05-09 11:55:17', 3, 1, 53, '', ''),
(189, '2013-05-10 05:36:45', 2, 0, 1, '', ''),
(190, '2013-05-10 07:43:28', 2, 0, 49, '', ''),
(191, '2013-05-10 08:33:32', 3, 2, 49, '', ''),
(192, '2013-05-10 12:47:00', 3, 1, 1, '', ''),
(193, '2013-05-10 13:35:12', 4, 0, 49, '', ''),
(194, '2013-05-11 06:01:26', 1, 2, 53, '', ''),
(195, '2013-05-13 09:25:53', 2, 0, 1, '', ''),
(196, '2013-05-13 09:27:42', 3, 1, 1, '', ''),
(197, '2013-05-14 05:32:43', 2, 0, 1, '', ''),
(198, '2013-05-14 08:21:58', 2, 1, 18, '', ''),
(199, '2013-05-14 12:23:15', 1, 0, 53, '', ''),
(200, '2013-05-14 12:23:34', 2, 1, 53, '', ''),
(201, '2013-05-14 12:23:45', 3, 2, 53, '', ''),
(202, '2013-05-14 12:23:55', 4, 3, 53, '', ''),
(203, '2013-05-16 08:37:10', 2, 0, 1, '', ''),
(204, '2013-05-16 08:37:24', 3, 3, 1, '', ''),
(205, '2013-05-23 07:40:28', 2, 0, 1, '', ''),
(210, '2013-05-25 04:55:25', 2, 2, 1, '', ''),
(211, '2013-05-25 06:57:39', 3, 2, 1, '', ''),
(212, '2013-06-05 04:54:52', 1, 2, 1, '', ''),
(213, '2013-06-05 04:55:26', 2, 0, 1, '', ''),
(214, '2013-06-07 07:51:00', 1, 0, 1, '', ''),
(215, '2013-06-10 13:34:27', 1, 2, 1, '', ''),
(216, '2013-11-21 04:49:49', 1, 0, 1, '', ''),
(217, '2013-11-21 12:07:58', 2, 2, 1, '', ''),
(219, '2013-11-21 18:30:00', 1, 0, 1, 'coach', '41'),
(220, '2013-11-21 18:30:00', 2, 2, 1, 'coach', '41'),
(221, '2013-11-21 18:30:00', 3, 0, 1, 'coach', '41'),
(222, '2013-11-21 18:30:00', 4, 0, 1, 'coach', '41'),
(223, '2013-12-04 07:28:58', 1, 2, 1, 'coach', '41'),
(224, '2013-12-04 07:28:58', 2, 1, 1, 'coach', '41'),
(225, '2013-12-04 07:28:58', 3, 3, 1, 'coach', '41'),
(226, '2013-12-04 07:28:58', 4, 0, 1, 'coach', '41'),
(227, '2013-12-16 10:45:36', 2, 0, 1, 'Self', NULL),
(228, '2013-12-16 10:47:39', 1, 0, 1, 'Self', NULL),
(229, '2013-12-16 10:47:45', 3, 1, 1, 'Self', NULL),
(230, '2013-12-16 10:47:59', 4, 1, 1, 'Self', NULL),
(231, '2013-01-28 05:34:35', 1, 0, 1, 'coach', '41'),
(232, '2013-01-28 05:34:35', 2, 1, 1, 'coach', '41'),
(233, '2013-01-28 05:34:35', 3, 1, 1, 'coach', '41'),
(234, '2013-01-28 05:34:35', 4, 3, 1, 'coach', '41'),
(235, '2014-04-18 11:36:59', 1, 2, 1, 'Self', NULL),
(238, '2014-04-21 05:42:31', 1, 3, 1, 'Self', NULL),
(239, '2014-04-21 10:36:39', 3, 2, 1, 'Self', NULL),
(240, '2014-04-21 10:41:30', 2, 2, 1, 'Self', NULL),
(241, '2014-04-22 10:46:48', 1, 0, 1, 'Self', NULL),
(243, '2014-04-21 17:43:36', 4, 1, 1, 'Self', NULL),
(244, '2014-04-23 07:10:15', 3, 1, 1, 'Self', NULL),
(245, '2014-04-23 07:10:19', 2, 3, 1, 'Self', NULL),
(246, '2014-04-28 05:00:54', 1, 3, 1, 'Self', NULL),
(247, '2014-04-28 05:26:44', 2, 3, 1, 'Self', NULL),
(248, '2014-05-06 05:30:57', 2, 1, 1, 'Self', NULL),
(249, '2014-05-08 17:37:27', 4, 1, 1, 'Self', NULL),
(250, '2014-05-08 06:32:47', 1, 2, 1, 'Self', NULL),
(251, '2014-05-08 06:32:59', 3, 0, 1, 'Self', NULL),
(252, '2014-05-08 07:19:07', 2, 1, 1, 'Self', NULL),
(253, '2014-11-28 10:39:08', 2, 0, 1, 'coach', '41'),
(254, '2014-11-28 10:40:57', 1, 2, 1, 'coach', '41'),
(255, '2014-05-13 13:11:22', 2, 1, 1, 'coach', '41'),
(256, '2014-05-13 13:14:42', 1, 2, 1, 'coach', '41'),
(257, '2014-07-24 10:29:45', 1, 2, 1, 'coach', '41'),
(258, '2014-07-24 10:29:45', 2, 0, 1, 'coach', '41'),
(259, '2014-09-17 07:01:59', 1, 0, 1, 'Self', NULL),
(260, '2014-09-17 07:02:03', 2, 1, 1, 'Self', NULL),
(261, '2014-09-17 07:02:06', 3, 1, 1, 'Self', NULL),
(262, '2015-04-21 13:29:57', 1, 0, 1, 'coach', '98'),
(263, '2015-04-21 13:29:57', 3, 2, 1, 'coach', '98'),
(264, '2015-04-23 09:53:33', 1, 2, 1, 'coach', '98'),
(265, '2015-04-23 09:53:33', 2, 2, 1, 'coach', '98'),
(266, '2015-04-23 09:55:02', 3, 0, 1, 'coach', '98'),
(267, '2015-04-23 12:41:15', 4, 1, 1, 'coach', '98'),
(268, '2015-04-24 06:14:28', 1, 0, 1, 'coach', '98'),
(269, '2015-04-24 06:14:28', 2, 1, 1, 'coach', '98'),
(270, '2015-04-24 06:14:28', 3, 0, 1, 'coach', '98'),
(271, '2015-07-02 10:40:25', 1, 0, 1, 'Self', NULL),
(272, '2015-07-02 10:40:35', 2, 1, 1, 'Self', NULL),
(273, '2015-07-02 10:40:42', 3, 0, 1, 'Self', NULL),
(274, '2015-09-24 13:10:14', 1, 0, 95, 'Self', NULL),
(275, '2015-09-24 13:10:46', 4, 1, 95, 'Self', NULL),
(276, '2015-09-24 13:10:51', 3, 1, 95, 'Self', NULL),
(277, '2015-09-24 13:10:56', 2, 1, 95, 'Self', NULL),
(278, '2016-01-22 05:44:55', 1, 0, 1, 'Self', NULL),
(279, '2016-01-22 05:45:15', 2, 0, 1, 'Self', NULL);

-- --------------------------------------------------------

--
-- Table structure for table `th_hasp`
--

CREATE TABLE IF NOT EXISTS `th_hasp` (
  `hasp_id` int(11) NOT NULL AUTO_INCREMENT,
  `hasp_cdate` timestamp NOT NULL DEFAULT CURRENT_TIMESTAMP ON UPDATE CURRENT_TIMESTAMP,
  `hasp_stepstaken` int(11) DEFAULT NULL,
  `hasp_dist_miles` float NOT NULL,
  `hasp_calories` float DEFAULT NULL,
  `hasp_aerobicsteps` float NOT NULL,
  `ex_duration` varchar(30) DEFAULT NULL,
  `AerobicStepDuration_minutes` varchar(30) DEFAULT NULL,
  `FatCaloriesBurned_calories` varchar(30) DEFAULT NULL,
  `LeftRightBalance_percent` varchar(30) DEFAULT NULL,
  `MaximumHeartrate_BPM` varchar(30) DEFAULT NULL,
  `MinimumHeartrate_BPM` varchar(30) DEFAULT NULL,
  `MaximumSpeed_m_per_s` varchar(30) DEFAULT NULL,
  `MinimumSpeed_m_per_s` varchar(30) DEFAULT NULL,
  `MaximumPower_watts` varchar(30) DEFAULT NULL,
  `MinimumPower_watts` varchar(30) DEFAULT NULL,
  `AverageSpeed_m_per_s` varchar(30) DEFAULT NULL,
  `AverageHeartrate_BPM` varchar(30) DEFAULT NULL,
  `rgs_id_fkx` int(10) unsigned NOT NULL,
  `reading_source` varchar(255) DEFAULT NULL,
  `source_type` varchar(50) DEFAULT NULL,
  `hv_person_id` varchar(100) DEFAULT NULL,
  `hasp_daf` int(11) DEFAULT NULL,
  `hasp_daf_duration` varchar(10) DEFAULT NULL,
  PRIMARY KEY (`hasp_id`)
) ENGINE=InnoDB  DEFAULT CHARSET=latin1 AUTO_INCREMENT=56 ;

--
-- Dumping data for table `th_hasp`
--

INSERT INTO `th_hasp` (`hasp_id`, `hasp_cdate`, `hasp_stepstaken`, `hasp_dist_miles`, `hasp_calories`, `hasp_aerobicsteps`, `ex_duration`, `AerobicStepDuration_minutes`, `FatCaloriesBurned_calories`, `LeftRightBalance_percent`, `MaximumHeartrate_BPM`, `MinimumHeartrate_BPM`, `MaximumSpeed_m_per_s`, `MinimumSpeed_m_per_s`, `MaximumPower_watts`, `MinimumPower_watts`, `AverageSpeed_m_per_s`, `AverageHeartrate_BPM`, `rgs_id_fkx`, `reading_source`, `source_type`, `hv_person_id`, `hasp_daf`, `hasp_daf_duration`) VALUES
(1, '2012-06-25 06:56:16', 7250, 4.2, 1500, 3000, NULL, NULL, NULL, NULL, NULL, NULL, NULL, NULL, NULL, NULL, NULL, NULL, 1, NULL, NULL, NULL, NULL, NULL),
(2, '2012-06-28 12:55:16', 5500, 4.3, 1200, 500, NULL, NULL, NULL, NULL, NULL, NULL, NULL, NULL, NULL, NULL, NULL, NULL, 1, NULL, NULL, NULL, NULL, NULL),
(3, '2012-07-26 10:27:37', 5000, 5, 500, 20, NULL, NULL, NULL, NULL, NULL, NULL, NULL, NULL, NULL, NULL, NULL, NULL, 1, NULL, NULL, NULL, NULL, NULL),
(4, '2012-07-27 07:33:52', 3500, 2.5, 1000, 350, NULL, NULL, NULL, NULL, NULL, NULL, NULL, NULL, NULL, NULL, NULL, NULL, 1, NULL, NULL, NULL, NULL, NULL),
(5, '2012-07-31 12:26:36', 4500, 4.2, 1100, 400, NULL, NULL, NULL, NULL, NULL, NULL, NULL, NULL, NULL, NULL, NULL, NULL, 1, NULL, NULL, NULL, NULL, NULL),
(6, '2012-08-01 06:18:01', 4500, 4.3, 12000, 50000, NULL, NULL, NULL, NULL, NULL, NULL, NULL, NULL, NULL, NULL, NULL, NULL, 1, NULL, NULL, NULL, NULL, NULL),
(7, '2012-08-06 05:01:46', 5000, 10, 2000, 1000, NULL, NULL, NULL, NULL, NULL, NULL, NULL, NULL, NULL, NULL, NULL, NULL, 1, NULL, NULL, NULL, NULL, NULL),
(8, '2012-08-11 12:36:30', 1000, 5, 500, 42, NULL, NULL, NULL, NULL, NULL, NULL, NULL, NULL, NULL, NULL, NULL, NULL, 1, NULL, NULL, NULL, NULL, NULL),
(9, '2012-08-22 08:10:09', 1000, 5, 500, 4, NULL, NULL, NULL, NULL, NULL, NULL, NULL, NULL, NULL, NULL, NULL, NULL, 1, NULL, NULL, NULL, NULL, NULL),
(10, '2012-08-29 11:19:23', 3000, 2.5, 800, 1000, NULL, NULL, NULL, NULL, NULL, NULL, NULL, NULL, NULL, NULL, NULL, NULL, 1, NULL, NULL, NULL, NULL, NULL),
(11, '2012-08-30 05:44:59', 4500, 3.5, 750, 500, NULL, NULL, NULL, NULL, NULL, NULL, NULL, NULL, NULL, NULL, NULL, NULL, 1, NULL, NULL, NULL, NULL, NULL),
(12, '2012-09-21 07:43:31', 2000, 0, 0, 0, NULL, NULL, NULL, NULL, NULL, NULL, NULL, NULL, NULL, NULL, NULL, NULL, 1, NULL, NULL, NULL, NULL, NULL),
(13, '2015-05-05 08:23:06', 1000, 0.25, 0, 0, NULL, NULL, NULL, NULL, NULL, NULL, NULL, NULL, NULL, NULL, NULL, NULL, 81, NULL, NULL, NULL, NULL, NULL),
(14, '2015-05-05 08:23:05', 6000, 3, 1200, 500, NULL, NULL, NULL, NULL, NULL, NULL, NULL, NULL, NULL, NULL, NULL, NULL, 7, NULL, NULL, NULL, NULL, NULL),
(15, '2015-05-05 08:23:05', 500, 0, 0, 0, NULL, NULL, NULL, NULL, NULL, NULL, NULL, NULL, NULL, NULL, NULL, NULL, 17, NULL, NULL, NULL, NULL, NULL),
(16, '2015-05-05 08:23:05', 5454, 111, 1.2, 9.99e15, NULL, NULL, NULL, NULL, NULL, NULL, NULL, NULL, NULL, NULL, NULL, NULL, 17, NULL, NULL, NULL, NULL, NULL),
(17, '2015-05-05 08:23:06', 10000, 5, 7, 10, NULL, NULL, NULL, NULL, NULL, NULL, NULL, NULL, NULL, NULL, NULL, NULL, 23, NULL, NULL, NULL, NULL, NULL),
(18, '2012-09-25 08:26:06', 24, 25, 1000, 14, NULL, NULL, NULL, NULL, NULL, NULL, NULL, NULL, NULL, NULL, NULL, NULL, 1, NULL, NULL, NULL, NULL, NULL),
(19, '2015-05-05 08:23:06', 500, 0.25, 1, 0, NULL, NULL, NULL, NULL, NULL, NULL, NULL, NULL, NULL, NULL, NULL, NULL, 53, NULL, NULL, NULL, NULL, NULL),
(20, '2015-05-05 08:23:05', 3000, 3.5, 1200, 500, NULL, NULL, NULL, NULL, NULL, NULL, NULL, NULL, NULL, NULL, NULL, NULL, 17, NULL, NULL, NULL, NULL, NULL),
(21, '2015-05-05 08:23:05', 5000, 0, 0, 0, NULL, NULL, NULL, NULL, NULL, NULL, NULL, NULL, NULL, NULL, NULL, NULL, 17, NULL, NULL, NULL, NULL, NULL),
(22, '2012-11-17 09:16:12', 6000, 2.3, 1000, 500, NULL, NULL, NULL, NULL, NULL, NULL, NULL, NULL, NULL, NULL, NULL, NULL, 1, NULL, NULL, NULL, NULL, NULL),
(23, '2012-12-03 07:30:44', 1000, 35, 5000, 500, NULL, NULL, NULL, NULL, NULL, NULL, NULL, NULL, NULL, NULL, NULL, NULL, 1, NULL, NULL, NULL, NULL, NULL),
(24, '2015-05-05 08:23:06', 1000, 44, 500, 3, NULL, NULL, NULL, NULL, NULL, NULL, NULL, NULL, NULL, NULL, NULL, NULL, 53, NULL, NULL, NULL, NULL, NULL),
(25, '2012-12-24 12:49:09', 120, 500, 500, 8, NULL, NULL, NULL, NULL, NULL, NULL, NULL, NULL, NULL, NULL, NULL, NULL, 1, NULL, NULL, NULL, NULL, NULL),
(26, '2015-05-05 08:23:05', 4000, 44, 3455, 2345, NULL, NULL, NULL, NULL, NULL, NULL, NULL, NULL, NULL, NULL, NULL, NULL, 7, NULL, NULL, NULL, 0, '1'),
(27, '2015-05-05 08:23:05', 34, 34, 34, 34, NULL, NULL, NULL, NULL, NULL, NULL, NULL, NULL, NULL, NULL, NULL, NULL, 7, NULL, NULL, NULL, 30, '1'),
(28, '2012-12-10 07:11:10', 34, 34, 234, 34, NULL, NULL, NULL, NULL, NULL, NULL, NULL, NULL, NULL, NULL, NULL, NULL, 1, NULL, NULL, NULL, 2, '30-60'),
(29, '2013-01-01 08:34:13', 5666, 11, 0, 334, NULL, NULL, NULL, NULL, NULL, NULL, NULL, NULL, NULL, NULL, NULL, NULL, 1, NULL, NULL, NULL, 0, NULL),
(30, '2015-05-05 08:23:05', 2000, 2, 350, 300, NULL, NULL, NULL, NULL, NULL, NULL, NULL, NULL, NULL, NULL, NULL, NULL, 17, NULL, NULL, NULL, 2, 'more-60'),
(31, '2015-05-05 08:23:05', 0, 0, 0, 0, NULL, NULL, NULL, NULL, NULL, NULL, NULL, NULL, NULL, NULL, NULL, NULL, 17, NULL, NULL, NULL, -1, ''),
(32, '2013-04-19 10:34:33', 123, 12, 500, 123, NULL, NULL, NULL, NULL, NULL, NULL, NULL, NULL, NULL, NULL, NULL, NULL, 1, NULL, NULL, NULL, 2, '20-30'),
(33, '2015-05-05 08:23:06', 1500, 8, 3000, 500, NULL, NULL, NULL, NULL, NULL, NULL, NULL, NULL, NULL, NULL, NULL, NULL, 81, NULL, NULL, NULL, 3, '30-60'),
(34, '2015-05-05 08:23:06', 1000, 1.2, 4000, 400, NULL, NULL, NULL, NULL, NULL, NULL, NULL, NULL, NULL, NULL, NULL, NULL, 65, NULL, NULL, NULL, 1, 'more-60'),
(35, '2013-04-22 11:11:13', 70, 323, 120, 45, NULL, NULL, NULL, NULL, NULL, NULL, NULL, NULL, NULL, NULL, NULL, NULL, 1, NULL, NULL, NULL, 1, '30-45'),
(36, '2013-04-23 11:00:50', 55, 55, 55, 55, NULL, NULL, NULL, NULL, NULL, NULL, NULL, NULL, NULL, NULL, NULL, NULL, 1, NULL, NULL, NULL, 3, '45 or more'),
(37, '2013-04-25 11:11:44', 55, 44, 44, 44, NULL, NULL, NULL, NULL, NULL, NULL, NULL, NULL, NULL, NULL, NULL, NULL, 1, NULL, NULL, NULL, 2, '30-45'),
(38, '2013-04-26 12:48:40', 44, 44, 44, 44, NULL, NULL, NULL, NULL, NULL, NULL, NULL, NULL, NULL, NULL, NULL, NULL, 1, NULL, NULL, NULL, 2, '30-45'),
(39, '2013-04-29 12:55:59', 55, 55, 55, 55, NULL, NULL, NULL, NULL, NULL, NULL, NULL, NULL, NULL, NULL, NULL, NULL, 1, NULL, NULL, NULL, 1, '20-30'),
(40, '2013-05-01 09:16:33', 555, 555, 555, 555, NULL, NULL, NULL, NULL, NULL, NULL, NULL, NULL, NULL, NULL, NULL, NULL, 1, NULL, NULL, NULL, 3, '30-45'),
(41, '2015-05-05 08:23:06', 66, 66, 66, 66, NULL, NULL, NULL, NULL, NULL, NULL, NULL, NULL, NULL, NULL, NULL, NULL, 41, NULL, NULL, NULL, 1, '20-30'),
(43, '2015-05-05 08:23:06', 66, 66, 66, 66, NULL, NULL, NULL, NULL, NULL, NULL, NULL, NULL, NULL, NULL, NULL, NULL, 39, NULL, NULL, NULL, 2, '30-45'),
(44, '2015-05-05 08:23:06', 55, 55, 55, 55, NULL, NULL, NULL, NULL, NULL, NULL, NULL, NULL, NULL, NULL, NULL, NULL, 76, NULL, NULL, NULL, 2, '30-45'),
(45, '2015-05-05 08:23:06', 555, 55, 55, 5555, NULL, NULL, NULL, NULL, NULL, NULL, NULL, NULL, NULL, NULL, NULL, NULL, 49, NULL, NULL, NULL, 3, '45 or more'),
(46, '2015-05-05 08:23:06', 1500, 8, 3000, 500, NULL, NULL, NULL, NULL, NULL, NULL, NULL, NULL, NULL, NULL, NULL, NULL, 53, NULL, NULL, NULL, 1, '0-20'),
(47, '2013-05-13 04:36:41', 9999, 9999, 9999, 9999, NULL, NULL, NULL, NULL, NULL, NULL, NULL, NULL, NULL, NULL, NULL, NULL, 1, NULL, NULL, NULL, 2, '30-45'),
(48, '2013-05-14 05:32:11', 55, 55, 555, 55, NULL, NULL, NULL, NULL, NULL, NULL, NULL, NULL, NULL, NULL, NULL, NULL, 1, NULL, NULL, NULL, 1, '30-45'),
(49, '2015-05-05 08:23:06', 9898, 989, 9898, 9898, NULL, NULL, NULL, NULL, NULL, NULL, NULL, NULL, NULL, NULL, NULL, NULL, 18, NULL, NULL, NULL, 2, '30-45'),
(50, '2015-05-05 08:23:06', 500, 212, 122, 1422, NULL, NULL, NULL, NULL, NULL, NULL, NULL, NULL, NULL, NULL, NULL, NULL, 53, NULL, NULL, NULL, 2, '0-20'),
(51, '2013-05-16 08:36:57', 65655, 65655, 6565660, 6565, NULL, NULL, NULL, NULL, NULL, NULL, NULL, NULL, NULL, NULL, NULL, NULL, 1, NULL, NULL, NULL, 4, '45 or more'),
(52, '2013-05-23 08:58:14', 666, 666, 666, 666, NULL, NULL, NULL, NULL, NULL, NULL, NULL, NULL, NULL, NULL, NULL, NULL, 1, NULL, NULL, NULL, 2, '45 or more'),
(54, '2013-05-25 06:34:51', 5555, 555, 5555, 55555, NULL, NULL, NULL, NULL, NULL, NULL, NULL, NULL, NULL, NULL, NULL, NULL, 1, NULL, NULL, NULL, 2, '0-20'),
(55, '2013-11-29 13:46:39', 675, 567, NULL, 45, NULL, NULL, NULL, NULL, NULL, NULL, NULL, NULL, NULL, NULL, NULL, NULL, 1, NULL, NULL, NULL, 3, '20-30');

-- --------------------------------------------------------

--
-- Table structure for table `th_hasphv`
--

CREATE TABLE IF NOT EXISTS `th_hasphv` (
  `hasp_id` int(11) NOT NULL AUTO_INCREMENT,
  `hasp_cdate` timestamp NULL DEFAULT CURRENT_TIMESTAMP,
  `hasp_stepstaken` int(11) DEFAULT NULL,
  `hasp_dist_miles` float NOT NULL,
  `hasp_calories` float NOT NULL,
  `hasp_aerobicsteps` float NOT NULL,
  `ex_duration` varchar(30) DEFAULT NULL,
  `AerobicStepDuration_minutes` varchar(30) DEFAULT NULL,
  `FatCaloriesBurned_calories` varchar(30) DEFAULT NULL,
  `LeftRightBalance_percent` varchar(30) DEFAULT NULL,
  `MaximumHeartrate_BPM` varchar(30) DEFAULT NULL,
  `MinimumHeartrate_BPM` varchar(30) DEFAULT NULL,
  `MaximumSpeed_m_per_s` varchar(30) DEFAULT NULL,
  `MinimumSpeed_m_per_s` varchar(30) DEFAULT NULL,
  `MaximumPower_watts` varchar(30) DEFAULT NULL,
  `MinimumPower_watts` varchar(30) DEFAULT NULL,
  `AverageSpeed_m_per_s` varchar(30) DEFAULT NULL,
  `AverageHeartrate_BPM` varchar(30) DEFAULT NULL,
  `rgs_id_fkx` int(10) unsigned NOT NULL,
  `reading_source` varchar(255) DEFAULT NULL,
  `source_type` varchar(50) DEFAULT NULL,
  `hv_person_id` varchar(100) DEFAULT NULL,
  PRIMARY KEY (`hasp_id`)
) ENGINE=InnoDB  DEFAULT CHARSET=latin1 AUTO_INCREMENT=20 ;

--
-- Dumping data for table `th_hasphv`
--

INSERT INTO `th_hasphv` (`hasp_id`, `hasp_cdate`, `hasp_stepstaken`, `hasp_dist_miles`, `hasp_calories`, `hasp_aerobicsteps`, `ex_duration`, `AerobicStepDuration_minutes`, `FatCaloriesBurned_calories`, `LeftRightBalance_percent`, `MaximumHeartrate_BPM`, `MinimumHeartrate_BPM`, `MaximumSpeed_m_per_s`, `MinimumSpeed_m_per_s`, `MaximumPower_watts`, `MinimumPower_watts`, `AverageSpeed_m_per_s`, `AverageHeartrate_BPM`, `rgs_id_fkx`, `reading_source`, `source_type`, `hv_person_id`) VALUES
(1, '2012-06-25 06:56:16', 7250, 4.2, 1500, 3000, NULL, NULL, NULL, NULL, NULL, NULL, NULL, NULL, NULL, NULL, NULL, NULL, 1, NULL, NULL, NULL),
(2, '2012-06-28 12:55:16', 5500, 4.3, 1200, 500, NULL, NULL, NULL, NULL, NULL, NULL, NULL, NULL, NULL, NULL, NULL, NULL, 1, NULL, NULL, NULL),
(3, '2012-07-26 10:27:37', 5000, 5, 500, 20, NULL, NULL, NULL, NULL, NULL, NULL, NULL, NULL, NULL, NULL, NULL, NULL, 1, NULL, NULL, NULL),
(4, '2012-07-27 07:33:52', 3500, 2.5, 1000, 350, NULL, NULL, NULL, NULL, NULL, NULL, NULL, NULL, NULL, NULL, NULL, NULL, 1, NULL, NULL, NULL),
(5, '2012-07-31 12:26:36', 4500, 4.2, 1100, 400, NULL, NULL, NULL, NULL, NULL, NULL, NULL, NULL, NULL, NULL, NULL, NULL, 1, NULL, NULL, NULL),
(6, '2012-08-01 06:18:01', 4500, 4.3, 12000, 50000, NULL, NULL, NULL, NULL, NULL, NULL, NULL, NULL, NULL, NULL, NULL, NULL, 1, NULL, NULL, NULL),
(7, '2012-08-06 05:01:46', 5000, 10, 2000, 1000, NULL, NULL, NULL, NULL, NULL, NULL, NULL, NULL, NULL, NULL, NULL, NULL, 1, NULL, NULL, NULL),
(8, '2012-08-11 12:36:30', 1000, 5, 500, 42, NULL, NULL, NULL, NULL, NULL, NULL, NULL, NULL, NULL, NULL, NULL, NULL, 1, NULL, NULL, NULL),
(9, '2012-08-22 08:10:09', 1000, 5, 500, 4, NULL, NULL, NULL, NULL, NULL, NULL, NULL, NULL, NULL, NULL, NULL, NULL, 1, NULL, NULL, NULL),
(10, '2012-08-29 11:19:23', 3000, 2.5, 800, 1000, NULL, NULL, NULL, NULL, NULL, NULL, NULL, NULL, NULL, NULL, NULL, NULL, 1, NULL, NULL, NULL),
(11, '2012-08-30 05:44:59', 4500, 3.5, 750, 500, NULL, NULL, NULL, NULL, NULL, NULL, NULL, NULL, NULL, NULL, NULL, NULL, 1, NULL, NULL, NULL),
(12, '2012-09-21 07:43:31', 2000, 0, 0, 0, NULL, NULL, NULL, NULL, NULL, NULL, NULL, NULL, NULL, NULL, NULL, NULL, 1, NULL, NULL, NULL),
(13, '2012-09-22 10:59:48', 1000, 0.25, 0, 0, NULL, NULL, NULL, NULL, NULL, NULL, NULL, NULL, NULL, NULL, NULL, NULL, 81, NULL, NULL, NULL),
(14, '2012-09-24 13:25:44', 6000, 3, 1200, 500, NULL, NULL, NULL, NULL, NULL, NULL, NULL, NULL, NULL, NULL, NULL, NULL, 7, NULL, NULL, NULL),
(15, '2012-09-22 06:06:59', 500, 0, 0, 0, NULL, NULL, NULL, NULL, NULL, NULL, NULL, NULL, NULL, NULL, NULL, NULL, 17, NULL, NULL, NULL),
(16, '2012-09-25 06:18:03', 5454, 111, 1.2, 9.99e15, NULL, NULL, NULL, NULL, NULL, NULL, NULL, NULL, NULL, NULL, NULL, NULL, 17, NULL, NULL, NULL),
(17, '2012-09-25 06:44:11', 10000, 5, 7, 10, NULL, NULL, NULL, NULL, NULL, NULL, NULL, NULL, NULL, NULL, NULL, NULL, 23, NULL, NULL, NULL),
(18, '2012-09-25 08:26:06', 24, 25, 1000, 14, NULL, NULL, NULL, NULL, NULL, NULL, NULL, NULL, NULL, NULL, NULL, NULL, 1, NULL, NULL, NULL),
(19, '2012-09-27 05:15:55', 500, 0.25, 1, 0, NULL, NULL, NULL, NULL, NULL, NULL, NULL, NULL, NULL, NULL, NULL, NULL, 53, NULL, NULL, NULL);

-- --------------------------------------------------------

--
-- Table structure for table `th_hasp_wt`
--

CREATE TABLE IF NOT EXISTS `th_hasp_wt` (
  `id` int(11) NOT NULL AUTO_INCREMENT,
  `rgs_id_fkx` int(10) unsigned NOT NULL,
  `title` varchar(150) NOT NULL,
  `description` text NOT NULL,
  `image` varchar(100) NOT NULL,
  `cdc_level` varchar(10) NOT NULL,
  `status` varchar(10) NOT NULL DEFAULT 'Active',
  `start_date` date NOT NULL,
  `end_date` date NOT NULL,
  `for_val` varchar(4) NOT NULL,
  `for_unit` varchar(15) NOT NULL,
  `wt_source` varchar(2) NOT NULL DEFAULT 'S',
  `wt_source_id` tinyint(1) unsigned NOT NULL,
  `version_date` date NOT NULL,
  `created` timestamp NOT NULL DEFAULT CURRENT_TIMESTAMP,
  PRIMARY KEY (`id`)
) ENGINE=InnoDB  DEFAULT CHARSET=latin1 AUTO_INCREMENT=99 ;

--
-- Dumping data for table `th_hasp_wt`
--

INSERT INTO `th_hasp_wt` (`id`, `rgs_id_fkx`, `title`, `description`, `image`, `cdc_level`, `status`, `start_date`, `end_date`, `for_val`, `for_unit`, `wt_source`, `wt_source_id`, `version_date`, `created`) VALUES
(70, 107, 'Tone up and increase my metabolism ', '<p>tesr</p>\r\n', 'nutrition/metric/workout/wo_1_IMacl7ztBkpxXzSdloHQ.jpg', 'MV', 'Active', '2016-02-20', '2016-03-31', '40', 'Day', 'A', 2, '2016-01-25', '2016-02-20 08:05:39'),
(72, 111, 'new fitness plan ', '<p>bjhgjhfhjtdfh</p>\r\n', 'nutrition/metric/workout/wo_1_2RZmXoTJNlzdEXSJ8U9M.png', 'M', 'Inactive', '2016-02-27', '2016-02-29', '2', 'Day', 'A', 12, '2016-01-13', '2016-02-27 07:14:47'),
(75, 111, 'new fitness plan ', '<p>bjhgjhfhjtdfh</p>\r\n', 'nutrition/metric/workout/wo_1_2RZmXoTJNlzdEXSJ8U9M.png', 'M', 'Active', '2016-02-27', '2016-02-29', '2', 'Day', 'A', 12, '2016-02-27', '2016-02-27 12:08:37'),
(76, 1, 'Tone up and increase my metabolism ', '<p>tesr</p>\r\n', 'nutrition/metric/workout/wo_1_IMacl7ztBkpxXzSdloHQ.jpg', 'MV', 'Inactive', '2016-03-01', '2016-12-25', '366', 'Day', 'A', 2, '2016-02-10', '2016-03-01 07:01:39'),
(77, 114, 'Tone up and increase my metabolism ', '<p>tesr</p>\r\n', 'nutrition/metric/workout/wo_1_IMacl7ztBkpxXzSdloHQ.jpg', 'MV', 'Active', '2016-03-05', '2016-04-30', '56', 'Day', 'A', 2, '2016-02-10', '2016-03-05 13:00:55'),
(79, 115, 'Tone up and increase my metabolism ', '<p>tesr</p>\r\n', 'nutrition/metric/workout/wo_1_IMacl7ztBkpxXzSdloHQ.jpg', 'MV', 'Active', '2016-05-30', '2016-08-15', '77', 'Day', 'A', 2, '2016-02-10', '2016-05-30 05:05:47'),
(80, 132, 'Tone up and increase my metabolism ', '<p>tesr</p>\r\n', 'nutrition/metric/workout/wo_1_IMacl7ztBkpxXzSdloHQ.jpg', 'MV', 'Inactive', '2016-07-11', '2016-08-11', '31', 'Day', 'A', 2, '2016-02-10', '2016-07-11 09:53:26'),
(81, 130, 'Tone up and increase my metabolism ', '<p>tesr</p>\r\n', 'nutrition/metric/workout/wo_1_IMacl7ztBkpxXzSdloHQ.jpg', 'MV', 'Inactive', '2016-07-11', '2016-08-11', '31', 'Day', 'A', 2, '2016-02-10', '2016-07-11 09:53:45'),
(82, 107, 'Tone up and increase my metabolism ', '<p>tesr</p>\r\n', 'nutrition/metric/workout/wo_1_IMacl7ztBkpxXzSdloHQ.jpg', 'MV', 'Active', '2016-08-16', '2016-08-16', '0', 'Day', 'A', 2, '2016-02-10', '2016-08-16 06:17:55'),
(83, 107, 'Tone up and increase my metabolism ', '<p>tesr</p>\r\n', 'nutrition/metric/workout/wo_1_IMacl7ztBkpxXzSdloHQ.jpg', 'MV', 'Active', '2016-08-16', '2016-08-16', '0', 'Day', 'A', 2, '2016-02-10', '2016-08-16 07:42:23'),
(84, 107, 'Tone up and increase my metabolism ', '<p>tesr</p>\r\n', 'nutrition/metric/workout/wo_1_IMacl7ztBkpxXzSdloHQ.jpg', 'MV', 'Active', '2016-08-16', '2016-09-17', '0', 'Day', 'A', 2, '2016-02-10', '2016-08-16 08:17:45'),
(96, 130, 'Tone up and increase my metabolism ', '<p>tesr</p>\r\n', 'nutrition/metric/workout/wo_1_IMacl7ztBkpxXzSdloHQ.jpg', 'MV', 'Active', '2016-08-16', '2016-09-16', '31', 'Day', 'A', 2, '2016-02-10', '2016-08-16 11:08:49'),
(97, 132, 'Tone up and increase my metabolism ', '<p>tesr</p>\r\n', 'nutrition/metric/workout/wo_1_IMacl7ztBkpxXzSdloHQ.jpg', 'MV', 'Active', '2016-09-05', '2016-09-30', '25', 'Day', 'A', 2, '2016-02-10', '2016-09-05 06:21:53'),
(98, 1, 'Tone up and increase my metabolism ', '<p>tesr</p>\r\n', 'nutrition/metric/workout/wo_1_IMacl7ztBkpxXzSdloHQ.jpg', 'MV', 'Active', '2016-11-25', '2016-12-25', '30', 'Day', 'A', 2, '2016-02-10', '2016-11-25 06:20:56');

-- --------------------------------------------------------

--
-- Table structure for table `th_hasp_wt_exe`
--

CREATE TABLE IF NOT EXISTS `th_hasp_wt_exe` (
  `id` int(11) NOT NULL AUTO_INCREMENT,
  `wt_id` int(11) NOT NULL,
  `rgs_id_fkx` int(10) unsigned NOT NULL,
  `rem_status` varchar(2) NOT NULL,
  `rem_time` time NOT NULL,
  `rem_delay` varchar(3) NOT NULL,
  `activity_days` varchar(20) NOT NULL,
  `activity_duration` varchar(4) NOT NULL,
  `ex_ref` int(11) NOT NULL,
  `act_target_type` varchar(20) NOT NULL,
  `data_format` text NOT NULL COMMENT 'Excercise Target in serialize format',
  `target_ins` text,
  `last_updated` date NOT NULL,
  `status` varchar(10) NOT NULL DEFAULT 'Active',
  `created` timestamp NOT NULL DEFAULT CURRENT_TIMESTAMP,
  PRIMARY KEY (`id`),
  KEY `wt_id` (`wt_id`)
) ENGINE=InnoDB  DEFAULT CHARSET=latin1 AUTO_INCREMENT=108 ;

--
-- Dumping data for table `th_hasp_wt_exe`
--

INSERT INTO `th_hasp_wt_exe` (`id`, `wt_id`, `rgs_id_fkx`, `rem_status`, `rem_time`, `rem_delay`, `activity_days`, `activity_duration`, `ex_ref`, `act_target_type`, `data_format`, `target_ins`, `last_updated`, `status`, `created`) VALUES
(12, 22, 10, '', '00:00:00', '1', '1,3,5', '20', 34, 'Repetitions', 'a:16:{s:5:"param";i:0;s:10:"param_reps";s:1:"2";s:10:"param_sets";s:1:"5";s:12:"param_weight";s:2:"15";s:16:"param_weight_lbs";s:2:"33";s:10:"param_rest";s:2:"20";s:4:"dist";i:0;s:7:"dist_km";s:1:"5";s:9:"dist_mile";s:4:"3.11";s:3:"dur";i:0;s:8:"dur_hour";s:0:"";s:10:"dur_minute";s:0:"";s:5:"count";N;s:10:"count_hops";s:0:"";s:11:"count_steps";s:0:"";s:12:"count_asteps";s:0:"";}', '', '0000-00-00', 'Active', '2014-01-23 06:57:42'),
(13, 27, 10, '', '00:00:00', '1', '1,3,5', '20', 34, 'Repetitions', 'a:16:{s:5:"param";i:0;s:10:"param_reps";s:1:"2";s:10:"param_sets";s:1:"5";s:12:"param_weight";s:2:"15";s:16:"param_weight_lbs";s:2:"33";s:10:"param_rest";s:2:"20";s:4:"dist";i:0;s:7:"dist_km";s:1:"5";s:9:"dist_mile";s:4:"3.11";s:3:"dur";i:0;s:8:"dur_hour";s:0:"";s:10:"dur_minute";s:0:"";s:5:"count";N;s:10:"count_hops";s:0:"";s:11:"count_steps";s:0:"";s:12:"count_asteps";s:0:"";}', '', '0000-00-00', 'Active', '2014-01-23 06:58:52'),
(14, 32, 10, '', '00:00:00', '1', '1,3,5', '20', 34, 'Repetitions', 'a:16:{s:5:"param";i:0;s:10:"param_reps";s:1:"2";s:10:"param_sets";s:1:"5";s:12:"param_weight";s:2:"15";s:16:"param_weight_lbs";s:2:"33";s:10:"param_rest";s:2:"20";s:4:"dist";i:0;s:7:"dist_km";s:1:"5";s:9:"dist_mile";s:4:"3.11";s:3:"dur";i:0;s:8:"dur_hour";s:0:"";s:10:"dur_minute";s:0:"";s:5:"count";N;s:10:"count_hops";s:0:"";s:11:"count_steps";s:0:"";s:12:"count_asteps";s:0:"";}', '', '0000-00-00', 'Active', '2014-01-23 07:07:26'),
(23, 50, 1, '', '00:00:00', '', '1,6', '25', 39, 'Distance', 'a:10:{s:10:"param_reps";s:0:"";s:10:"param_sets";s:0:"";s:12:"param_weight";s:0:"";s:16:"param_weight_lbs";s:0:"";s:10:"param_rest";s:0:"";s:7:"dist_km";s:1:"1";s:9:"dist_mile";s:4:"0.62";s:10:"count_hops";s:0:"";s:11:"count_steps";s:0:"";s:12:"count_asteps";s:0:"";}', '', '0000-00-00', 'Active', '2014-04-28 04:28:58'),
(24, 50, 1, '', '00:00:00', '', '1,2,3,4,5,6,7', '15', 38, 'Repetitions', 'a:10:{s:10:"param_reps";s:2:"15";s:10:"param_sets";s:2:"21";s:12:"param_weight";s:2:"10";s:16:"param_weight_lbs";s:5:"22.05";s:10:"param_rest";s:2:"50";s:7:"dist_km";s:0:"";s:9:"dist_mile";s:0:"";s:10:"count_hops";s:0:"";s:11:"count_steps";s:0:"";s:12:"count_asteps";s:0:"";}', 'Follow this workout daily strictly.', '0000-00-00', 'Active', '2014-04-29 04:32:01'),
(25, 7, 1, '', '00:00:00', '', '1,2,3,4,5,6,7', '70', 39, 'Repetitions', 'a:10:{s:10:"param_reps";s:2:"10";s:10:"param_sets";s:2:"21";s:12:"param_weight";s:2:"11";s:16:"param_weight_lbs";s:5:"24.25";s:10:"param_rest";s:1:"1";s:7:"dist_km";s:0:"";s:9:"dist_mile";s:0:"";s:10:"count_hops";s:0:"";s:11:"count_steps";s:0:"";s:12:"count_asteps";s:0:"";}', 'This is instruction demo.', '0000-00-00', 'Active', '2014-04-29 04:37:39'),
(26, 7, 1, '', '00:00:00', '', '1,2,3,5,6,7', '10', 38, 'Count', 'a:10:{s:10:"param_reps";s:0:"";s:10:"param_sets";s:0:"";s:12:"param_weight";s:0:"";s:16:"param_weight_lbs";s:0:"";s:10:"param_rest";s:0:"";s:7:"dist_km";s:0:"";s:9:"dist_mile";s:0:"";s:10:"count_hops";s:1:"3";s:11:"count_steps";s:2:"45";s:12:"count_asteps";s:2:"12";}', '', '0000-00-00', 'Active', '2014-04-29 04:38:05'),
(27, 58, 92, '', '00:00:00', '', '1,3,6', '20', 39, 'Distance', 'a:10:{s:10:"param_reps";s:0:"";s:10:"param_sets";s:0:"";s:12:"param_weight";s:0:"";s:16:"param_weight_lbs";s:0:"";s:10:"param_rest";s:0:"";s:7:"dist_km";s:1:"3";s:9:"dist_mile";s:4:"1.86";s:10:"count_hops";s:0:"";s:11:"count_steps";s:0:"";s:12:"count_asteps";s:0:"";}', '', '0000-00-00', 'Active', '2015-06-29 11:11:33'),
(32, 59, 107, '', '00:00:00', '', '1,5,6', '35', 40, 'Distance', 'a:11:{s:10:"param_reps";s:0:"";s:10:"param_sets";s:0:"";s:12:"param_weight";s:0:"";s:16:"param_weight_lbs";s:0:"";s:10:"param_rest";s:0:"";s:7:"dist_km";s:0:"";s:9:"dist_mile";s:0:"";s:10:"count_hops";s:0:"";s:11:"count_steps";s:0:"";s:12:"count_asteps";s:0:"";s:10:"count_laps";s:0:"";}', 'hi this is a test msg', '0000-00-00', 'Active', '2016-01-09 08:22:15'),
(37, 59, 107, '', '00:00:00', '', '1,2,3,5,6', '30', 38, 'Count', 'a:11:{s:10:"param_reps";s:0:"";s:10:"param_sets";s:0:"";s:12:"param_weight";s:0:"";s:16:"param_weight_lbs";s:0:"";s:10:"param_rest";s:0:"";s:7:"dist_km";s:0:"";s:9:"dist_mile";s:0:"";s:10:"count_hops";s:1:"4";s:11:"count_steps";s:1:"5";s:12:"count_asteps";s:1:"7";s:10:"count_laps";s:2:"54";}', '', '0000-00-00', 'Active', '2016-01-12 11:21:41'),
(38, 60, 107, '', '00:00:00', '', '1,2,3,4,5,6,7', '30', 39, 'Distance', 'a:17:{s:5:"param";N;s:10:"param_reps";s:0:"";s:10:"param_sets";s:0:"";s:12:"param_weight";s:0:"";s:16:"param_weight_lbs";s:0:"";s:10:"param_rest";s:0:"";s:4:"dist";N;s:7:"dist_km";s:1:"6";s:9:"dist_mile";s:4:"3.73";s:3:"dur";N;s:8:"dur_hour";N;s:10:"dur_minute";N;s:5:"count";N;s:10:"count_hops";s:0:"";s:11:"count_steps";s:0:"";s:12:"count_asteps";s:0:"";s:10:"count_laps";s:0:"";}', NULL, '0000-00-00', 'Active', '2016-01-21 13:14:23'),
(39, 60, 107, '', '00:00:00', '', '2,4,6', '30', 38, 'Repetitions', 'a:17:{s:5:"param";N;s:10:"param_reps";s:1:"3";s:10:"param_sets";s:1:"2";s:12:"param_weight";s:2:"25";s:16:"param_weight_lbs";s:5:"55.12";s:10:"param_rest";s:2:"30";s:4:"dist";N;s:7:"dist_km";s:0:"";s:9:"dist_mile";s:0:"";s:3:"dur";N;s:8:"dur_hour";N;s:10:"dur_minute";N;s:5:"count";N;s:10:"count_hops";s:0:"";s:11:"count_steps";s:0:"";s:12:"count_asteps";s:0:"";s:10:"count_laps";s:0:"";}', NULL, '0000-00-00', 'Active', '2016-01-21 13:14:23'),
(40, 61, 1, '', '00:00:00', '', '1,2,3,4,5,6,7', '30', 39, 'Distance', 'a:17:{s:5:"param";N;s:10:"param_reps";s:0:"";s:10:"param_sets";s:0:"";s:12:"param_weight";s:0:"";s:16:"param_weight_lbs";s:0:"";s:10:"param_rest";s:0:"";s:4:"dist";N;s:7:"dist_km";s:1:"6";s:9:"dist_mile";s:4:"3.73";s:3:"dur";N;s:8:"dur_hour";N;s:10:"dur_minute";N;s:5:"count";N;s:10:"count_hops";s:0:"";s:11:"count_steps";s:0:"";s:12:"count_asteps";s:0:"";s:10:"count_laps";s:0:"";}', NULL, '0000-00-00', 'Active', '2016-01-23 10:44:36'),
(41, 61, 1, '', '00:00:00', '', '2,4,6', '30', 38, 'Repetitions', 'a:17:{s:5:"param";N;s:10:"param_reps";s:1:"3";s:10:"param_sets";s:1:"2";s:12:"param_weight";s:2:"25";s:16:"param_weight_lbs";s:5:"55.12";s:10:"param_rest";s:2:"30";s:4:"dist";N;s:7:"dist_km";s:0:"";s:9:"dist_mile";s:0:"";s:3:"dur";N;s:8:"dur_hour";N;s:10:"dur_minute";N;s:5:"count";N;s:10:"count_hops";s:0:"";s:11:"count_steps";s:0:"";s:12:"count_asteps";s:0:"";s:10:"count_laps";s:0:"";}', NULL, '0000-00-00', 'Active', '2016-01-23 10:44:36'),
(42, 62, 1, '', '00:00:00', '', '1,2,3,4,5,6,7', '30', 39, 'Distance', 'a:17:{s:5:"param";N;s:10:"param_reps";s:0:"";s:10:"param_sets";s:0:"";s:12:"param_weight";s:0:"";s:16:"param_weight_lbs";s:0:"";s:10:"param_rest";s:0:"";s:4:"dist";N;s:7:"dist_km";s:1:"6";s:9:"dist_mile";s:4:"3.73";s:3:"dur";N;s:8:"dur_hour";N;s:10:"dur_minute";N;s:5:"count";N;s:10:"count_hops";s:0:"";s:11:"count_steps";s:0:"";s:12:"count_asteps";s:0:"";s:10:"count_laps";s:0:"";}', NULL, '0000-00-00', 'Active', '2016-01-23 10:48:55'),
(43, 62, 1, '', '00:00:00', '', '2,4,6', '30', 38, 'Repetitions', 'a:17:{s:5:"param";N;s:10:"param_reps";s:1:"3";s:10:"param_sets";s:1:"2";s:12:"param_weight";s:2:"25";s:16:"param_weight_lbs";s:5:"55.12";s:10:"param_rest";s:2:"30";s:4:"dist";N;s:7:"dist_km";s:0:"";s:9:"dist_mile";s:0:"";s:3:"dur";N;s:8:"dur_hour";N;s:10:"dur_minute";N;s:5:"count";N;s:10:"count_hops";s:0:"";s:11:"count_steps";s:0:"";s:12:"count_asteps";s:0:"";s:10:"count_laps";s:0:"";}', NULL, '0000-00-00', 'Active', '2016-01-23 10:48:55'),
(44, 63, 2, '', '00:00:00', '', '1,2,3,4,5,6,7', '30', 39, 'Distance', 'a:17:{s:5:"param";N;s:10:"param_reps";s:0:"";s:10:"param_sets";s:0:"";s:12:"param_weight";s:0:"";s:16:"param_weight_lbs";s:0:"";s:10:"param_rest";s:0:"";s:4:"dist";N;s:7:"dist_km";s:1:"6";s:9:"dist_mile";s:4:"3.73";s:3:"dur";N;s:8:"dur_hour";N;s:10:"dur_minute";N;s:5:"count";N;s:10:"count_hops";s:0:"";s:11:"count_steps";s:0:"";s:12:"count_asteps";s:0:"";s:10:"count_laps";s:0:"";}', NULL, '0000-00-00', 'Active', '2016-01-23 11:01:38'),
(45, 63, 2, '', '00:00:00', '', '2,4,6', '30', 38, 'Repetitions', 'a:17:{s:5:"param";N;s:10:"param_reps";s:1:"3";s:10:"param_sets";s:1:"2";s:12:"param_weight";s:2:"25";s:16:"param_weight_lbs";s:5:"55.12";s:10:"param_rest";s:2:"30";s:4:"dist";N;s:7:"dist_km";s:0:"";s:9:"dist_mile";s:0:"";s:3:"dur";N;s:8:"dur_hour";N;s:10:"dur_minute";N;s:5:"count";N;s:10:"count_hops";s:0:"";s:11:"count_steps";s:0:"";s:12:"count_asteps";s:0:"";s:10:"count_laps";s:0:"";}', NULL, '0000-00-00', 'Active', '2016-01-23 11:01:38'),
(46, 64, 2, '', '00:00:00', '', '1,2,3,4,5,6,7', '30', 39, 'Distance', 'a:17:{s:5:"param";N;s:10:"param_reps";s:0:"";s:10:"param_sets";s:0:"";s:12:"param_weight";s:0:"";s:16:"param_weight_lbs";s:0:"";s:10:"param_rest";s:0:"";s:4:"dist";N;s:7:"dist_km";s:1:"6";s:9:"dist_mile";s:4:"3.73";s:3:"dur";N;s:8:"dur_hour";N;s:10:"dur_minute";N;s:5:"count";N;s:10:"count_hops";s:0:"";s:11:"count_steps";s:0:"";s:12:"count_asteps";s:0:"";s:10:"count_laps";s:0:"";}', NULL, '0000-00-00', 'Active', '2016-01-23 11:04:45'),
(47, 64, 2, '', '00:00:00', '', '2,4,6', '30', 38, 'Repetitions', 'a:17:{s:5:"param";N;s:10:"param_reps";s:1:"3";s:10:"param_sets";s:1:"2";s:12:"param_weight";s:2:"25";s:16:"param_weight_lbs";s:5:"55.12";s:10:"param_rest";s:2:"30";s:4:"dist";N;s:7:"dist_km";s:0:"";s:9:"dist_mile";s:0:"";s:3:"dur";N;s:8:"dur_hour";N;s:10:"dur_minute";N;s:5:"count";N;s:10:"count_hops";s:0:"";s:11:"count_steps";s:0:"";s:12:"count_asteps";s:0:"";s:10:"count_laps";s:0:"";}', NULL, '0000-00-00', 'Active', '2016-01-23 11:04:45'),
(48, 65, 2, '', '00:00:00', '', '1,2,3,4,5,6,7', '30', 39, 'Distance', 'a:17:{s:5:"param";N;s:10:"param_reps";s:0:"";s:10:"param_sets";s:0:"";s:12:"param_weight";s:0:"";s:16:"param_weight_lbs";s:0:"";s:10:"param_rest";s:0:"";s:4:"dist";N;s:7:"dist_km";s:1:"6";s:9:"dist_mile";s:4:"3.73";s:3:"dur";N;s:8:"dur_hour";N;s:10:"dur_minute";N;s:5:"count";N;s:10:"count_hops";s:0:"";s:11:"count_steps";s:0:"";s:12:"count_asteps";s:0:"";s:10:"count_laps";s:0:"";}', NULL, '0000-00-00', 'Active', '2016-01-23 11:06:38'),
(49, 65, 2, '', '00:00:00', '', '2,4,6', '30', 38, 'Repetitions', 'a:17:{s:5:"param";N;s:10:"param_reps";s:1:"3";s:10:"param_sets";s:1:"2";s:12:"param_weight";s:2:"25";s:16:"param_weight_lbs";s:5:"55.12";s:10:"param_rest";s:2:"30";s:4:"dist";N;s:7:"dist_km";s:0:"";s:9:"dist_mile";s:0:"";s:3:"dur";N;s:8:"dur_hour";N;s:10:"dur_minute";N;s:5:"count";N;s:10:"count_hops";s:0:"";s:11:"count_steps";s:0:"";s:12:"count_asteps";s:0:"";s:10:"count_laps";s:0:"";}', NULL, '0000-00-00', 'Active', '2016-01-23 11:06:38'),
(52, 67, 1, '', '00:00:00', '', '1,2,3,4,5,6,7', '30', 39, 'Distance', 'a:17:{s:5:"param";N;s:10:"param_reps";s:0:"";s:10:"param_sets";s:0:"";s:12:"param_weight";s:0:"";s:16:"param_weight_lbs";s:0:"";s:10:"param_rest";s:0:"";s:4:"dist";N;s:7:"dist_km";s:1:"6";s:9:"dist_mile";s:4:"3.73";s:3:"dur";N;s:8:"dur_hour";N;s:10:"dur_minute";N;s:5:"count";N;s:10:"count_hops";s:0:"";s:11:"count_steps";s:0:"";s:12:"count_asteps";s:0:"";s:10:"count_laps";s:0:"";}', NULL, '0000-00-00', 'Active', '2016-01-25 09:59:59'),
(53, 67, 1, '', '00:00:00', '', '2,4,6', '30', 38, 'Repetitions', 'a:17:{s:5:"param";N;s:10:"param_reps";s:1:"3";s:10:"param_sets";s:1:"2";s:12:"param_weight";s:2:"25";s:16:"param_weight_lbs";s:5:"55.12";s:10:"param_rest";s:2:"30";s:4:"dist";N;s:7:"dist_km";s:0:"";s:9:"dist_mile";s:0:"";s:3:"dur";N;s:8:"dur_hour";N;s:10:"dur_minute";N;s:5:"count";N;s:10:"count_hops";s:0:"";s:11:"count_steps";s:0:"";s:12:"count_asteps";s:0:"";s:10:"count_laps";s:0:"";}', NULL, '0000-00-00', 'Active', '2016-01-25 09:59:59'),
(54, 68, 1, '', '00:00:00', '', '1,2,3,4,5,6,7', '30', 39, 'Distance', 'a:17:{s:5:"param";N;s:10:"param_reps";s:0:"";s:10:"param_sets";s:0:"";s:12:"param_weight";s:0:"";s:16:"param_weight_lbs";s:0:"";s:10:"param_rest";s:0:"";s:4:"dist";N;s:7:"dist_km";s:1:"6";s:9:"dist_mile";s:4:"3.73";s:3:"dur";N;s:8:"dur_hour";N;s:10:"dur_minute";N;s:5:"count";N;s:10:"count_hops";s:0:"";s:11:"count_steps";s:0:"";s:12:"count_asteps";s:0:"";s:10:"count_laps";s:0:"";}', NULL, '0000-00-00', 'Active', '2016-01-25 11:15:10'),
(55, 68, 1, '', '00:00:00', '', '2,4,6', '30', 38, 'Repetitions', 'a:17:{s:5:"param";N;s:10:"param_reps";s:1:"3";s:10:"param_sets";s:1:"2";s:12:"param_weight";s:2:"25";s:16:"param_weight_lbs";s:5:"55.12";s:10:"param_rest";s:2:"30";s:4:"dist";N;s:7:"dist_km";s:0:"";s:9:"dist_mile";s:0:"";s:3:"dur";N;s:8:"dur_hour";N;s:10:"dur_minute";N;s:5:"count";N;s:10:"count_hops";s:0:"";s:11:"count_steps";s:0:"";s:12:"count_asteps";s:0:"";s:10:"count_laps";s:0:"";}', NULL, '0000-00-00', 'Active', '2016-01-25 11:15:10'),
(56, 69, 2, '', '00:00:00', '', '1,2,3,4,5,6,7', '30', 39, 'Distance', 'a:17:{s:5:"param";N;s:10:"param_reps";s:0:"";s:10:"param_sets";s:0:"";s:12:"param_weight";s:0:"";s:16:"param_weight_lbs";s:0:"";s:10:"param_rest";s:0:"";s:4:"dist";N;s:7:"dist_km";s:1:"6";s:9:"dist_mile";s:4:"3.73";s:3:"dur";N;s:8:"dur_hour";N;s:10:"dur_minute";N;s:5:"count";N;s:10:"count_hops";s:0:"";s:11:"count_steps";s:0:"";s:12:"count_asteps";s:0:"";s:10:"count_laps";s:0:"";}', NULL, '0000-00-00', 'Active', '2016-01-27 05:31:32'),
(57, 69, 2, '', '00:00:00', '', '2,4,6', '30', 38, 'Repetitions', 'a:17:{s:5:"param";N;s:10:"param_reps";s:1:"3";s:10:"param_sets";s:1:"2";s:12:"param_weight";s:2:"25";s:16:"param_weight_lbs";s:5:"55.12";s:10:"param_rest";s:2:"30";s:4:"dist";N;s:7:"dist_km";s:0:"";s:9:"dist_mile";s:0:"";s:3:"dur";N;s:8:"dur_hour";N;s:10:"dur_minute";N;s:5:"count";N;s:10:"count_hops";s:0:"";s:11:"count_steps";s:0:"";s:12:"count_asteps";s:0:"";s:10:"count_laps";s:0:"";}', NULL, '0000-00-00', 'Active', '2016-01-27 05:31:32'),
(58, 70, 107, '', '00:00:00', '', '1,2,3,4,5,6,7', '30', 38, 'Repetitions', 'a:17:{s:5:"param";N;s:10:"param_reps";s:2:"20";s:10:"param_sets";s:1:"3";s:12:"param_weight";s:2:"20";s:16:"param_weight_lbs";s:5:"44.09";s:10:"param_rest";s:2:"20";s:4:"dist";N;s:7:"dist_km";s:0:"";s:9:"dist_mile";s:0:"";s:3:"dur";N;s:8:"dur_hour";N;s:10:"dur_minute";N;s:5:"count";N;s:10:"count_hops";s:0:"";s:11:"count_steps";s:0:"";s:12:"count_asteps";s:0:"";s:10:"count_laps";s:0:"";}', NULL, '0000-00-00', 'Active', '2016-02-20 08:05:39'),
(59, 70, 107, '', '00:00:00', '', '1,3,5,7', '30', 40, 'Distance', 'a:17:{s:5:"param";N;s:10:"param_reps";s:0:"";s:10:"param_sets";s:0:"";s:12:"param_weight";s:0:"";s:16:"param_weight_lbs";s:0:"";s:10:"param_rest";s:0:"";s:4:"dist";N;s:7:"dist_km";s:1:"2";s:9:"dist_mile";s:4:"1.24";s:3:"dur";N;s:8:"dur_hour";N;s:10:"dur_minute";N;s:5:"count";N;s:10:"count_hops";s:0:"";s:11:"count_steps";s:0:"";s:12:"count_asteps";s:0:"";s:10:"count_laps";s:0:"";}', NULL, '0000-00-00', 'Active', '2016-02-20 08:05:39'),
(61, 72, 111, '', '00:00:00', '', '1,2,3,4,5,6,7', '10', 39, 'Distance', 'a:17:{s:5:"param";N;s:10:"param_reps";s:0:"";s:10:"param_sets";s:0:"";s:12:"param_weight";s:0:"";s:16:"param_weight_lbs";s:0:"";s:10:"param_rest";s:0:"";s:4:"dist";N;s:7:"dist_km";s:1:"2";s:9:"dist_mile";s:4:"1.24";s:3:"dur";N;s:8:"dur_hour";s:0:"";s:10:"dur_minute";s:0:"";s:5:"count";N;s:10:"count_hops";s:0:"";s:11:"count_steps";s:0:"";s:12:"count_asteps";s:0:"";s:10:"count_laps";s:0:"";}', NULL, '0000-00-00', 'Active', '2016-02-27 07:14:47'),
(66, 75, 111, '', '00:00:00', '', '1,2,3,4,5,6,7', '10', 39, 'Distance', 'a:17:{s:5:"param";N;s:10:"param_reps";s:0:"";s:10:"param_sets";s:0:"";s:12:"param_weight";s:0:"";s:16:"param_weight_lbs";s:0:"";s:10:"param_rest";s:0:"";s:4:"dist";N;s:7:"dist_km";s:1:"2";s:9:"dist_mile";s:4:"1.24";s:3:"dur";N;s:8:"dur_hour";s:0:"";s:10:"dur_minute";s:0:"";s:5:"count";N;s:10:"count_hops";s:0:"";s:11:"count_steps";s:0:"";s:12:"count_asteps";s:0:"";s:10:"count_laps";s:0:"";}', NULL, '0000-00-00', 'Active', '2016-02-27 12:08:37'),
(67, 75, 111, '', '00:00:00', '', '6', '25', 39, 'Distance', 'a:17:{s:5:"param";N;s:10:"param_reps";s:0:"";s:10:"param_sets";s:0:"";s:12:"param_weight";s:0:"";s:16:"param_weight_lbs";s:0:"";s:10:"param_rest";s:0:"";s:4:"dist";N;s:7:"dist_km";s:0:"";s:9:"dist_mile";s:0:"";s:3:"dur";N;s:8:"dur_hour";N;s:10:"dur_minute";N;s:5:"count";N;s:10:"count_hops";s:0:"";s:11:"count_steps";s:0:"";s:12:"count_asteps";s:0:"";s:10:"count_laps";s:0:"";}', NULL, '0000-00-00', 'Active', '2016-02-27 12:08:37'),
(68, 76, 1, '', '00:00:00', '', '1,2,3,4,5,6,7', '30', 38, 'Repetitions', 'a:17:{s:5:"param";N;s:10:"param_reps";s:2:"20";s:10:"param_sets";s:1:"3";s:12:"param_weight";s:2:"20";s:16:"param_weight_lbs";s:5:"44.09";s:10:"param_rest";s:2:"20";s:4:"dist";N;s:7:"dist_km";s:0:"";s:9:"dist_mile";s:0:"";s:3:"dur";N;s:8:"dur_hour";N;s:10:"dur_minute";N;s:5:"count";N;s:10:"count_hops";s:0:"";s:11:"count_steps";s:0:"";s:12:"count_asteps";s:0:"";s:10:"count_laps";s:0:"";}', NULL, '0000-00-00', 'Active', '2016-03-01 07:01:39'),
(69, 76, 1, '', '00:00:00', '', '1,3,5,7', '30', 40, 'Distance', 'a:17:{s:5:"param";N;s:10:"param_reps";s:0:"";s:10:"param_sets";s:0:"";s:12:"param_weight";s:0:"";s:16:"param_weight_lbs";s:0:"";s:10:"param_rest";s:0:"";s:4:"dist";N;s:7:"dist_km";s:1:"2";s:9:"dist_mile";s:4:"1.24";s:3:"dur";N;s:8:"dur_hour";N;s:10:"dur_minute";N;s:5:"count";N;s:10:"count_hops";s:0:"";s:11:"count_steps";s:0:"";s:12:"count_asteps";s:0:"";s:10:"count_laps";s:0:"";}', NULL, '0000-00-00', 'Active', '2016-03-01 07:01:39'),
(70, 77, 114, '', '00:00:00', '', '1,2,3,4,5,6,7', '30', 38, 'Repetitions', 'a:17:{s:5:"param";N;s:10:"param_reps";s:2:"20";s:10:"param_sets";s:1:"3";s:12:"param_weight";s:2:"20";s:16:"param_weight_lbs";s:5:"44.09";s:10:"param_rest";s:2:"20";s:4:"dist";N;s:7:"dist_km";s:0:"";s:9:"dist_mile";s:0:"";s:3:"dur";N;s:8:"dur_hour";N;s:10:"dur_minute";N;s:5:"count";N;s:10:"count_hops";s:0:"";s:11:"count_steps";s:0:"";s:12:"count_asteps";s:0:"";s:10:"count_laps";s:0:"";}', NULL, '0000-00-00', 'Active', '2016-03-05 13:00:55'),
(71, 77, 114, '', '00:00:00', '', '1,3,5,7', '30', 40, 'Distance', 'a:17:{s:5:"param";N;s:10:"param_reps";s:0:"";s:10:"param_sets";s:0:"";s:12:"param_weight";s:0:"";s:16:"param_weight_lbs";s:0:"";s:10:"param_rest";s:0:"";s:4:"dist";N;s:7:"dist_km";s:1:"2";s:9:"dist_mile";s:4:"1.24";s:3:"dur";N;s:8:"dur_hour";N;s:10:"dur_minute";N;s:5:"count";N;s:10:"count_hops";s:0:"";s:11:"count_steps";s:0:"";s:12:"count_asteps";s:0:"";s:10:"count_laps";s:0:"";}', NULL, '0000-00-00', 'Active', '2016-03-05 13:00:55'),
(72, 79, 115, '', '00:00:00', '', '1,2,3,4,5,6,7', '30', 38, 'Repetitions', 'a:17:{s:5:"param";N;s:10:"param_reps";s:2:"20";s:10:"param_sets";s:1:"3";s:12:"param_weight";s:2:"20";s:16:"param_weight_lbs";s:5:"44.09";s:10:"param_rest";s:2:"20";s:4:"dist";N;s:7:"dist_km";s:0:"";s:9:"dist_mile";s:0:"";s:3:"dur";N;s:8:"dur_hour";N;s:10:"dur_minute";N;s:5:"count";N;s:10:"count_hops";s:0:"";s:11:"count_steps";s:0:"";s:12:"count_asteps";s:0:"";s:10:"count_laps";s:0:"";}', NULL, '0000-00-00', 'Active', '2016-05-30 05:05:47'),
(73, 79, 115, '', '00:00:00', '', '1,3,5,7', '30', 40, 'Distance', 'a:17:{s:5:"param";N;s:10:"param_reps";s:0:"";s:10:"param_sets";s:0:"";s:12:"param_weight";s:0:"";s:16:"param_weight_lbs";s:0:"";s:10:"param_rest";s:0:"";s:4:"dist";N;s:7:"dist_km";s:1:"2";s:9:"dist_mile";s:4:"1.24";s:3:"dur";N;s:8:"dur_hour";N;s:10:"dur_minute";N;s:5:"count";N;s:10:"count_hops";s:0:"";s:11:"count_steps";s:0:"";s:12:"count_asteps";s:0:"";s:10:"count_laps";s:0:"";}', NULL, '0000-00-00', 'Active', '2016-05-30 05:05:47'),
(74, 80, 132, '', '00:00:00', '', '1,2,3,4,5,6,7', '30', 38, 'Repetitions', 'a:17:{s:5:"param";N;s:10:"param_reps";s:2:"20";s:10:"param_sets";s:1:"3";s:12:"param_weight";s:2:"20";s:16:"param_weight_lbs";s:5:"44.09";s:10:"param_rest";s:2:"20";s:4:"dist";N;s:7:"dist_km";s:0:"";s:9:"dist_mile";s:0:"";s:3:"dur";N;s:8:"dur_hour";N;s:10:"dur_minute";N;s:5:"count";N;s:10:"count_hops";s:0:"";s:11:"count_steps";s:0:"";s:12:"count_asteps";s:0:"";s:10:"count_laps";s:0:"";}', NULL, '0000-00-00', 'Active', '2016-07-11 09:53:26'),
(75, 80, 132, '', '00:00:00', '', '1,3,5,7', '30', 40, 'Distance', 'a:17:{s:5:"param";N;s:10:"param_reps";s:0:"";s:10:"param_sets";s:0:"";s:12:"param_weight";s:0:"";s:16:"param_weight_lbs";s:0:"";s:10:"param_rest";s:0:"";s:4:"dist";N;s:7:"dist_km";s:1:"2";s:9:"dist_mile";s:4:"1.24";s:3:"dur";N;s:8:"dur_hour";N;s:10:"dur_minute";N;s:5:"count";N;s:10:"count_hops";s:0:"";s:11:"count_steps";s:0:"";s:12:"count_asteps";s:0:"";s:10:"count_laps";s:0:"";}', NULL, '0000-00-00', 'Active', '2016-07-11 09:53:26'),
(76, 81, 130, '', '00:00:00', '', '1,2,3,4,5,6,7', '30', 38, 'Repetitions', 'a:17:{s:5:"param";N;s:10:"param_reps";s:2:"20";s:10:"param_sets";s:1:"3";s:12:"param_weight";s:2:"20";s:16:"param_weight_lbs";s:5:"44.09";s:10:"param_rest";s:2:"20";s:4:"dist";N;s:7:"dist_km";s:0:"";s:9:"dist_mile";s:0:"";s:3:"dur";N;s:8:"dur_hour";N;s:10:"dur_minute";N;s:5:"count";N;s:10:"count_hops";s:0:"";s:11:"count_steps";s:0:"";s:12:"count_asteps";s:0:"";s:10:"count_laps";s:0:"";}', NULL, '0000-00-00', 'Active', '2016-07-11 09:53:45'),
(77, 81, 130, '', '00:00:00', '', '1,3,5,7', '30', 40, 'Distance', 'a:17:{s:5:"param";N;s:10:"param_reps";s:0:"";s:10:"param_sets";s:0:"";s:12:"param_weight";s:0:"";s:16:"param_weight_lbs";s:0:"";s:10:"param_rest";s:0:"";s:4:"dist";N;s:7:"dist_km";s:1:"2";s:9:"dist_mile";s:4:"1.24";s:3:"dur";N;s:8:"dur_hour";N;s:10:"dur_minute";N;s:5:"count";N;s:10:"count_hops";s:0:"";s:11:"count_steps";s:0:"";s:12:"count_asteps";s:0:"";s:10:"count_laps";s:0:"";}', NULL, '0000-00-00', 'Active', '2016-07-11 09:53:45'),
(78, 82, 107, '', '00:00:00', '', '1,2,3,4,5,6,7', '30', 38, 'Repetitions', 'a:17:{s:5:"param";N;s:10:"param_reps";s:2:"20";s:10:"param_sets";s:1:"3";s:12:"param_weight";s:2:"20";s:16:"param_weight_lbs";s:5:"44.09";s:10:"param_rest";s:2:"20";s:4:"dist";N;s:7:"dist_km";s:0:"";s:9:"dist_mile";s:0:"";s:3:"dur";N;s:8:"dur_hour";N;s:10:"dur_minute";N;s:5:"count";N;s:10:"count_hops";s:0:"";s:11:"count_steps";s:0:"";s:12:"count_asteps";s:0:"";s:10:"count_laps";s:0:"";}', NULL, '0000-00-00', 'Active', '2016-08-16 06:17:55'),
(79, 82, 107, '', '00:00:00', '', '1,3,5,7', '30', 40, 'Distance', 'a:17:{s:5:"param";N;s:10:"param_reps";s:0:"";s:10:"param_sets";s:0:"";s:12:"param_weight";s:0:"";s:16:"param_weight_lbs";s:0:"";s:10:"param_rest";s:0:"";s:4:"dist";N;s:7:"dist_km";s:1:"2";s:9:"dist_mile";s:4:"1.24";s:3:"dur";N;s:8:"dur_hour";N;s:10:"dur_minute";N;s:5:"count";N;s:10:"count_hops";s:0:"";s:11:"count_steps";s:0:"";s:12:"count_asteps";s:0:"";s:10:"count_laps";s:0:"";}', NULL, '0000-00-00', 'Active', '2016-08-16 06:17:55'),
(80, 83, 107, '', '00:00:00', '', '1,2,3,4,5,6,7', '30', 38, 'Repetitions', 'a:17:{s:5:"param";N;s:10:"param_reps";s:2:"20";s:10:"param_sets";s:1:"3";s:12:"param_weight";s:2:"20";s:16:"param_weight_lbs";s:5:"44.09";s:10:"param_rest";s:2:"20";s:4:"dist";N;s:7:"dist_km";s:0:"";s:9:"dist_mile";s:0:"";s:3:"dur";N;s:8:"dur_hour";N;s:10:"dur_minute";N;s:5:"count";N;s:10:"count_hops";s:0:"";s:11:"count_steps";s:0:"";s:12:"count_asteps";s:0:"";s:10:"count_laps";s:0:"";}', NULL, '0000-00-00', 'Active', '2016-08-16 07:42:23'),
(81, 83, 107, '', '00:00:00', '', '1,3,5,7', '30', 40, 'Distance', 'a:17:{s:5:"param";N;s:10:"param_reps";s:0:"";s:10:"param_sets";s:0:"";s:12:"param_weight";s:0:"";s:16:"param_weight_lbs";s:0:"";s:10:"param_rest";s:0:"";s:4:"dist";N;s:7:"dist_km";s:1:"2";s:9:"dist_mile";s:4:"1.24";s:3:"dur";N;s:8:"dur_hour";N;s:10:"dur_minute";N;s:5:"count";N;s:10:"count_hops";s:0:"";s:11:"count_steps";s:0:"";s:12:"count_asteps";s:0:"";s:10:"count_laps";s:0:"";}', NULL, '0000-00-00', 'Active', '2016-08-16 07:42:23'),
(82, 84, 107, '', '00:00:00', '', '1,2,3,4,5,6,7', '30', 38, 'Repetitions', 'a:17:{s:5:"param";N;s:10:"param_reps";s:2:"20";s:10:"param_sets";s:1:"3";s:12:"param_weight";s:2:"20";s:16:"param_weight_lbs";s:5:"44.09";s:10:"param_rest";s:2:"20";s:4:"dist";N;s:7:"dist_km";s:0:"";s:9:"dist_mile";s:0:"";s:3:"dur";N;s:8:"dur_hour";N;s:10:"dur_minute";N;s:5:"count";N;s:10:"count_hops";s:0:"";s:11:"count_steps";s:0:"";s:12:"count_asteps";s:0:"";s:10:"count_laps";s:0:"";}', NULL, '0000-00-00', 'Active', '2016-08-16 08:17:45'),
(83, 84, 107, '', '00:00:00', '', '1,3,5,7', '30', 40, 'Distance', 'a:17:{s:5:"param";N;s:10:"param_reps";s:0:"";s:10:"param_sets";s:0:"";s:12:"param_weight";s:0:"";s:16:"param_weight_lbs";s:0:"";s:10:"param_rest";s:0:"";s:4:"dist";N;s:7:"dist_km";s:1:"2";s:9:"dist_mile";s:4:"1.24";s:3:"dur";N;s:8:"dur_hour";N;s:10:"dur_minute";N;s:5:"count";N;s:10:"count_hops";s:0:"";s:11:"count_steps";s:0:"";s:12:"count_asteps";s:0:"";s:10:"count_laps";s:0:"";}', NULL, '0000-00-00', 'Active', '2016-08-16 08:17:45'),
(84, 87, 130, '', '00:00:00', '', '1,2,3,4,5,6,7', '30', 38, 'Repetitions', 'a:17:{s:5:"param";N;s:10:"param_reps";s:2:"20";s:10:"param_sets";s:1:"3";s:12:"param_weight";s:2:"20";s:16:"param_weight_lbs";s:5:"44.09";s:10:"param_rest";s:2:"20";s:4:"dist";N;s:7:"dist_km";s:0:"";s:9:"dist_mile";s:0:"";s:3:"dur";N;s:8:"dur_hour";N;s:10:"dur_minute";N;s:5:"count";N;s:10:"count_hops";s:0:"";s:11:"count_steps";s:0:"";s:12:"count_asteps";s:0:"";s:10:"count_laps";s:0:"";}', NULL, '0000-00-00', 'Active', '2016-08-16 10:21:43'),
(102, 96, 130, '', '00:00:00', '', '1,2,3,4,5,6,7', '30', 38, 'Repetitions', 'a:17:{s:5:"param";N;s:10:"param_reps";s:2:"20";s:10:"param_sets";s:1:"3";s:12:"param_weight";s:2:"20";s:16:"param_weight_lbs";s:5:"44.09";s:10:"param_rest";s:2:"20";s:4:"dist";N;s:7:"dist_km";s:0:"";s:9:"dist_mile";s:0:"";s:3:"dur";N;s:8:"dur_hour";N;s:10:"dur_minute";N;s:5:"count";N;s:10:"count_hops";s:0:"";s:11:"count_steps";s:0:"";s:12:"count_asteps";s:0:"";s:10:"count_laps";s:0:"";}', NULL, '0000-00-00', 'Active', '2016-08-16 11:08:49'),
(103, 96, 130, '', '00:00:00', '', '1,3,5,7', '30', 40, 'Distance', 'a:17:{s:5:"param";N;s:10:"param_reps";s:0:"";s:10:"param_sets";s:0:"";s:12:"param_weight";s:0:"";s:16:"param_weight_lbs";s:0:"";s:10:"param_rest";s:0:"";s:4:"dist";N;s:7:"dist_km";s:1:"2";s:9:"dist_mile";s:4:"1.24";s:3:"dur";N;s:8:"dur_hour";N;s:10:"dur_minute";N;s:5:"count";N;s:10:"count_hops";s:0:"";s:11:"count_steps";s:0:"";s:12:"count_asteps";s:0:"";s:10:"count_laps";s:0:"";}', NULL, '0000-00-00', 'Active', '2016-08-16 11:08:49'),
(104, 97, 132, '', '00:00:00', '', '1,2,3,4,5,6,7', '30', 38, 'Repetitions', 'a:17:{s:5:"param";N;s:10:"param_reps";s:2:"20";s:10:"param_sets";s:1:"3";s:12:"param_weight";s:2:"20";s:16:"param_weight_lbs";s:5:"44.09";s:10:"param_rest";s:2:"20";s:4:"dist";N;s:7:"dist_km";s:0:"";s:9:"dist_mile";s:0:"";s:3:"dur";N;s:8:"dur_hour";N;s:10:"dur_minute";N;s:5:"count";N;s:10:"count_hops";s:0:"";s:11:"count_steps";s:0:"";s:12:"count_asteps";s:0:"";s:10:"count_laps";s:0:"";}', NULL, '0000-00-00', 'Active', '2016-09-05 06:21:53'),
(105, 97, 132, '', '00:00:00', '', '1,3,5,7', '30', 40, 'Distance', 'a:17:{s:5:"param";N;s:10:"param_reps";s:0:"";s:10:"param_sets";s:0:"";s:12:"param_weight";s:0:"";s:16:"param_weight_lbs";s:0:"";s:10:"param_rest";s:0:"";s:4:"dist";N;s:7:"dist_km";s:1:"2";s:9:"dist_mile";s:4:"1.24";s:3:"dur";N;s:8:"dur_hour";N;s:10:"dur_minute";N;s:5:"count";N;s:10:"count_hops";s:0:"";s:11:"count_steps";s:0:"";s:12:"count_asteps";s:0:"";s:10:"count_laps";s:0:"";}', NULL, '0000-00-00', 'Active', '2016-09-05 06:21:53'),
(106, 98, 1, '', '00:00:00', '', '1,2,3,4,5,6,7', '30', 38, 'Repetitions', 'a:17:{s:5:"param";N;s:10:"param_reps";s:2:"20";s:10:"param_sets";s:1:"3";s:12:"param_weight";s:2:"20";s:16:"param_weight_lbs";s:5:"44.09";s:10:"param_rest";s:2:"20";s:4:"dist";N;s:7:"dist_km";s:0:"";s:9:"dist_mile";s:0:"";s:3:"dur";N;s:8:"dur_hour";N;s:10:"dur_minute";N;s:5:"count";N;s:10:"count_hops";s:0:"";s:11:"count_steps";s:0:"";s:12:"count_asteps";s:0:"";s:10:"count_laps";s:0:"";}', NULL, '0000-00-00', 'Active', '2016-11-25 06:20:56'),
(107, 98, 1, '', '00:00:00', '', '1,3,5,7', '30', 40, 'Distance', 'a:17:{s:5:"param";N;s:10:"param_reps";s:0:"";s:10:"param_sets";s:0:"";s:12:"param_weight";s:0:"";s:16:"param_weight_lbs";s:0:"";s:10:"param_rest";s:0:"";s:4:"dist";N;s:7:"dist_km";s:1:"2";s:9:"dist_mile";s:4:"1.24";s:3:"dur";N;s:8:"dur_hour";N;s:10:"dur_minute";N;s:5:"count";N;s:10:"count_hops";s:0:"";s:11:"count_steps";s:0:"";s:12:"count_asteps";s:0:"";s:10:"count_laps";s:0:"";}', NULL, '0000-00-00', 'Active', '2016-11-25 06:20:56');

-- --------------------------------------------------------

--
